{"id":32395,"date":"2013-09-02T22:37:53","date_gmt":"2013-09-02T20:37:53","guid":{"rendered":"http:\/\/www.denkfried.de\/wp\/?page_id=32395"},"modified":"2015-12-30T22:28:35","modified_gmt":"2015-12-30T21:28:35","slug":"schoenefeld","status":"publish","type":"page","link":"http:\/\/www.denkfried.de\/wp\/?page_id=32395","title":{"rendered":"Sch\u00f6nefeld"},"content":{"rendered":"<p>&nbsp;<\/p>\n<p><strong>Sch\u00f6nefeld<\/strong> ist ein Ortsteil der Gemeinde Nuthe-Urstromtal<\/p>\n<p>Bericht und Bilder von Thomas\u00a0 <a href=\"http:\/\/g-bb.jimdo.com\/\">Gefallenendenkm\u00e4ler Berlin\/Brandenburg<\/a><\/p>\n<div id='gallery-1' class='gallery galleryid-32395 gallery-columns-4 gallery-size-thumbnail'><dl class='gallery-item'>\n\t\t\t<dt class='gallery-icon landscape'>\n\t\t\t\t<a href='http:\/\/www.denkfried.de\/wp\/?attachment_id=32399'><img loading=\"lazy\" decoding=\"async\" width=\"150\" height=\"150\" src=\"http:\/\/www.denkfried.de\/wp\/wp-content\/uploads\/2013\/09\/Sch\u00f6nefeld-Ehrenmal-denkmal-150x150.jpg\" class=\"attachment-thumbnail size-thumbnail\" alt=\"\" \/><\/a>\n\t\t\t<\/dt><\/dl><dl class='gallery-item'>\n\t\t\t<dt class='gallery-icon portrait'>\n\t\t\t\t<a href='http:\/\/www.denkfried.de\/wp\/?attachment_id=32400'><img loading=\"lazy\" decoding=\"async\" width=\"150\" height=\"150\" src=\"http:\/\/www.denkfried.de\/wp\/wp-content\/uploads\/2013\/09\/Sch\u00f6nefeld-Ehrenmal-denkmal-2-150x150.jpg\" class=\"attachment-thumbnail size-thumbnail\" alt=\"\" \/><\/a>\n\t\t\t<\/dt><\/dl><dl class='gallery-item'>\n\t\t\t<dt class='gallery-icon portrait'>\n\t\t\t\t<a href='http:\/\/www.denkfried.de\/wp\/?attachment_id=32402'><img loading=\"lazy\" decoding=\"async\" width=\"150\" height=\"150\" src=\"http:\/\/www.denkfried.de\/wp\/wp-content\/uploads\/2013\/09\/Sch\u00f6nefeld-Ehrenmal-denkmal-5-150x150.jpg\" class=\"attachment-thumbnail size-thumbnail\" alt=\"\" \/><\/a>\n\t\t\t<\/dt><\/dl><dl class='gallery-item'>\n\t\t\t<dt class='gallery-icon portrait'>\n\t\t\t\t<a href='http:\/\/www.denkfried.de\/wp\/?attachment_id=32401'><img loading=\"lazy\" decoding=\"async\" width=\"150\" height=\"150\" src=\"http:\/\/www.denkfried.de\/wp\/wp-content\/uploads\/2013\/09\/Sch\u00f6nefeld-Ehrenmal-denkmal-4-150x150.jpg\" class=\"attachment-thumbnail size-thumbnail\" alt=\"\" \/><\/a>\n\t\t\t<\/dt><\/dl><br style=\"clear: both\" \/>\n\t\t<\/div>\n\n<p>Denkmal an der Dorfkirche im Ortskern, eingeweiht f\u00fcr die Gefallenen des ersten Weltkrieges (4 Namen). Sp\u00e4ter mit einer Gedenktafel der im zweiten Weltkrieg gebliebenen erg\u00e4nzt (37 Namen). Auf dem Denkmal tr\u00f6hnt ein Adler, darunter ein Eisernes Kreuz und folgende Inschrift:<\/p>\n<address style=\"text-align: center;\"><em><strong>Die dankbare Gemeinde<\/strong><\/em><\/address>\n<address style=\"text-align: center;\"><em><strong>Sch\u00f6nefeld<\/strong><\/em><\/address>\n<address style=\"text-align: center;\">\u00a0<\/address>\n<address style=\"text-align: center;\"><em><strong>der im Weltkrieg<\/strong><\/em><\/address>\n<address style=\"text-align: center;\"><em><strong>gefallenen Helden<\/strong><\/em><\/address>\n<address style=\"text-align: center;\"><em><strong>zum Andenken<\/strong><\/em><\/address>\n<address style=\"text-align: center;\">\u00a0<\/address>\n<address style=\"text-align: center;\"><em><strong>Errichtet im Jahre 1921<\/strong><\/em><\/address>\n<p>seitlich:<\/p>\n<address style=\"text-align: center;\"><em><strong>Wer f\u00fcr\u00b4s Vaterland gefallen<\/strong><\/em><\/address>\n<address style=\"text-align: center;\"><em><strong>Lebt im Herzen seines Volkes fort<\/strong><\/em><\/address>\n<address style=\"text-align: center;\">\u00a0<\/address>\n<address style=\"text-align: center;\"><em><strong>Den Toten zur Ehre<\/strong><\/em><\/address>\n<address style=\"text-align: center;\"><em><strong>Den Lebenden zur Mahnung<\/strong><\/em><\/address>\n<address style=\"text-align: center;\">\u00a0<\/address>\n<p>Gedenktafel<\/p>\n<address style=\"text-align: center;\"><em><strong>Zum Gedenken der Opfer<\/strong><\/em><\/address>\n<address style=\"text-align: center;\"><em><strong>des Krieges 1939 &#8211; 1945<\/strong><\/em><\/address>\n<p>&nbsp;<\/p>\n<p>Die Namen wurden in die Datenabnken eingepflegt.<\/p>\n","protected":false},"excerpt":{"rendered":"<p>&nbsp; Sch\u00f6nefeld ist ein Ortsteil der Gemeinde Nuthe-Urstromtal Bericht und Bilder von Thomas\u00a0 Gefallenendenkm\u00e4ler Berlin\/Brandenburg Denkmal an der Dorfkirche im Ortskern, eingeweiht f\u00fcr die Gefallenen des ersten Weltkrieges (4 Namen). Sp\u00e4ter mit einer Gedenktafel der im zweiten Weltkrieg gebliebenen erg\u00e4nzt &hellip; <a href=\"http:\/\/www.denkfried.de\/wp\/?page_id=32395\">Weiterlesen <span class=\"meta-nav\">&rarr;<\/span><\/a><\/p>\n","protected":false},"author":9,"featured_media":0,"parent":24135,"menu_order":0,"comment_status":"closed","ping_status":"open","template":"","meta":{"footnotes":""},"class_list":["post-32395","page","type-page","status-publish","hentry"],"_links":{"self":[{"href":"http:\/\/www.denkfried.de\/wp\/index.php?rest_route=\/wp\/v2\/pages\/32395","targetHints":{"allow":["GET"]}}],"collection":[{"href":"http:\/\/www.denkfried.de\/wp\/index.php?rest_route=\/wp\/v2\/pages"}],"about":[{"href":"http:\/\/www.denkfried.de\/wp\/index.php?rest_route=\/wp\/v2\/types\/page"}],"author":[{"embeddable":true,"href":"http:\/\/www.denkfried.de\/wp\/index.php?rest_route=\/wp\/v2\/users\/9"}],"replies":[{"embeddable":true,"href":"http:\/\/www.denkfried.de\/wp\/index.php?rest_route=%2Fwp%2Fv2%2Fcomments&post=32395"}],"version-history":[{"count":9,"href":"http:\/\/www.denkfried.de\/wp\/index.php?rest_route=\/wp\/v2\/pages\/32395\/revisions"}],"predecessor-version":[{"id":40358,"href":"http:\/\/www.denkfried.de\/wp\/index.php?rest_route=\/wp\/v2\/pages\/32395\/revisions\/40358"}],"up":[{"embeddable":true,"href":"http:\/\/www.denkfried.de\/wp\/index.php?rest_route=\/wp\/v2\/pages\/24135"}],"wp:attachment":[{"href":"http:\/\/www.denkfried.de\/wp\/index.php?rest_route=%2Fwp%2Fv2%2Fmedia&parent=32395"}],"curies":[{"name":"wp","href":"https:\/\/api.w.org\/{rel}","templated":true}]}}

Schönefeld

<p>&nbsp;</p>
<p><strong>Schönefeld</strong> ist ein Ortsteil der Gemeinde Nuthe-Urstromtal</p>
<p>Bericht und Bilder von Thomas  <a href="http://g-bb.jimdo.com/">Gefallenendenkmäler Berlin/Brandenburg</a></p>
<div id='gallery-1' class='gallery galleryid-32395 gallery-columns-4 gallery-size-thumbnail'><dl class='gallery-item'>
			<dt class='gallery-icon landscape'>
				<a href='http://www.denkfried.de/wp/?attachment_id=32399'><img loading="lazy" decoding="async" width="150" height="150" src="http://www.denkfried.de/wp/wp-content/uploads/2013/09/Schönefeld-Ehrenmal-denkmal-150x150.jpg" class="attachment-thumbnail size-thumbnail" alt="" /></a>
			</dt></dl><dl class='gallery-item'>
			<dt class='gallery-icon portrait'>
				<a href='http://www.denkfried.de/wp/?attachment_id=32400'><img loading="lazy" decoding="async" width="150" height="150" src="http://www.denkfried.de/wp/wp-content/uploads/2013/09/Schönefeld-Ehrenmal-denkmal-2-150x150.jpg" class="attachment-thumbnail size-thumbnail" alt="" /></a>
			</dt></dl><dl class='gallery-item'>
			<dt class='gallery-icon portrait'>
				<a href='http://www.denkfried.de/wp/?attachment_id=32402'><img loading="lazy" decoding="async" width="150" height="150" src="http://www.denkfried.de/wp/wp-content/uploads/2013/09/Schönefeld-Ehrenmal-denkmal-5-150x150.jpg" class="attachment-thumbnail size-thumbnail" alt="" /></a>
			</dt></dl><dl class='gallery-item'>
			<dt class='gallery-icon portrait'>
				<a href='http://www.denkfried.de/wp/?attachment_id=32401'><img loading="lazy" decoding="async" width="150" height="150" src="http://www.denkfried.de/wp/wp-content/uploads/2013/09/Schönefeld-Ehrenmal-denkmal-4-150x150.jpg" class="attachment-thumbnail size-thumbnail" alt="" /></a>
			</dt></dl><br style="clear: both" />
		</div>

<p>Denkmal an der Dorfkirche im Ortskern, eingeweiht für die Gefallenen des ersten Weltkrieges (4 Namen). Später mit einer Gedenktafel der im zweiten Weltkrieg gebliebenen ergänzt (37 Namen). Auf dem Denkmal tröhnt ein Adler, darunter ein Eisernes Kreuz und folgende Inschrift:</p>
<address style="text-align: center;"><em><strong>Die dankbare Gemeinde</strong></em></address>
<address style="text-align: center;"><em><strong>Schönefeld</strong></em></address>
<address style="text-align: center;"> </address>
<address style="text-align: center;"><em><strong>der im Weltkrieg</strong></em></address>
<address style="text-align: center;"><em><strong>gefallenen Helden</strong></em></address>
<address style="text-align: center;"><em><strong>zum Andenken</strong></em></address>
<address style="text-align: center;"> </address>
<address style="text-align: center;"><em><strong>Errichtet im Jahre 1921</strong></em></address>
<p>seitlich:</p>
<address style="text-align: center;"><em><strong>Wer für´s Vaterland gefallen</strong></em></address>
<address style="text-align: center;"><em><strong>Lebt im Herzen seines Volkes fort</strong></em></address>
<address style="text-align: center;"> </address>
<address style="text-align: center;"><em><strong>Den Toten zur Ehre</strong></em></address>
<address style="text-align: center;"><em><strong>Den Lebenden zur Mahnung</strong></em></address>
<address style="text-align: center;"> </address>
<p>Gedenktafel</p>
<address style="text-align: center;"><em><strong>Zum Gedenken der Opfer</strong></em></address>
<address style="text-align: center;"><em><strong>des Krieges 1939 &#8211; 1945</strong></em></address>
<p>&nbsp;</p>
<p>Die Namen wurden in die Datenabnken eingepflegt.</p>

<p>&nbsp; Schönefeld ist ein Ortsteil der Gemeinde Nuthe-Urstromtal Bericht und Bilder von Thomas  Gefallenendenkmäler Berlin/Brandenburg Denkmal an der Dorfkirche im Ortskern, eingeweiht für die Gefallenen des ersten Weltkrieges (4 Namen). Später mit einer Gedenktafel der im zweiten Weltkrieg gebliebenen ergänzt &hellip; <a href="http://www.denkfried.de/wp/?page_id=32395">Weiterlesen <span class="meta-nav">&rarr;</span></a></p>
