{"id":31456,"date":"2013-07-15T21:47:18","date_gmt":"2013-07-15T19:47:18","guid":{"rendered":"http:\/\/www.denkfried.de\/wp\/?page_id=31456"},"modified":"2013-07-15T22:13:55","modified_gmt":"2013-07-15T20:13:55","slug":"zentralfriedhof-odf","status":"publish","type":"page","link":"http:\/\/www.denkfried.de\/wp\/?page_id=31456","title":{"rendered":"Zentralfriedhof OdF"},"content":{"rendered":"<p>&nbsp;<\/p>\n<p><strong>Berlin-Friedrichsfelde<\/strong> Zentralfriedhof auch &#8222;Sozialisten Friedhof&#8220; genannt.<\/p>\n<p>Ein Bild vom Denkmal VVN Angela M. Arnold 2009<\/p>\n<p>Ein Bild vom Bundesarchiv Revolutionsdenkmal 1926<\/p>\n<div id='gallery-1' class='gallery galleryid-31456 gallery-columns-3 gallery-size-thumbnail'><dl class='gallery-item'>\n\t\t\t<dt class='gallery-icon landscape'>\n\t\t\t\t<a href='http:\/\/www.denkfried.de\/wp\/?attachment_id=31469'><img loading=\"lazy\" decoding=\"async\" width=\"150\" height=\"150\" src=\"http:\/\/www.denkfried.de\/wp\/wp-content\/uploads\/2013\/07\/Bundesarchiv_Bild_183-H29710_Berlin-Friedrichsfelde_Revolutionsdenkmal-150x150.jpg\" class=\"attachment-thumbnail size-thumbnail\" alt=\"\" \/><\/a>\n\t\t\t<\/dt><\/dl><dl class='gallery-item'>\n\t\t\t<dt class='gallery-icon landscape'>\n\t\t\t\t<a href='http:\/\/www.denkfried.de\/wp\/?attachment_id=31466'><img loading=\"lazy\" decoding=\"async\" width=\"150\" height=\"150\" src=\"http:\/\/www.denkfried.de\/wp\/wp-content\/uploads\/2013\/07\/Revolutionsdenkmal-2-150x150.jpg\" class=\"attachment-thumbnail size-thumbnail\" alt=\"\" \/><\/a>\n\t\t\t<\/dt><\/dl><dl class='gallery-item'>\n\t\t\t<dt class='gallery-icon landscape'>\n\t\t\t\t<a href='http:\/\/www.denkfried.de\/wp\/?attachment_id=31464'><img loading=\"lazy\" decoding=\"async\" width=\"150\" height=\"150\" src=\"http:\/\/www.denkfried.de\/wp\/wp-content\/uploads\/2013\/07\/Revolutionsdenkmal-150x150.jpg\" class=\"attachment-thumbnail size-thumbnail\" alt=\"\" \/><\/a>\n\t\t\t<\/dt><\/dl><br style=\"clear: both\" \/><dl class='gallery-item'>\n\t\t\t<dt class='gallery-icon portrait'>\n\t\t\t\t<a href='http:\/\/www.denkfried.de\/wp\/?attachment_id=31465'><img loading=\"lazy\" decoding=\"async\" width=\"150\" height=\"150\" src=\"http:\/\/www.denkfried.de\/wp\/wp-content\/uploads\/2013\/07\/Revolutionsdenkmal-3-150x150.jpg\" class=\"attachment-thumbnail size-thumbnail\" alt=\"\" \/><\/a>\n\t\t\t<\/dt><\/dl><dl class='gallery-item'>\n\t\t\t<dt class='gallery-icon landscape'>\n\t\t\t\t<a href='http:\/\/www.denkfried.de\/wp\/?attachment_id=31467'><img loading=\"lazy\" decoding=\"async\" width=\"150\" height=\"150\" src=\"http:\/\/www.denkfried.de\/wp\/wp-content\/uploads\/2013\/07\/VdN-150x150.jpg\" class=\"attachment-thumbnail size-thumbnail\" alt=\"\" \/><\/a>\n\t\t\t<\/dt><\/dl><dl class='gallery-item'>\n\t\t\t<dt class='gallery-icon portrait'>\n\t\t\t\t<a href='http:\/\/www.denkfried.de\/wp\/?attachment_id=31471'><img loading=\"lazy\" decoding=\"async\" width=\"150\" height=\"150\" src=\"http:\/\/www.denkfried.de\/wp\/wp-content\/uploads\/2013\/07\/VVN-Graeberfeld_Friedrichsfelde-150x150.jpg\" class=\"attachment-thumbnail size-thumbnail\" alt=\"\" \/><\/a>\n\t\t\t<\/dt><\/dl><br style=\"clear: both\" \/>\n\t\t<\/div>\n\n<p>Bis 1933 fanden auf dem Friedhof beim <strong><i>Revolutionsdenkmal<\/i><\/strong> j\u00e4hrlich Aufm\u00e4rsche und Gedenkfeiern zu Ehren von Lenin, Liebknecht und Luxemburg (sogenannte \u201aLLL-Wochen\u2018) statt. Im Februar 1933 wurde das Denkmal durch Nationalsozialisten schwer besch\u00e4digt, Anfang des Jahres 1935 schlie\u00dflich bis auf das Fundament abtragen und die umliegenden Gr\u00e4ber eingeebnet. Nach dem Ende des Zweiten Weltkriegs wurde die zerst\u00f6rte Anlage nicht wiederhergestellt.<\/p>\n<h3>Gr\u00e4beranlage f\u00fcr die Opfer und Verfolgten des Naziregimes<\/h3>\n<p>Auf einen Beschluss des Magistrats von Berlin im Jahr 1975 wurden auf f\u00fcnf Ost-Berliner Friedh\u00f6fen Ehrenhaine f\u00fcr <i>Verfolgte des Naziregimes, Revolution\u00e4re und verdiente Pers\u00f6nlichkeiten<\/i> eingerichtet. Damit sollte den \u00dcberlebenden des Widerstands gegen den Nationalsozialismus eine w\u00fcrdige Begr\u00e4bnisst\u00e4tte geschaffen werden. Die Gr\u00e4beranlage auf dem Zentralfriedhof (VdN-Ehrenhain) wurde auf dem 1947 hinzugekauften Areal eingerichtet und am 29.\u00a0Januar 1978 eingeweiht. Die Form der Grabsteine \u2013 Stelen oder Platten \u2013, ihr Granit-Material und die Beschr\u00e4nkung auf das Geburts- und Sterbejahr der Toten waren festgelegt. Mit dieser Urnenanlage ist der Zentralfriedhof Friedrichsfelde zur gr\u00f6\u00dften Berliner Begr\u00e4bnisst\u00e4tte von Verfolgten und Widerstandsk\u00e4mpfern geworden. Den Beginn der Gr\u00e4beranlage markiert eine aus Ziegeln gemauerte Stele, die den roten Winkel der politischen KZ-H\u00e4ftlinge tr\u00e4gt.<\/p>\n<p>Text von Wikipedia<\/p>\n","protected":false},"excerpt":{"rendered":"<p>&nbsp; Berlin-Friedrichsfelde Zentralfriedhof auch &#8222;Sozialisten Friedhof&#8220; genannt. Ein Bild vom Denkmal VVN Angela M. Arnold 2009 Ein Bild vom Bundesarchiv Revolutionsdenkmal 1926 Bis 1933 fanden auf dem Friedhof beim Revolutionsdenkmal j\u00e4hrlich Aufm\u00e4rsche und Gedenkfeiern zu Ehren von Lenin, Liebknecht und &hellip; <a href=\"http:\/\/www.denkfried.de\/wp\/?page_id=31456\">Weiterlesen <span class=\"meta-nav\">&rarr;<\/span><\/a><\/p>\n","protected":false},"author":9,"featured_media":0,"parent":26909,"menu_order":0,"comment_status":"closed","ping_status":"open","template":"","meta":{"footnotes":""},"class_list":["post-31456","page","type-page","status-publish","hentry"],"_links":{"self":[{"href":"http:\/\/www.denkfried.de\/wp\/index.php?rest_route=\/wp\/v2\/pages\/31456","targetHints":{"allow":["GET"]}}],"collection":[{"href":"http:\/\/www.denkfried.de\/wp\/index.php?rest_route=\/wp\/v2\/pages"}],"about":[{"href":"http:\/\/www.denkfried.de\/wp\/index.php?rest_route=\/wp\/v2\/types\/page"}],"author":[{"embeddable":true,"href":"http:\/\/www.denkfried.de\/wp\/index.php?rest_route=\/wp\/v2\/users\/9"}],"replies":[{"embeddable":true,"href":"http:\/\/www.denkfried.de\/wp\/index.php?rest_route=%2Fwp%2Fv2%2Fcomments&post=31456"}],"version-history":[{"count":10,"href":"http:\/\/www.denkfried.de\/wp\/index.php?rest_route=\/wp\/v2\/pages\/31456\/revisions"}],"predecessor-version":[{"id":31460,"href":"http:\/\/www.denkfried.de\/wp\/index.php?rest_route=\/wp\/v2\/pages\/31456\/revisions\/31460"}],"up":[{"embeddable":true,"href":"http:\/\/www.denkfried.de\/wp\/index.php?rest_route=\/wp\/v2\/pages\/26909"}],"wp:attachment":[{"href":"http:\/\/www.denkfried.de\/wp\/index.php?rest_route=%2Fwp%2Fv2%2Fmedia&parent=31456"}],"curies":[{"name":"wp","href":"https:\/\/api.w.org\/{rel}","templated":true}]}}

<p>&nbsp;</p>
<p><strong>Berlin-Friedrichsfelde</strong> Zentralfriedhof auch &#8222;Sozialisten Friedhof&#8220; genannt.</p>
<p>Ein Bild vom Denkmal VVN Angela M. Arnold 2009</p>
<p>Ein Bild vom Bundesarchiv Revolutionsdenkmal 1926</p>
<div id='gallery-1' class='gallery galleryid-31456 gallery-columns-3 gallery-size-thumbnail'><dl class='gallery-item'>
			<dt class='gallery-icon landscape'>
				<a href='http://www.denkfried.de/wp/?attachment_id=31469'><img loading="lazy" decoding="async" width="150" height="150" src="http://www.denkfried.de/wp/wp-content/uploads/2013/07/Bundesarchiv_Bild_183-H29710_Berlin-Friedrichsfelde_Revolutionsdenkmal-150x150.jpg" class="attachment-thumbnail size-thumbnail" alt="" /></a>
			</dt></dl><dl class='gallery-item'>
			<dt class='gallery-icon landscape'>
				<a href='http://www.denkfried.de/wp/?attachment_id=31466'><img loading="lazy" decoding="async" width="150" height="150" src="http://www.denkfried.de/wp/wp-content/uploads/2013/07/Revolutionsdenkmal-2-150x150.jpg" class="attachment-thumbnail size-thumbnail" alt="" /></a>
			</dt></dl><dl class='gallery-item'>
			<dt class='gallery-icon landscape'>
				<a href='http://www.denkfried.de/wp/?attachment_id=31464'><img loading="lazy" decoding="async" width="150" height="150" src="http://www.denkfried.de/wp/wp-content/uploads/2013/07/Revolutionsdenkmal-150x150.jpg" class="attachment-thumbnail size-thumbnail" alt="" /></a>
			</dt></dl><br style="clear: both" /><dl class='gallery-item'>
			<dt class='gallery-icon portrait'>
				<a href='http://www.denkfried.de/wp/?attachment_id=31465'><img loading="lazy" decoding="async" width="150" height="150" src="http://www.denkfried.de/wp/wp-content/uploads/2013/07/Revolutionsdenkmal-3-150x150.jpg" class="attachment-thumbnail size-thumbnail" alt="" /></a>
			</dt></dl><dl class='gallery-item'>
			<dt class='gallery-icon landscape'>
				<a href='http://www.denkfried.de/wp/?attachment_id=31467'><img loading="lazy" decoding="async" width="150" height="150" src="http://www.denkfried.de/wp/wp-content/uploads/2013/07/VdN-150x150.jpg" class="attachment-thumbnail size-thumbnail" alt="" /></a>
			</dt></dl><dl class='gallery-item'>
			<dt class='gallery-icon portrait'>
				<a href='http://www.denkfried.de/wp/?attachment_id=31471'><img loading="lazy" decoding="async" width="150" height="150" src="http://www.denkfried.de/wp/wp-content/uploads/2013/07/VVN-Graeberfeld_Friedrichsfelde-150x150.jpg" class="attachment-thumbnail size-thumbnail" alt="" /></a>
			</dt></dl><br style="clear: both" />
		</div>

<p>Bis 1933 fanden auf dem Friedhof beim <strong><i>Revolutionsdenkmal</i></strong> jährlich Aufmärsche und Gedenkfeiern zu Ehren von Lenin, Liebknecht und Luxemburg (sogenannte ‚LLL-Wochen‘) statt. Im Februar 1933 wurde das Denkmal durch Nationalsozialisten schwer beschädigt, Anfang des Jahres 1935 schließlich bis auf das Fundament abtragen und die umliegenden Gräber eingeebnet. Nach dem Ende des Zweiten Weltkriegs wurde die zerstörte Anlage nicht wiederhergestellt.</p>
<h3>Gräberanlage für die Opfer und Verfolgten des Naziregimes</h3>
<p>Auf einen Beschluss des Magistrats von Berlin im Jahr 1975 wurden auf fünf Ost-Berliner Friedhöfen Ehrenhaine für <i>Verfolgte des Naziregimes, Revolutionäre und verdiente Persönlichkeiten</i> eingerichtet. Damit sollte den Überlebenden des Widerstands gegen den Nationalsozialismus eine würdige Begräbnisstätte geschaffen werden. Die Gräberanlage auf dem Zentralfriedhof (VdN-Ehrenhain) wurde auf dem 1947 hinzugekauften Areal eingerichtet und am 29. Januar 1978 eingeweiht. Die Form der Grabsteine – Stelen oder Platten –, ihr Granit-Material und die Beschränkung auf das Geburts- und Sterbejahr der Toten waren festgelegt. Mit dieser Urnenanlage ist der Zentralfriedhof Friedrichsfelde zur größten Berliner Begräbnisstätte von Verfolgten und Widerstandskämpfern geworden. Den Beginn der Gräberanlage markiert eine aus Ziegeln gemauerte Stele, die den roten Winkel der politischen KZ-Häftlinge trägt.</p>
<p>Text von Wikipedia</p>

<p>&nbsp; Berlin-Friedrichsfelde Zentralfriedhof auch &#8222;Sozialisten Friedhof&#8220; genannt. Ein Bild vom Denkmal VVN Angela M. Arnold 2009 Ein Bild vom Bundesarchiv Revolutionsdenkmal 1926 Bis 1933 fanden auf dem Friedhof beim Revolutionsdenkmal jährlich Aufmärsche und Gedenkfeiern zu Ehren von Lenin, Liebknecht und &hellip; <a href="http://www.denkfried.de/wp/?page_id=31456">Weiterlesen <span class="meta-nav">&rarr;</span></a></p>
