{"id":30651,"date":"2013-05-29T19:44:19","date_gmt":"2013-05-29T17:44:19","guid":{"rendered":"http:\/\/www.denkfried.de\/wp\/?page_id=30651"},"modified":"2013-05-29T19:44:19","modified_gmt":"2013-05-29T17:44:19","slug":"wernau-steinbach","status":"publish","type":"page","link":"http:\/\/www.denkfried.de\/wp\/?page_id=30651","title":{"rendered":"Wernau (Steinbach)"},"content":{"rendered":"<p><span style=\"text-decoration: underline;\"><strong>73249 Wernau (Steinbach)<\/strong><\/span><\/p>\n<p>Wernau entstand 1938 aus den Orten Pfauhausen und Steinbach. Am 1.April 1968 erhielt Wernau das Stadtrecht.<\/p>\n<p>Nach Ende des Zweiten Weltkrieges kamen hier viele Fl\u00fcchtlinge in den Ort. Die meisten stammten aus Ungarn.<\/p>\n<p>Die Gedenktafel tr\u00e4gt die Fotos und Namen der im 1.Weltkrieg gebliebenen B\u00fcrger des ehem.Ortes Steinbach.<\/p>\n<p>Die Tafel wurde bei einem Auktionshaus entdeckt und der Anbieter war so nett und hat uns die Fotos zur Verf\u00fcgung gestellt.<\/p>\n<p>Es ist schon merkw\u00fcrdig wie solche historischen und einmaligen Relikte in Auktionsh\u00e4usern verh\u00f6ckert werden.\u00a0 Leider ist das kein Einzelfall.<\/p>\n<div id='gallery-1' class='gallery galleryid-30651 gallery-columns-3 gallery-size-thumbnail'><dl class='gallery-item'>\n\t\t\t<dt class='gallery-icon landscape'>\n\t\t\t\t<a href='http:\/\/www.denkfried.de\/wp\/?attachment_id=30653'><img loading=\"lazy\" decoding=\"async\" width=\"150\" height=\"150\" src=\"http:\/\/www.denkfried.de\/wp\/wp-content\/uploads\/2013\/05\/IMGP0901-150x150.jpg\" class=\"attachment-thumbnail size-thumbnail\" alt=\"\" \/><\/a>\n\t\t\t<\/dt><\/dl><dl class='gallery-item'>\n\t\t\t<dt class='gallery-icon portrait'>\n\t\t\t\t<a href='http:\/\/www.denkfried.de\/wp\/?attachment_id=30655'><img loading=\"lazy\" decoding=\"async\" width=\"150\" height=\"150\" src=\"http:\/\/www.denkfried.de\/wp\/wp-content\/uploads\/2013\/05\/IMGP0900-150x150.jpg\" class=\"attachment-thumbnail size-thumbnail\" alt=\"\" \/><\/a>\n\t\t\t<\/dt><\/dl><dl class='gallery-item'>\n\t\t\t<dt class='gallery-icon landscape'>\n\t\t\t\t<a href='http:\/\/www.denkfried.de\/wp\/?attachment_id=30654'><img loading=\"lazy\" decoding=\"async\" width=\"150\" height=\"150\" src=\"http:\/\/www.denkfried.de\/wp\/wp-content\/uploads\/2013\/05\/IMGP0902-150x150.jpg\" class=\"attachment-thumbnail size-thumbnail\" alt=\"\" \/><\/a>\n\t\t\t<\/dt><\/dl><br style=\"clear: both\" \/>\n\t\t<\/div>\n\n","protected":false},"excerpt":{"rendered":"<p>73249 Wernau (Steinbach) Wernau entstand 1938 aus den Orten Pfauhausen und Steinbach. Am 1.April 1968 erhielt Wernau das Stadtrecht. Nach Ende des Zweiten Weltkrieges kamen hier viele Fl\u00fcchtlinge in den Ort. Die meisten stammten aus Ungarn. Die Gedenktafel tr\u00e4gt die &hellip; <a href=\"http:\/\/www.denkfried.de\/wp\/?page_id=30651\">Weiterlesen <span class=\"meta-nav\">&rarr;<\/span><\/a><\/p>\n","protected":false},"author":2,"featured_media":0,"parent":2964,"menu_order":0,"comment_status":"closed","ping_status":"open","template":"","meta":{"footnotes":""},"class_list":["post-30651","page","type-page","status-publish","hentry"],"_links":{"self":[{"href":"http:\/\/www.denkfried.de\/wp\/index.php?rest_route=\/wp\/v2\/pages\/30651","targetHints":{"allow":["GET"]}}],"collection":[{"href":"http:\/\/www.denkfried.de\/wp\/index.php?rest_route=\/wp\/v2\/pages"}],"about":[{"href":"http:\/\/www.denkfried.de\/wp\/index.php?rest_route=\/wp\/v2\/types\/page"}],"author":[{"embeddable":true,"href":"http:\/\/www.denkfried.de\/wp\/index.php?rest_route=\/wp\/v2\/users\/2"}],"replies":[{"embeddable":true,"href":"http:\/\/www.denkfried.de\/wp\/index.php?rest_route=%2Fwp%2Fv2%2Fcomments&post=30651"}],"version-history":[{"count":3,"href":"http:\/\/www.denkfried.de\/wp\/index.php?rest_route=\/wp\/v2\/pages\/30651\/revisions"}],"predecessor-version":[{"id":30657,"href":"http:\/\/www.denkfried.de\/wp\/index.php?rest_route=\/wp\/v2\/pages\/30651\/revisions\/30657"}],"up":[{"embeddable":true,"href":"http:\/\/www.denkfried.de\/wp\/index.php?rest_route=\/wp\/v2\/pages\/2964"}],"wp:attachment":[{"href":"http:\/\/www.denkfried.de\/wp\/index.php?rest_route=%2Fwp%2Fv2%2Fmedia&parent=30651"}],"curies":[{"name":"wp","href":"https:\/\/api.w.org\/{rel}","templated":true}]}}

<p><span style="text-decoration: underline;"><strong>73249 Wernau (Steinbach)</strong></span></p>
<p>Wernau entstand 1938 aus den Orten Pfauhausen und Steinbach. Am 1.April 1968 erhielt Wernau das Stadtrecht.</p>
<p>Nach Ende des Zweiten Weltkrieges kamen hier viele Flüchtlinge in den Ort. Die meisten stammten aus Ungarn.</p>
<p>Die Gedenktafel trägt die Fotos und Namen der im 1.Weltkrieg gebliebenen Bürger des ehem.Ortes Steinbach.</p>
<p>Die Tafel wurde bei einem Auktionshaus entdeckt und der Anbieter war so nett und hat uns die Fotos zur Verfügung gestellt.</p>
<p>Es ist schon merkwürdig wie solche historischen und einmaligen Relikte in Auktionshäusern verhöckert werden.  Leider ist das kein Einzelfall.</p>
<div id='gallery-1' class='gallery galleryid-30651 gallery-columns-3 gallery-size-thumbnail'><dl class='gallery-item'>
			<dt class='gallery-icon landscape'>
				<a href='http://www.denkfried.de/wp/?attachment_id=30653'><img loading="lazy" decoding="async" width="150" height="150" src="http://www.denkfried.de/wp/wp-content/uploads/2013/05/IMGP0901-150x150.jpg" class="attachment-thumbnail size-thumbnail" alt="" /></a>
			</dt></dl><dl class='gallery-item'>
			<dt class='gallery-icon portrait'>
				<a href='http://www.denkfried.de/wp/?attachment_id=30655'><img loading="lazy" decoding="async" width="150" height="150" src="http://www.denkfried.de/wp/wp-content/uploads/2013/05/IMGP0900-150x150.jpg" class="attachment-thumbnail size-thumbnail" alt="" /></a>
			</dt></dl><dl class='gallery-item'>
			<dt class='gallery-icon landscape'>
				<a href='http://www.denkfried.de/wp/?attachment_id=30654'><img loading="lazy" decoding="async" width="150" height="150" src="http://www.denkfried.de/wp/wp-content/uploads/2013/05/IMGP0902-150x150.jpg" class="attachment-thumbnail size-thumbnail" alt="" /></a>
			</dt></dl><br style="clear: both" />
		</div>

<p>73249 Wernau (Steinbach) Wernau entstand 1938 aus den Orten Pfauhausen und Steinbach. Am 1.April 1968 erhielt Wernau das Stadtrecht. Nach Ende des Zweiten Weltkrieges kamen hier viele Flüchtlinge in den Ort. Die meisten stammten aus Ungarn. Die Gedenktafel trägt die &hellip; <a href="http://www.denkfried.de/wp/?page_id=30651">Weiterlesen <span class="meta-nav">&rarr;</span></a></p>
