{"id":30514,"date":"2013-05-23T22:14:49","date_gmt":"2013-05-23T20:14:49","guid":{"rendered":"http:\/\/www.denkfried.de\/wp\/?page_id=30514"},"modified":"2013-05-24T20:50:22","modified_gmt":"2013-05-24T18:50:22","slug":"wriezen","status":"publish","type":"page","link":"http:\/\/www.denkfried.de\/wp\/?page_id=30514","title":{"rendered":"Wriezen"},"content":{"rendered":"<p><span style=\"text-decoration: underline;\"><strong>16269 Wriezen<\/strong><\/span><\/p>\n<p>Die Stadt liegt am westlichen Oderbruch.<\/p>\n<p>Die Stadt wurde im Zeiten Weltkrieg sehr stark zerst\u00f6rt. Das Stadtratsmitglied Fritz Dornbusch und 2 weitere M\u00e4nner wollten die Stadt kampflos an die Rote Armee \u00fcbergeben. Jedoch wurden sie von der SS gefasst und am 18.April 1945 durch Kopfschuss hingerichtet. Ein Gedenkstein, der im Ortsteil Haselberg an die Tat erinnert wurde nach 1990 entfernt.<\/p>\n<p>Die Fotos stellte uns Georg Didlof zur Verf\u00fcgung.<\/p>\n<div id='gallery-1' class='gallery galleryid-30514 gallery-columns-3 gallery-size-thumbnail'><dl class='gallery-item'>\n\t\t\t<dt class='gallery-icon landscape'>\n\t\t\t\t<a href='http:\/\/www.denkfried.de\/wp\/?attachment_id=30522'><img loading=\"lazy\" decoding=\"async\" width=\"150\" height=\"150\" src=\"http:\/\/www.denkfried.de\/wp\/wp-content\/uploads\/2013\/05\/IMG_0911-150x150.jpg\" class=\"attachment-thumbnail size-thumbnail\" alt=\"\" \/><\/a>\n\t\t\t<\/dt><\/dl><dl class='gallery-item'>\n\t\t\t<dt class='gallery-icon portrait'>\n\t\t\t\t<a href='http:\/\/www.denkfried.de\/wp\/?attachment_id=30523'><img loading=\"lazy\" decoding=\"async\" width=\"150\" height=\"150\" src=\"http:\/\/www.denkfried.de\/wp\/wp-content\/uploads\/2013\/05\/IMG_0925-150x150.jpg\" class=\"attachment-thumbnail size-thumbnail\" alt=\"\" \/><\/a>\n\t\t\t<\/dt><\/dl><dl class='gallery-item'>\n\t\t\t<dt class='gallery-icon landscape'>\n\t\t\t\t<a href='http:\/\/www.denkfried.de\/wp\/?attachment_id=30519'><img loading=\"lazy\" decoding=\"async\" width=\"150\" height=\"150\" src=\"http:\/\/www.denkfried.de\/wp\/wp-content\/uploads\/2013\/05\/xxIMG_0915-150x150.jpg\" class=\"attachment-thumbnail size-thumbnail\" alt=\"\" \/><\/a>\n\t\t\t<\/dt><\/dl><br style=\"clear: both\" \/><dl class='gallery-item'>\n\t\t\t<dt class='gallery-icon landscape'>\n\t\t\t\t<a href='http:\/\/www.denkfried.de\/wp\/?attachment_id=30520'><img loading=\"lazy\" decoding=\"async\" width=\"150\" height=\"150\" src=\"http:\/\/www.denkfried.de\/wp\/wp-content\/uploads\/2013\/05\/xxIMG_0921-150x150.jpg\" class=\"attachment-thumbnail size-thumbnail\" alt=\"\" \/><\/a>\n\t\t\t<\/dt><\/dl><dl class='gallery-item'>\n\t\t\t<dt class='gallery-icon landscape'>\n\t\t\t\t<a href='http:\/\/www.denkfried.de\/wp\/?attachment_id=30521'><img loading=\"lazy\" decoding=\"async\" width=\"150\" height=\"150\" src=\"http:\/\/www.denkfried.de\/wp\/wp-content\/uploads\/2013\/05\/xxIMG_0914-150x150.jpg\" class=\"attachment-thumbnail size-thumbnail\" alt=\"\" \/><\/a>\n\t\t\t<\/dt><\/dl><dl class='gallery-item'>\n\t\t\t<dt class='gallery-icon landscape'>\n\t\t\t\t<a href='http:\/\/www.denkfried.de\/wp\/?attachment_id=30524'><img loading=\"lazy\" decoding=\"async\" width=\"150\" height=\"150\" src=\"http:\/\/www.denkfried.de\/wp\/wp-content\/uploads\/2013\/05\/xxIMG_0912-150x150.jpg\" class=\"attachment-thumbnail size-thumbnail\" alt=\"\" \/><\/a>\n\t\t\t<\/dt><\/dl><br style=\"clear: both\" \/>\n\t\t<\/div>\n\n<p>&nbsp;<\/p>\n","protected":false},"excerpt":{"rendered":"<p>16269 Wriezen Die Stadt liegt am westlichen Oderbruch. Die Stadt wurde im Zeiten Weltkrieg sehr stark zerst\u00f6rt. Das Stadtratsmitglied Fritz Dornbusch und 2 weitere M\u00e4nner wollten die Stadt kampflos an die Rote Armee \u00fcbergeben. Jedoch wurden sie von der SS &hellip; <a href=\"http:\/\/www.denkfried.de\/wp\/?page_id=30514\">Weiterlesen <span class=\"meta-nav\">&rarr;<\/span><\/a><\/p>\n","protected":false},"author":2,"featured_media":0,"parent":5213,"menu_order":0,"comment_status":"closed","ping_status":"open","template":"","meta":{"footnotes":""},"class_list":["post-30514","page","type-page","status-publish","hentry"],"_links":{"self":[{"href":"http:\/\/www.denkfried.de\/wp\/index.php?rest_route=\/wp\/v2\/pages\/30514","targetHints":{"allow":["GET"]}}],"collection":[{"href":"http:\/\/www.denkfried.de\/wp\/index.php?rest_route=\/wp\/v2\/pages"}],"about":[{"href":"http:\/\/www.denkfried.de\/wp\/index.php?rest_route=\/wp\/v2\/types\/page"}],"author":[{"embeddable":true,"href":"http:\/\/www.denkfried.de\/wp\/index.php?rest_route=\/wp\/v2\/users\/2"}],"replies":[{"embeddable":true,"href":"http:\/\/www.denkfried.de\/wp\/index.php?rest_route=%2Fwp%2Fv2%2Fcomments&post=30514"}],"version-history":[{"count":5,"href":"http:\/\/www.denkfried.de\/wp\/index.php?rest_route=\/wp\/v2\/pages\/30514\/revisions"}],"predecessor-version":[{"id":30517,"href":"http:\/\/www.denkfried.de\/wp\/index.php?rest_route=\/wp\/v2\/pages\/30514\/revisions\/30517"}],"up":[{"embeddable":true,"href":"http:\/\/www.denkfried.de\/wp\/index.php?rest_route=\/wp\/v2\/pages\/5213"}],"wp:attachment":[{"href":"http:\/\/www.denkfried.de\/wp\/index.php?rest_route=%2Fwp%2Fv2%2Fmedia&parent=30514"}],"curies":[{"name":"wp","href":"https:\/\/api.w.org\/{rel}","templated":true}]}}

<p><span style="text-decoration: underline;"><strong>16269 Wriezen</strong></span></p>
<p>Die Stadt liegt am westlichen Oderbruch.</p>
<p>Die Stadt wurde im Zeiten Weltkrieg sehr stark zerstört. Das Stadtratsmitglied Fritz Dornbusch und 2 weitere Männer wollten die Stadt kampflos an die Rote Armee übergeben. Jedoch wurden sie von der SS gefasst und am 18.April 1945 durch Kopfschuss hingerichtet. Ein Gedenkstein, der im Ortsteil Haselberg an die Tat erinnert wurde nach 1990 entfernt.</p>
<p>Die Fotos stellte uns Georg Didlof zur Verfügung.</p>
<div id='gallery-1' class='gallery galleryid-30514 gallery-columns-3 gallery-size-thumbnail'><dl class='gallery-item'>
			<dt class='gallery-icon landscape'>
				<a href='http://www.denkfried.de/wp/?attachment_id=30522'><img loading="lazy" decoding="async" width="150" height="150" src="http://www.denkfried.de/wp/wp-content/uploads/2013/05/IMG_0911-150x150.jpg" class="attachment-thumbnail size-thumbnail" alt="" /></a>
			</dt></dl><dl class='gallery-item'>
			<dt class='gallery-icon portrait'>
				<a href='http://www.denkfried.de/wp/?attachment_id=30523'><img loading="lazy" decoding="async" width="150" height="150" src="http://www.denkfried.de/wp/wp-content/uploads/2013/05/IMG_0925-150x150.jpg" class="attachment-thumbnail size-thumbnail" alt="" /></a>
			</dt></dl><dl class='gallery-item'>
			<dt class='gallery-icon landscape'>
				<a href='http://www.denkfried.de/wp/?attachment_id=30519'><img loading="lazy" decoding="async" width="150" height="150" src="http://www.denkfried.de/wp/wp-content/uploads/2013/05/xxIMG_0915-150x150.jpg" class="attachment-thumbnail size-thumbnail" alt="" /></a>
			</dt></dl><br style="clear: both" /><dl class='gallery-item'>
			<dt class='gallery-icon landscape'>
				<a href='http://www.denkfried.de/wp/?attachment_id=30520'><img loading="lazy" decoding="async" width="150" height="150" src="http://www.denkfried.de/wp/wp-content/uploads/2013/05/xxIMG_0921-150x150.jpg" class="attachment-thumbnail size-thumbnail" alt="" /></a>
			</dt></dl><dl class='gallery-item'>
			<dt class='gallery-icon landscape'>
				<a href='http://www.denkfried.de/wp/?attachment_id=30521'><img loading="lazy" decoding="async" width="150" height="150" src="http://www.denkfried.de/wp/wp-content/uploads/2013/05/xxIMG_0914-150x150.jpg" class="attachment-thumbnail size-thumbnail" alt="" /></a>
			</dt></dl><dl class='gallery-item'>
			<dt class='gallery-icon landscape'>
				<a href='http://www.denkfried.de/wp/?attachment_id=30524'><img loading="lazy" decoding="async" width="150" height="150" src="http://www.denkfried.de/wp/wp-content/uploads/2013/05/xxIMG_0912-150x150.jpg" class="attachment-thumbnail size-thumbnail" alt="" /></a>
			</dt></dl><br style="clear: both" />
		</div>

<p>&nbsp;</p>

<p>16269 Wriezen Die Stadt liegt am westlichen Oderbruch. Die Stadt wurde im Zeiten Weltkrieg sehr stark zerstört. Das Stadtratsmitglied Fritz Dornbusch und 2 weitere Männer wollten die Stadt kampflos an die Rote Armee übergeben. Jedoch wurden sie von der SS &hellip; <a href="http://www.denkfried.de/wp/?page_id=30514">Weiterlesen <span class="meta-nav">&rarr;</span></a></p>
