{"id":30256,"date":"2013-04-27T14:45:13","date_gmt":"2013-04-27T12:45:13","guid":{"rendered":"http:\/\/www.denkfried.de\/wp\/?page_id=30256"},"modified":"2013-04-27T15:14:20","modified_gmt":"2013-04-27T13:14:20","slug":"wullenahaus","status":"publish","type":"page","link":"http:\/\/www.denkfried.de\/wp\/?page_id=30256","title":{"rendered":"W\u00fcllen\/Ahaus"},"content":{"rendered":"<p>&nbsp;<\/p>\n<p><strong>48683 W\u00fcllen<\/strong> ist ein Ortsteil der Stadt Ahaus<\/p>\n<p>Beitrag von Thomas <a href=\"http:\/\/potsdamer-ehrenmale.de.tl\/Hauptseite.htm\">Potsdamer-Ehrenmale.de<\/a><\/p>\n<ul>\n<li><a href=\"http:\/\/www.denkfried.de\/wp\/?page_id=30267\">Gedenkbuch der Stadt W\u00fcllen<\/a><\/li>\n<\/ul>\n<p><strong>Denkmal 1914-1918<\/strong><\/p>\n<p>Vor der Kirche befindet sich Denkmal f\u00fcr die Toten des Ersten Weltkrieges.<\/p>\n<p><strong>Denkmal 1939-1945<\/strong><\/p>\n<p>F\u00fcr die Toten des Zweiten Weltkrieges gibt es ein gemauertes Steinkreuz.<\/p>\n<p><strong>Kriegsgr\u00e4berst\u00e4tte 1939-1945<\/strong><\/p>\n<p>Nach den Worten &#8222;In W\u00fcllen gefallen &#8211; In W\u00fcllen bestattet &#8211; In W\u00fcllen betreut&#8220;, ruhen auf dem Friedhof 6 gefallene Soldaten.<\/p>\n<p><strong>Gedenkkappelle<\/strong><\/p>\n<p>Eine Kappelle ist errichtet worden, hier befinden sich auf Marmortafeln die Namen der Gefallenen und Vermi\u00dften.<\/p>\n","protected":false},"excerpt":{"rendered":"<p>&nbsp; 48683 W\u00fcllen ist ein Ortsteil der Stadt Ahaus Beitrag von Thomas Potsdamer-Ehrenmale.de Gedenkbuch der Stadt W\u00fcllen Denkmal 1914-1918 Vor der Kirche befindet sich Denkmal f\u00fcr die Toten des Ersten Weltkrieges. Denkmal 1939-1945 F\u00fcr die Toten des Zweiten Weltkrieges gibt &hellip; <a href=\"http:\/\/www.denkfried.de\/wp\/?page_id=30256\">Weiterlesen <span class=\"meta-nav\">&rarr;<\/span><\/a><\/p>\n","protected":false},"author":9,"featured_media":0,"parent":30251,"menu_order":0,"comment_status":"closed","ping_status":"open","template":"","meta":{"footnotes":""},"class_list":["post-30256","page","type-page","status-publish","hentry"],"_links":{"self":[{"href":"http:\/\/www.denkfried.de\/wp\/index.php?rest_route=\/wp\/v2\/pages\/30256","targetHints":{"allow":["GET"]}}],"collection":[{"href":"http:\/\/www.denkfried.de\/wp\/index.php?rest_route=\/wp\/v2\/pages"}],"about":[{"href":"http:\/\/www.denkfried.de\/wp\/index.php?rest_route=\/wp\/v2\/types\/page"}],"author":[{"embeddable":true,"href":"http:\/\/www.denkfried.de\/wp\/index.php?rest_route=\/wp\/v2\/users\/9"}],"replies":[{"embeddable":true,"href":"http:\/\/www.denkfried.de\/wp\/index.php?rest_route=%2Fwp%2Fv2%2Fcomments&post=30256"}],"version-history":[{"count":11,"href":"http:\/\/www.denkfried.de\/wp\/index.php?rest_route=\/wp\/v2\/pages\/30256\/revisions"}],"predecessor-version":[{"id":30279,"href":"http:\/\/www.denkfried.de\/wp\/index.php?rest_route=\/wp\/v2\/pages\/30256\/revisions\/30279"}],"up":[{"embeddable":true,"href":"http:\/\/www.denkfried.de\/wp\/index.php?rest_route=\/wp\/v2\/pages\/30251"}],"wp:attachment":[{"href":"http:\/\/www.denkfried.de\/wp\/index.php?rest_route=%2Fwp%2Fv2%2Fmedia&parent=30256"}],"curies":[{"name":"wp","href":"https:\/\/api.w.org\/{rel}","templated":true}]}}

Wüllen/Ahaus

<p>&nbsp;</p>
<p><strong>48683 Wüllen</strong> ist ein Ortsteil der Stadt Ahaus</p>
<p>Beitrag von Thomas <a href="http://potsdamer-ehrenmale.de.tl/Hauptseite.htm">Potsdamer-Ehrenmale.de</a></p>
<ul>
<li><a href="http://www.denkfried.de/wp/?page_id=30267">Gedenkbuch der Stadt Wüllen</a></li>
</ul>
<p><strong>Denkmal 1914-1918</strong></p>
<p>Vor der Kirche befindet sich Denkmal für die Toten des Ersten Weltkrieges.</p>
<p><strong>Denkmal 1939-1945</strong></p>
<p>Für die Toten des Zweiten Weltkrieges gibt es ein gemauertes Steinkreuz.</p>
<p><strong>Kriegsgräberstätte 1939-1945</strong></p>
<p>Nach den Worten &#8222;In Wüllen gefallen &#8211; In Wüllen bestattet &#8211; In Wüllen betreut&#8220;, ruhen auf dem Friedhof 6 gefallene Soldaten.</p>
<p><strong>Gedenkkappelle</strong></p>
<p>Eine Kappelle ist errichtet worden, hier befinden sich auf Marmortafeln die Namen der Gefallenen und Vermißten.</p>

<p>&nbsp; 48683 Wüllen ist ein Ortsteil der Stadt Ahaus Beitrag von Thomas Potsdamer-Ehrenmale.de Gedenkbuch der Stadt Wüllen Denkmal 1914-1918 Vor der Kirche befindet sich Denkmal für die Toten des Ersten Weltkrieges. Denkmal 1939-1945 Für die Toten des Zweiten Weltkrieges gibt &hellip; <a href="http://www.denkfried.de/wp/?page_id=30256">Weiterlesen <span class="meta-nav">&rarr;</span></a></p>
