{"id":29951,"date":"2013-03-19T20:01:06","date_gmt":"2013-03-19T19:01:06","guid":{"rendered":"http:\/\/www.denkfried.de\/wp\/?page_id=29951"},"modified":"2015-12-23T17:05:35","modified_gmt":"2015-12-23T16:05:35","slug":"dorfkirche","status":"publish","type":"page","link":"http:\/\/www.denkfried.de\/wp\/?page_id=29951","title":{"rendered":"Dorfkirche"},"content":{"rendered":"<p>&nbsp;<\/p>\n<p><strong>Berlin-L\u00fcbars<\/strong> Dorfkirche Alt-L\u00fcbars<\/p>\n<p>Bericht und Bilder von Thomas\u00a0<a href=\"http:\/\/g-bb.jimdo.com\/\">Gefallenendenkm\u00e4ler Berlin\/Brandenburg<\/a><\/p>\n<div id='gallery-1' class='gallery galleryid-29951 gallery-columns-4 gallery-size-thumbnail'><dl class='gallery-item'>\n\t\t\t<dt class='gallery-icon portrait'>\n\t\t\t\t<a href='http:\/\/www.denkfried.de\/wp\/?attachment_id=29961'><img loading=\"lazy\" decoding=\"async\" width=\"150\" height=\"150\" src=\"http:\/\/www.denkfried.de\/wp\/wp-content\/uploads\/2013\/03\/Friedenseiche-Berlin-150x150.jpg\" class=\"attachment-thumbnail size-thumbnail\" alt=\"\" \/><\/a>\n\t\t\t<\/dt><\/dl><dl class='gallery-item'>\n\t\t\t<dt class='gallery-icon landscape'>\n\t\t\t\t<a href='http:\/\/www.denkfried.de\/wp\/?attachment_id=29962'><img loading=\"lazy\" decoding=\"async\" width=\"150\" height=\"150\" src=\"http:\/\/www.denkfried.de\/wp\/wp-content\/uploads\/2013\/03\/Friedenseiche-Berlin-L\u00fcbars-150x150.jpg\" class=\"attachment-thumbnail size-thumbnail\" alt=\"\" \/><\/a>\n\t\t\t<\/dt><\/dl><dl class='gallery-item'>\n\t\t\t<dt class='gallery-icon portrait'>\n\t\t\t\t<a href='http:\/\/www.denkfried.de\/wp\/?attachment_id=29960'><img loading=\"lazy\" decoding=\"async\" width=\"150\" height=\"150\" src=\"http:\/\/www.denkfried.de\/wp\/wp-content\/uploads\/2013\/03\/Ehrentafel-Berlin-Reinickendorf-L\u00fcbars-150x150.jpg\" class=\"attachment-thumbnail size-thumbnail\" alt=\"\" \/><\/a>\n\t\t\t<\/dt><\/dl><dl class='gallery-item'>\n\t\t\t<dt class='gallery-icon landscape'>\n\t\t\t\t<a href='http:\/\/www.denkfried.de\/wp\/?attachment_id=29963'><img loading=\"lazy\" decoding=\"async\" width=\"150\" height=\"150\" src=\"http:\/\/www.denkfried.de\/wp\/wp-content\/uploads\/2013\/03\/Gedenktafel-Berlin-Reinickendorf-1939-1945-150x150.jpg\" class=\"attachment-thumbnail size-thumbnail\" alt=\"\" \/><\/a>\n\t\t\t<\/dt><\/dl><br style=\"clear: both\" \/>\n\t\t<\/div>\n\n<p>Kaiser- Friedenseiche auf den Kirchenvorplatz.<\/p>\n<address style=\"text-align: center;\"><em><strong>Zum Andenken an die Pflanzung der Kaiser- und Friedens-Eiche.<\/strong><\/em><\/address>\n<address style=\"text-align: center;\"><em><strong>Und zur Erinnerungan das 25j\u00e4hrige Bestehen des<\/strong><\/em><\/address>\n<address style=\"text-align: center;\"><em><strong>hiesigen Sch\u00fctzen=Vereins L\u00fcbars d. 13. Juni 1897.<\/strong><\/em><\/address>\n<address style=\"text-align: center;\">\u00a0<\/address>\n<p>In der Dorfkirche befindet sich zwei Gedenktafeln, hier sind die Gefallenen des Ersten Weltkrieges niedergeschrieben. Die Tafeln sind in verbindung mit dem Denkmal errichtet worden. Eine weitere Gedenktafel erinnert an die Opfer des Zweiten weltkrieges.<\/p>\n<p><span style=\"text-decoration: underline;\">Gedenktafel 1914-1918<\/span><\/p>\n<p style=\"text-align: center;\"><em><strong>Aus unserer Gemeinde starben im\u00a0 Weltkriege<\/strong><\/em><br \/>\n<em><strong> 1914 \/ 1918 den Heldentod f\u00fcrs Vaterland:<\/strong><\/em><\/p>\n<p><span style=\"text-decoration: underline;\">Gedenktafel 1939-1945<\/span><\/p>\n<p style=\"text-align: center;\"><em><strong>Selig Sind, Die da Leid tragen, denn sie sollen<\/strong><\/em> <em><strong>Getr\u00f6stet werdenzur gr\u00f6sseren Ehre Gottes und<\/strong><\/em> <em><strong>zum Gedenken an die Opfer des 2. Weltkrieges<\/strong><\/em> <em><strong>Stifteten zwei Glieder dieser Kirchengemeinde<\/strong><\/em> <em><strong>Vier Apostelfiguren f\u00fcr die Dorfkirche in L\u00fcbars <\/strong><\/em> <em><strong>A.D. 1975<\/strong><\/em><\/p>\n<p style=\"text-align: left;\">Die Namen werden in die Datenbank eingepflegt.<\/p>\n","protected":false},"excerpt":{"rendered":"<p>&nbsp; Berlin-L\u00fcbars Dorfkirche Alt-L\u00fcbars Bericht und Bilder von Thomas\u00a0Gefallenendenkm\u00e4ler Berlin\/Brandenburg Kaiser- Friedenseiche auf den Kirchenvorplatz. Zum Andenken an die Pflanzung der Kaiser- und Friedens-Eiche. Und zur Erinnerungan das 25j\u00e4hrige Bestehen des hiesigen Sch\u00fctzen=Vereins L\u00fcbars d. 13. Juni 1897. \u00a0 In &hellip; <a href=\"http:\/\/www.denkfried.de\/wp\/?page_id=29951\">Weiterlesen <span class=\"meta-nav\">&rarr;<\/span><\/a><\/p>\n","protected":false},"author":9,"featured_media":0,"parent":29945,"menu_order":0,"comment_status":"closed","ping_status":"open","template":"","meta":{"footnotes":""},"class_list":["post-29951","page","type-page","status-publish","hentry"],"_links":{"self":[{"href":"http:\/\/www.denkfried.de\/wp\/index.php?rest_route=\/wp\/v2\/pages\/29951","targetHints":{"allow":["GET"]}}],"collection":[{"href":"http:\/\/www.denkfried.de\/wp\/index.php?rest_route=\/wp\/v2\/pages"}],"about":[{"href":"http:\/\/www.denkfried.de\/wp\/index.php?rest_route=\/wp\/v2\/types\/page"}],"author":[{"embeddable":true,"href":"http:\/\/www.denkfried.de\/wp\/index.php?rest_route=\/wp\/v2\/users\/9"}],"replies":[{"embeddable":true,"href":"http:\/\/www.denkfried.de\/wp\/index.php?rest_route=%2Fwp%2Fv2%2Fcomments&post=29951"}],"version-history":[{"count":11,"href":"http:\/\/www.denkfried.de\/wp\/index.php?rest_route=\/wp\/v2\/pages\/29951\/revisions"}],"predecessor-version":[{"id":39719,"href":"http:\/\/www.denkfried.de\/wp\/index.php?rest_route=\/wp\/v2\/pages\/29951\/revisions\/39719"}],"up":[{"embeddable":true,"href":"http:\/\/www.denkfried.de\/wp\/index.php?rest_route=\/wp\/v2\/pages\/29945"}],"wp:attachment":[{"href":"http:\/\/www.denkfried.de\/wp\/index.php?rest_route=%2Fwp%2Fv2%2Fmedia&parent=29951"}],"curies":[{"name":"wp","href":"https:\/\/api.w.org\/{rel}","templated":true}]}}

<p>&nbsp;</p>
<p><strong>Berlin-Lübars</strong> Dorfkirche Alt-Lübars</p>
<p>Bericht und Bilder von Thomas <a href="http://g-bb.jimdo.com/">Gefallenendenkmäler Berlin/Brandenburg</a></p>
<div id='gallery-1' class='gallery galleryid-29951 gallery-columns-4 gallery-size-thumbnail'><dl class='gallery-item'>
			<dt class='gallery-icon portrait'>
				<a href='http://www.denkfried.de/wp/?attachment_id=29961'><img loading="lazy" decoding="async" width="150" height="150" src="http://www.denkfried.de/wp/wp-content/uploads/2013/03/Friedenseiche-Berlin-150x150.jpg" class="attachment-thumbnail size-thumbnail" alt="" /></a>
			</dt></dl><dl class='gallery-item'>
			<dt class='gallery-icon landscape'>
				<a href='http://www.denkfried.de/wp/?attachment_id=29962'><img loading="lazy" decoding="async" width="150" height="150" src="http://www.denkfried.de/wp/wp-content/uploads/2013/03/Friedenseiche-Berlin-Lübars-150x150.jpg" class="attachment-thumbnail size-thumbnail" alt="" /></a>
			</dt></dl><dl class='gallery-item'>
			<dt class='gallery-icon portrait'>
				<a href='http://www.denkfried.de/wp/?attachment_id=29960'><img loading="lazy" decoding="async" width="150" height="150" src="http://www.denkfried.de/wp/wp-content/uploads/2013/03/Ehrentafel-Berlin-Reinickendorf-Lübars-150x150.jpg" class="attachment-thumbnail size-thumbnail" alt="" /></a>
			</dt></dl><dl class='gallery-item'>
			<dt class='gallery-icon landscape'>
				<a href='http://www.denkfried.de/wp/?attachment_id=29963'><img loading="lazy" decoding="async" width="150" height="150" src="http://www.denkfried.de/wp/wp-content/uploads/2013/03/Gedenktafel-Berlin-Reinickendorf-1939-1945-150x150.jpg" class="attachment-thumbnail size-thumbnail" alt="" /></a>
			</dt></dl><br style="clear: both" />
		</div>

<p>Kaiser- Friedenseiche auf den Kirchenvorplatz.</p>
<address style="text-align: center;"><em><strong>Zum Andenken an die Pflanzung der Kaiser- und Friedens-Eiche.</strong></em></address>
<address style="text-align: center;"><em><strong>Und zur Erinnerungan das 25jährige Bestehen des</strong></em></address>
<address style="text-align: center;"><em><strong>hiesigen Schützen=Vereins Lübars d. 13. Juni 1897.</strong></em></address>
<address style="text-align: center;"> </address>
<p>In der Dorfkirche befindet sich zwei Gedenktafeln, hier sind die Gefallenen des Ersten Weltkrieges niedergeschrieben. Die Tafeln sind in verbindung mit dem Denkmal errichtet worden. Eine weitere Gedenktafel erinnert an die Opfer des Zweiten weltkrieges.</p>
<p><span style="text-decoration: underline;">Gedenktafel 1914-1918</span></p>
<p style="text-align: center;"><em><strong>Aus unserer Gemeinde starben im  Weltkriege</strong></em><br />
<em><strong> 1914 / 1918 den Heldentod fürs Vaterland:</strong></em></p>
<p><span style="text-decoration: underline;">Gedenktafel 1939-1945</span></p>
<p style="text-align: center;"><em><strong>Selig Sind, Die da Leid tragen, denn sie sollen</strong></em> <em><strong>Getröstet werdenzur grösseren Ehre Gottes und</strong></em> <em><strong>zum Gedenken an die Opfer des 2. Weltkrieges</strong></em> <em><strong>Stifteten zwei Glieder dieser Kirchengemeinde</strong></em> <em><strong>Vier Apostelfiguren für die Dorfkirche in Lübars </strong></em> <em><strong>A.D. 1975</strong></em></p>
<p style="text-align: left;">Die Namen werden in die Datenbank eingepflegt.</p>

<p>&nbsp; Berlin-Lübars Dorfkirche Alt-Lübars Bericht und Bilder von Thomas Gefallenendenkmäler Berlin/Brandenburg Kaiser- Friedenseiche auf den Kirchenvorplatz. Zum Andenken an die Pflanzung der Kaiser- und Friedens-Eiche. Und zur Erinnerungan das 25jährige Bestehen des hiesigen Schützen=Vereins Lübars d. 13. Juni 1897.   In &hellip; <a href="http://www.denkfried.de/wp/?page_id=29951">Weiterlesen <span class="meta-nav">&rarr;</span></a></p>
