{"id":28893,"date":"2012-12-26T16:43:28","date_gmt":"2012-12-26T15:43:28","guid":{"rendered":"http:\/\/www.denkfried.de\/wp\/?page_id=28893"},"modified":"2012-12-26T17:12:06","modified_gmt":"2012-12-26T16:12:06","slug":"kastel-staadt","status":"publish","type":"page","link":"http:\/\/www.denkfried.de\/wp\/?page_id=28893","title":{"rendered":"Kastel-Staadt"},"content":{"rendered":"<p>&nbsp;<\/p>\n<p><strong>54441 Kastel-Staadt<\/strong> ist eine Ortsgemeinde in der Verbandsgemeinde Saarburg<\/p>\n<p>Beitrag von Thomas <a href=\"http:\/\/potsdamer-ehrenmale.de.tl\/Hauptseite.htm\">Potsdamer-Ehrenmale.de<\/a><br \/>\nBilder Rudolf Klein 2007 (wiki)<\/p>\n<div id='gallery-1' class='gallery galleryid-28893 gallery-columns-3 gallery-size-thumbnail'><dl class='gallery-item'>\n\t\t\t<dt class='gallery-icon landscape'>\n\t\t\t\t<a href='http:\/\/www.denkfried.de\/wp\/?attachment_id=28907'><img loading=\"lazy\" decoding=\"async\" width=\"150\" height=\"150\" src=\"http:\/\/www.denkfried.de\/wp\/wp-content\/uploads\/2012\/12\/Ehrenfriedhof-kastel-150x150.jpg\" class=\"attachment-thumbnail size-thumbnail\" alt=\"\" \/><\/a>\n\t\t\t<\/dt><\/dl><dl class='gallery-item'>\n\t\t\t<dt class='gallery-icon portrait'>\n\t\t\t\t<a href='http:\/\/www.denkfried.de\/wp\/?attachment_id=28906'><img loading=\"lazy\" decoding=\"async\" width=\"150\" height=\"150\" src=\"http:\/\/www.denkfried.de\/wp\/wp-content\/uploads\/2012\/12\/Ehrenfriedhofkastel-150x150.jpg\" class=\"attachment-thumbnail size-thumbnail\" alt=\"\" \/><\/a>\n\t\t\t<\/dt><\/dl><dl class='gallery-item'>\n\t\t\t<dt class='gallery-icon landscape'>\n\t\t\t\t<a href='http:\/\/www.denkfried.de\/wp\/?attachment_id=28908'><img loading=\"lazy\" decoding=\"async\" width=\"150\" height=\"150\" src=\"http:\/\/www.denkfried.de\/wp\/wp-content\/uploads\/2012\/12\/Ehrenfriedhof-kastel-mahnmal-150x150.jpg\" class=\"attachment-thumbnail size-thumbnail\" alt=\"\" \/><\/a>\n\t\t\t<\/dt><\/dl><br style=\"clear: both\" \/>\n\t\t<\/div>\n\n<p><strong>Kriegsgr\u00e4berst\u00e4tte 1939-1945<\/strong><\/p>\n<p><span style=\"color: #000000;\">Bereits anfang des Krieges suchte die 72 infanteriedivision einen geeigneten Ort um die Toten zu bestatten. Der Erste Tote, der Soldat Ernst August Lohmeyer fiel am 26.09.1939. <span style=\"font-family: Arial,Helvetica,sans-serif;\">Die Gefechte weiteten sich aus und weitere Tote werden in Kastel-Staadt bestattet. Beim Frankreichfeldzug stieg die Zahl der Gefallenen, aber die weitaus gr\u00f6\u00dften Opfer verlangte das blutige Ringen beim Front\u00fcbergang 1944\/45. Die ersten K\u00e4mpfe auf deutschem Boden, die Eroberung des befestigten &#8222;Orscholzriegels&#8220; sowie der Westwallbunker auf der \u00f6stlichen Saarseite, forderten in diesen K\u00e4mpfen auf beiden Seiten einen hohen Blutzoll. Die bis zum 23.02.1945 zwischen Obermosel und Saar gefallenen Deutschen wurden in Kastel-Staadt beigesetzt. Nach Kriegsende wurden die Toten proviesorisch begraben, ab 1955\/57 wurde der Friedhof neu gestaltet. <b><br \/>\n<\/b><\/span><\/span><\/p>\n<p>Quelle: <a href=\"http:\/\/www.vg-saarburg.de\/einrichtungen\/ehrenfriedhof\/Ehrenfriedhof.html\">vg-saarburg.de<\/a><\/p>\n","protected":false},"excerpt":{"rendered":"<p>&nbsp; 54441 Kastel-Staadt ist eine Ortsgemeinde in der Verbandsgemeinde Saarburg Beitrag von Thomas Potsdamer-Ehrenmale.de Bilder Rudolf Klein 2007 (wiki) Kriegsgr\u00e4berst\u00e4tte 1939-1945 Bereits anfang des Krieges suchte die 72 infanteriedivision einen geeigneten Ort um die Toten zu bestatten. Der Erste Tote, &hellip; <a href=\"http:\/\/www.denkfried.de\/wp\/?page_id=28893\">Weiterlesen <span class=\"meta-nav\">&rarr;<\/span><\/a><\/p>\n","protected":false},"author":9,"featured_media":0,"parent":28837,"menu_order":0,"comment_status":"closed","ping_status":"open","template":"","meta":{"footnotes":""},"class_list":["post-28893","page","type-page","status-publish","hentry"],"_links":{"self":[{"href":"http:\/\/www.denkfried.de\/wp\/index.php?rest_route=\/wp\/v2\/pages\/28893","targetHints":{"allow":["GET"]}}],"collection":[{"href":"http:\/\/www.denkfried.de\/wp\/index.php?rest_route=\/wp\/v2\/pages"}],"about":[{"href":"http:\/\/www.denkfried.de\/wp\/index.php?rest_route=\/wp\/v2\/types\/page"}],"author":[{"embeddable":true,"href":"http:\/\/www.denkfried.de\/wp\/index.php?rest_route=\/wp\/v2\/users\/9"}],"replies":[{"embeddable":true,"href":"http:\/\/www.denkfried.de\/wp\/index.php?rest_route=%2Fwp%2Fv2%2Fcomments&post=28893"}],"version-history":[{"count":13,"href":"http:\/\/www.denkfried.de\/wp\/index.php?rest_route=\/wp\/v2\/pages\/28893\/revisions"}],"predecessor-version":[{"id":28909,"href":"http:\/\/www.denkfried.de\/wp\/index.php?rest_route=\/wp\/v2\/pages\/28893\/revisions\/28909"}],"up":[{"embeddable":true,"href":"http:\/\/www.denkfried.de\/wp\/index.php?rest_route=\/wp\/v2\/pages\/28837"}],"wp:attachment":[{"href":"http:\/\/www.denkfried.de\/wp\/index.php?rest_route=%2Fwp%2Fv2%2Fmedia&parent=28893"}],"curies":[{"name":"wp","href":"https:\/\/api.w.org\/{rel}","templated":true}]}}

<p>&nbsp;</p>
<p><strong>54441 Kastel-Staadt</strong> ist eine Ortsgemeinde in der Verbandsgemeinde Saarburg</p>
<p>Beitrag von Thomas <a href="http://potsdamer-ehrenmale.de.tl/Hauptseite.htm">Potsdamer-Ehrenmale.de</a><br />
Bilder Rudolf Klein 2007 (wiki)</p>
<div id='gallery-1' class='gallery galleryid-28893 gallery-columns-3 gallery-size-thumbnail'><dl class='gallery-item'>
			<dt class='gallery-icon landscape'>
				<a href='http://www.denkfried.de/wp/?attachment_id=28907'><img loading="lazy" decoding="async" width="150" height="150" src="http://www.denkfried.de/wp/wp-content/uploads/2012/12/Ehrenfriedhof-kastel-150x150.jpg" class="attachment-thumbnail size-thumbnail" alt="" /></a>
			</dt></dl><dl class='gallery-item'>
			<dt class='gallery-icon portrait'>
				<a href='http://www.denkfried.de/wp/?attachment_id=28906'><img loading="lazy" decoding="async" width="150" height="150" src="http://www.denkfried.de/wp/wp-content/uploads/2012/12/Ehrenfriedhofkastel-150x150.jpg" class="attachment-thumbnail size-thumbnail" alt="" /></a>
			</dt></dl><dl class='gallery-item'>
			<dt class='gallery-icon landscape'>
				<a href='http://www.denkfried.de/wp/?attachment_id=28908'><img loading="lazy" decoding="async" width="150" height="150" src="http://www.denkfried.de/wp/wp-content/uploads/2012/12/Ehrenfriedhof-kastel-mahnmal-150x150.jpg" class="attachment-thumbnail size-thumbnail" alt="" /></a>
			</dt></dl><br style="clear: both" />
		</div>

<p><strong>Kriegsgräberstätte 1939-1945</strong></p>
<p><span style="color: #000000;">Bereits anfang des Krieges suchte die 72 infanteriedivision einen geeigneten Ort um die Toten zu bestatten. Der Erste Tote, der Soldat Ernst August Lohmeyer fiel am 26.09.1939. <span style="font-family: Arial,Helvetica,sans-serif;">Die Gefechte weiteten sich aus und weitere Tote werden in Kastel-Staadt bestattet. Beim Frankreichfeldzug stieg die Zahl der Gefallenen, aber die weitaus größten Opfer verlangte das blutige Ringen beim Frontübergang 1944/45. Die ersten Kämpfe auf deutschem Boden, die Eroberung des befestigten &#8222;Orscholzriegels&#8220; sowie der Westwallbunker auf der östlichen Saarseite, forderten in diesen Kämpfen auf beiden Seiten einen hohen Blutzoll. Die bis zum 23.02.1945 zwischen Obermosel und Saar gefallenen Deutschen wurden in Kastel-Staadt beigesetzt. Nach Kriegsende wurden die Toten proviesorisch begraben, ab 1955/57 wurde der Friedhof neu gestaltet. <b><br />
</b></span></span></p>
<p>Quelle: <a href="http://www.vg-saarburg.de/einrichtungen/ehrenfriedhof/Ehrenfriedhof.html">vg-saarburg.de</a></p>

<p>&nbsp; 54441 Kastel-Staadt ist eine Ortsgemeinde in der Verbandsgemeinde Saarburg Beitrag von Thomas Potsdamer-Ehrenmale.de Bilder Rudolf Klein 2007 (wiki) Kriegsgräberstätte 1939-1945 Bereits anfang des Krieges suchte die 72 infanteriedivision einen geeigneten Ort um die Toten zu bestatten. Der Erste Tote, &hellip; <a href="http://www.denkfried.de/wp/?page_id=28893">Weiterlesen <span class="meta-nav">&rarr;</span></a></p>
