{"id":28792,"date":"2012-12-25T19:38:11","date_gmt":"2012-12-25T18:38:11","guid":{"rendered":"http:\/\/www.denkfried.de\/wp\/?page_id=28792"},"modified":"2012-12-25T19:48:17","modified_gmt":"2012-12-25T18:48:17","slug":"vossenack","status":"publish","type":"page","link":"http:\/\/www.denkfried.de\/wp\/?page_id=28792","title":{"rendered":"Vossenack"},"content":{"rendered":"<p>&nbsp;<\/p>\n<p><strong>52393 Vossenack<\/strong> ist ein Ort in der Gemeinde H\u00fcrtgenwald<\/p>\n<p>Beitrag von Thomas <a href=\"http:\/\/potsdamer-ehrenmale.de.tl\/Hauptseite.htm\">Potsdamer-Ehrenmale.de<\/a><br \/>\nEin Bild ist von Kernec 2007 (Wikipedia)<\/p>\n<div id='gallery-1' class='gallery galleryid-28792 gallery-columns-3 gallery-size-thumbnail'><dl class='gallery-item'>\n\t\t\t<dt class='gallery-icon landscape'>\n\t\t\t\t<a href='http:\/\/www.denkfried.de\/wp\/?attachment_id=28801'><img loading=\"lazy\" decoding=\"async\" width=\"150\" height=\"150\" src=\"http:\/\/www.denkfried.de\/wp\/wp-content\/uploads\/2012\/12\/Vossenack-Kriegsg\u00e4berst\u00e4tte-150x150.jpg\" class=\"attachment-thumbnail size-thumbnail\" alt=\"\" \/><\/a>\n\t\t\t<\/dt><\/dl><dl class='gallery-item'>\n\t\t\t<dt class='gallery-icon landscape'>\n\t\t\t\t<a href='http:\/\/www.denkfried.de\/wp\/?attachment_id=28800'><img loading=\"lazy\" decoding=\"async\" width=\"150\" height=\"150\" src=\"http:\/\/www.denkfried.de\/wp\/wp-content\/uploads\/2012\/12\/Hurtgenwald_War_Cemetery_02-150x150.jpg\" class=\"attachment-thumbnail size-thumbnail\" alt=\"\" \/><\/a>\n\t\t\t<\/dt><\/dl>\n\t\t\t<br style='clear: both' \/>\n\t\t<\/div>\n\n<p><strong>Kriegsgr\u00e4berst\u00e4tte 1939-1945<\/strong><\/p>\n<p>Im H\u00fcrtgenwald fand 1944 eine gro\u00dfe Schlacht statt, hierbei starben 12.000 Soldaten. Der Friedhof befindet sich in Simonskaller Stra\u00dfe in der N\u00e4he des Franziskaner-Gymnasiums, ca. 500 meter au\u00dferhalb des Ortes. Der Bau des Friedhofes begann 1949. Hier ruhen insgesamt <strong>2221 gefallene Soldaten<\/strong>, darunter blieb 930 Namenlos.<\/p>\n","protected":false},"excerpt":{"rendered":"<p>&nbsp; 52393 Vossenack ist ein Ort in der Gemeinde H\u00fcrtgenwald Beitrag von Thomas Potsdamer-Ehrenmale.de Ein Bild ist von Kernec 2007 (Wikipedia) Kriegsgr\u00e4berst\u00e4tte 1939-1945 Im H\u00fcrtgenwald fand 1944 eine gro\u00dfe Schlacht statt, hierbei starben 12.000 Soldaten. Der Friedhof befindet sich in &hellip; <a href=\"http:\/\/www.denkfried.de\/wp\/?page_id=28792\">Weiterlesen <span class=\"meta-nav\">&rarr;<\/span><\/a><\/p>\n","protected":false},"author":9,"featured_media":0,"parent":20347,"menu_order":0,"comment_status":"closed","ping_status":"open","template":"","meta":{"footnotes":""},"class_list":["post-28792","page","type-page","status-publish","hentry"],"_links":{"self":[{"href":"http:\/\/www.denkfried.de\/wp\/index.php?rest_route=\/wp\/v2\/pages\/28792","targetHints":{"allow":["GET"]}}],"collection":[{"href":"http:\/\/www.denkfried.de\/wp\/index.php?rest_route=\/wp\/v2\/pages"}],"about":[{"href":"http:\/\/www.denkfried.de\/wp\/index.php?rest_route=\/wp\/v2\/types\/page"}],"author":[{"embeddable":true,"href":"http:\/\/www.denkfried.de\/wp\/index.php?rest_route=\/wp\/v2\/users\/9"}],"replies":[{"embeddable":true,"href":"http:\/\/www.denkfried.de\/wp\/index.php?rest_route=%2Fwp%2Fv2%2Fcomments&post=28792"}],"version-history":[{"count":10,"href":"http:\/\/www.denkfried.de\/wp\/index.php?rest_route=\/wp\/v2\/pages\/28792\/revisions"}],"predecessor-version":[{"id":28804,"href":"http:\/\/www.denkfried.de\/wp\/index.php?rest_route=\/wp\/v2\/pages\/28792\/revisions\/28804"}],"up":[{"embeddable":true,"href":"http:\/\/www.denkfried.de\/wp\/index.php?rest_route=\/wp\/v2\/pages\/20347"}],"wp:attachment":[{"href":"http:\/\/www.denkfried.de\/wp\/index.php?rest_route=%2Fwp%2Fv2%2Fmedia&parent=28792"}],"curies":[{"name":"wp","href":"https:\/\/api.w.org\/{rel}","templated":true}]}}

<p>&nbsp;</p>
<p><strong>52393 Vossenack</strong> ist ein Ort in der Gemeinde Hürtgenwald</p>
<p>Beitrag von Thomas <a href="http://potsdamer-ehrenmale.de.tl/Hauptseite.htm">Potsdamer-Ehrenmale.de</a><br />
Ein Bild ist von Kernec 2007 (Wikipedia)</p>
<div id='gallery-1' class='gallery galleryid-28792 gallery-columns-3 gallery-size-thumbnail'><dl class='gallery-item'>
			<dt class='gallery-icon landscape'>
				<a href='http://www.denkfried.de/wp/?attachment_id=28801'><img loading="lazy" decoding="async" width="150" height="150" src="http://www.denkfried.de/wp/wp-content/uploads/2012/12/Vossenack-Kriegsgäberstätte-150x150.jpg" class="attachment-thumbnail size-thumbnail" alt="" /></a>
			</dt></dl><dl class='gallery-item'>
			<dt class='gallery-icon landscape'>
				<a href='http://www.denkfried.de/wp/?attachment_id=28800'><img loading="lazy" decoding="async" width="150" height="150" src="http://www.denkfried.de/wp/wp-content/uploads/2012/12/Hurtgenwald_War_Cemetery_02-150x150.jpg" class="attachment-thumbnail size-thumbnail" alt="" /></a>
			</dt></dl>
			<br style='clear: both' />
		</div>

<p><strong>Kriegsgräberstätte 1939-1945</strong></p>
<p>Im Hürtgenwald fand 1944 eine große Schlacht statt, hierbei starben 12.000 Soldaten. Der Friedhof befindet sich in Simonskaller Straße in der Nähe des Franziskaner-Gymnasiums, ca. 500 meter außerhalb des Ortes. Der Bau des Friedhofes begann 1949. Hier ruhen insgesamt <strong>2221 gefallene Soldaten</strong>, darunter blieb 930 Namenlos.</p>

<p>&nbsp; 52393 Vossenack ist ein Ort in der Gemeinde Hürtgenwald Beitrag von Thomas Potsdamer-Ehrenmale.de Ein Bild ist von Kernec 2007 (Wikipedia) Kriegsgräberstätte 1939-1945 Im Hürtgenwald fand 1944 eine große Schlacht statt, hierbei starben 12.000 Soldaten. Der Friedhof befindet sich in &hellip; <a href="http://www.denkfried.de/wp/?page_id=28792">Weiterlesen <span class="meta-nav">&rarr;</span></a></p>
