{"id":28755,"date":"2012-12-25T18:38:32","date_gmt":"2012-12-25T17:38:32","guid":{"rendered":"http:\/\/www.denkfried.de\/wp\/?page_id=28755"},"modified":"2012-12-25T19:07:24","modified_gmt":"2012-12-25T18:07:24","slug":"mariawald","status":"publish","type":"page","link":"http:\/\/www.denkfried.de\/wp\/?page_id=28755","title":{"rendered":"Mariawald"},"content":{"rendered":"<p>&nbsp;<\/p>\n<p><strong>52396 Abtei-Mariawald<\/strong> ist ein Teil der Stadt Heimbach<\/p>\n<p>Beitrag von Thomas <a href=\"http:\/\/potsdamer-ehrenmale.de.tl\/Hauptseite.htm\">Potsdamer-Ehrenmale.de<\/a><br \/>\nBilder von 2006 von Daniel Tibi<\/p>\n<p><strong>Kriegsgr\u00e4berst\u00e4tte 1939-1945<\/strong> &#8211; Eingeweiht 20. September 1953<\/p>\n<div id='gallery-1' class='gallery galleryid-28755 gallery-columns-4 gallery-size-thumbnail'><dl class='gallery-item'>\n\t\t\t<dt class='gallery-icon portrait'>\n\t\t\t\t<a href='http:\/\/www.denkfried.de\/wp\/?attachment_id=28767'><img loading=\"lazy\" decoding=\"async\" width=\"150\" height=\"150\" src=\"http:\/\/www.denkfried.de\/wp\/wp-content\/uploads\/2012\/12\/Mariawald-Eifel-Kriegsgr\u00e4berst\u00e4tte-150x150.jpg\" class=\"attachment-thumbnail size-thumbnail\" alt=\"\" \/><\/a>\n\t\t\t<\/dt><\/dl><dl class='gallery-item'>\n\t\t\t<dt class='gallery-icon landscape'>\n\t\t\t\t<a href='http:\/\/www.denkfried.de\/wp\/?attachment_id=28772'><img loading=\"lazy\" decoding=\"async\" width=\"150\" height=\"150\" src=\"http:\/\/www.denkfried.de\/wp\/wp-content\/uploads\/2012\/12\/Mariawald-Abbey-with-cemetery_2006Daniel-Tibi-150x150.jpg\" class=\"attachment-thumbnail size-thumbnail\" alt=\"\" \/><\/a>\n\t\t\t<\/dt><\/dl><dl class='gallery-item'>\n\t\t\t<dt class='gallery-icon landscape'>\n\t\t\t\t<a href='http:\/\/www.denkfried.de\/wp\/?attachment_id=28773'><img loading=\"lazy\" decoding=\"async\" width=\"150\" height=\"150\" src=\"http:\/\/www.denkfried.de\/wp\/wp-content\/uploads\/2012\/12\/Mariawald-cemetery_2006Daniel-Tibi-150x150.jpg\" class=\"attachment-thumbnail size-thumbnail\" alt=\"\" \/><\/a>\n\t\t\t<\/dt><\/dl><dl class='gallery-item'>\n\t\t\t<dt class='gallery-icon portrait'>\n\t\t\t\t<a href='http:\/\/www.denkfried.de\/wp\/?attachment_id=28771'><img loading=\"lazy\" decoding=\"async\" width=\"150\" height=\"150\" src=\"http:\/\/www.denkfried.de\/wp\/wp-content\/uploads\/2012\/12\/Mariawald-cemetery-2_2006-Daniel-Tibi-150x150.jpg\" class=\"attachment-thumbnail size-thumbnail\" alt=\"\" \/><\/a>\n\t\t\t<\/dt><\/dl><br style=\"clear: both\" \/>\n\t\t<\/div>\n\n<p>Der Friedhof befindet sich oberhalb von Heimbach, in ca. 450 meter H\u00f6he. Direkt im Waldnaturschutzgebiet Kermeter bei der Abtei Mariawald. Ab 1944 stand der Ort pausenlos unter Feuer. Die im Krieg Gefallenen und Verstorbenen wurden von den ordensbr\u00fcder des Klosters auf dem Gel\u00e4nde bestattet. 1949 sollten diese nach Gm\u00fcnd umgebettet werden, doch auf bestreben der Gemeinde wurde dies unterbunden. Nun wurde die Grabfl\u00e4che ausgebaut und umgestaltet. Ab 1950 wurden Gefallene aus den Orten Berg, Eicks, Glehn, Hostel und Sauerm\u00fchle hierher \u00fcberf\u00fchrt. Nun ruhen hier <strong>414 Kriegstote<\/strong> darunter auch polnische und russische Soldaten, die in Verb\u00e4nden der Wehrmacht gek\u00e4mpft hatten. Ein luxemburgischer Gefallener wurde 1946 in die Heimat \u00fcberf\u00fchrt. An der der Stirnseite der Grabst\u00e4tte ist ein 11 meter hohes Kreuz. In der Friedhofsmauer wurde in einer Kassette ein Gr\u00e4berverzeichnis abgelegt.<\/p>\n<p>&nbsp;<\/p>\n","protected":false},"excerpt":{"rendered":"<p>&nbsp; 52396 Abtei-Mariawald ist ein Teil der Stadt Heimbach Beitrag von Thomas Potsdamer-Ehrenmale.de Bilder von 2006 von Daniel Tibi Kriegsgr\u00e4berst\u00e4tte 1939-1945 &#8211; Eingeweiht 20. September 1953 Der Friedhof befindet sich oberhalb von Heimbach, in ca. 450 meter H\u00f6he. Direkt im &hellip; <a href=\"http:\/\/www.denkfried.de\/wp\/?page_id=28755\">Weiterlesen <span class=\"meta-nav\">&rarr;<\/span><\/a><\/p>\n","protected":false},"author":9,"featured_media":0,"parent":28748,"menu_order":0,"comment_status":"closed","ping_status":"open","template":"","meta":{"footnotes":""},"class_list":["post-28755","page","type-page","status-publish","hentry"],"_links":{"self":[{"href":"http:\/\/www.denkfried.de\/wp\/index.php?rest_route=\/wp\/v2\/pages\/28755","targetHints":{"allow":["GET"]}}],"collection":[{"href":"http:\/\/www.denkfried.de\/wp\/index.php?rest_route=\/wp\/v2\/pages"}],"about":[{"href":"http:\/\/www.denkfried.de\/wp\/index.php?rest_route=\/wp\/v2\/types\/page"}],"author":[{"embeddable":true,"href":"http:\/\/www.denkfried.de\/wp\/index.php?rest_route=\/wp\/v2\/users\/9"}],"replies":[{"embeddable":true,"href":"http:\/\/www.denkfried.de\/wp\/index.php?rest_route=%2Fwp%2Fv2%2Fcomments&post=28755"}],"version-history":[{"count":14,"href":"http:\/\/www.denkfried.de\/wp\/index.php?rest_route=\/wp\/v2\/pages\/28755\/revisions"}],"predecessor-version":[{"id":28758,"href":"http:\/\/www.denkfried.de\/wp\/index.php?rest_route=\/wp\/v2\/pages\/28755\/revisions\/28758"}],"up":[{"embeddable":true,"href":"http:\/\/www.denkfried.de\/wp\/index.php?rest_route=\/wp\/v2\/pages\/28748"}],"wp:attachment":[{"href":"http:\/\/www.denkfried.de\/wp\/index.php?rest_route=%2Fwp%2Fv2%2Fmedia&parent=28755"}],"curies":[{"name":"wp","href":"https:\/\/api.w.org\/{rel}","templated":true}]}}

<p>&nbsp;</p>
<p><strong>52396 Abtei-Mariawald</strong> ist ein Teil der Stadt Heimbach</p>
<p>Beitrag von Thomas <a href="http://potsdamer-ehrenmale.de.tl/Hauptseite.htm">Potsdamer-Ehrenmale.de</a><br />
Bilder von 2006 von Daniel Tibi</p>
<p><strong>Kriegsgräberstätte 1939-1945</strong> &#8211; Eingeweiht 20. September 1953</p>
<div id='gallery-1' class='gallery galleryid-28755 gallery-columns-4 gallery-size-thumbnail'><dl class='gallery-item'>
			<dt class='gallery-icon portrait'>
				<a href='http://www.denkfried.de/wp/?attachment_id=28767'><img loading="lazy" decoding="async" width="150" height="150" src="http://www.denkfried.de/wp/wp-content/uploads/2012/12/Mariawald-Eifel-Kriegsgräberstätte-150x150.jpg" class="attachment-thumbnail size-thumbnail" alt="" /></a>
			</dt></dl><dl class='gallery-item'>
			<dt class='gallery-icon landscape'>
				<a href='http://www.denkfried.de/wp/?attachment_id=28772'><img loading="lazy" decoding="async" width="150" height="150" src="http://www.denkfried.de/wp/wp-content/uploads/2012/12/Mariawald-Abbey-with-cemetery_2006Daniel-Tibi-150x150.jpg" class="attachment-thumbnail size-thumbnail" alt="" /></a>
			</dt></dl><dl class='gallery-item'>
			<dt class='gallery-icon landscape'>
				<a href='http://www.denkfried.de/wp/?attachment_id=28773'><img loading="lazy" decoding="async" width="150" height="150" src="http://www.denkfried.de/wp/wp-content/uploads/2012/12/Mariawald-cemetery_2006Daniel-Tibi-150x150.jpg" class="attachment-thumbnail size-thumbnail" alt="" /></a>
			</dt></dl><dl class='gallery-item'>
			<dt class='gallery-icon portrait'>
				<a href='http://www.denkfried.de/wp/?attachment_id=28771'><img loading="lazy" decoding="async" width="150" height="150" src="http://www.denkfried.de/wp/wp-content/uploads/2012/12/Mariawald-cemetery-2_2006-Daniel-Tibi-150x150.jpg" class="attachment-thumbnail size-thumbnail" alt="" /></a>
			</dt></dl><br style="clear: both" />
		</div>

<p>Der Friedhof befindet sich oberhalb von Heimbach, in ca. 450 meter Höhe. Direkt im Waldnaturschutzgebiet Kermeter bei der Abtei Mariawald. Ab 1944 stand der Ort pausenlos unter Feuer. Die im Krieg Gefallenen und Verstorbenen wurden von den ordensbrüder des Klosters auf dem Gelände bestattet. 1949 sollten diese nach Gmünd umgebettet werden, doch auf bestreben der Gemeinde wurde dies unterbunden. Nun wurde die Grabfläche ausgebaut und umgestaltet. Ab 1950 wurden Gefallene aus den Orten Berg, Eicks, Glehn, Hostel und Sauermühle hierher überführt. Nun ruhen hier <strong>414 Kriegstote</strong> darunter auch polnische und russische Soldaten, die in Verbänden der Wehrmacht gekämpft hatten. Ein luxemburgischer Gefallener wurde 1946 in die Heimat überführt. An der der Stirnseite der Grabstätte ist ein 11 meter hohes Kreuz. In der Friedhofsmauer wurde in einer Kassette ein Gräberverzeichnis abgelegt.</p>
<p>&nbsp;</p>

<p>&nbsp; 52396 Abtei-Mariawald ist ein Teil der Stadt Heimbach Beitrag von Thomas Potsdamer-Ehrenmale.de Bilder von 2006 von Daniel Tibi Kriegsgräberstätte 1939-1945 &#8211; Eingeweiht 20. September 1953 Der Friedhof befindet sich oberhalb von Heimbach, in ca. 450 meter Höhe. Direkt im &hellip; <a href="http://www.denkfried.de/wp/?page_id=28755">Weiterlesen <span class="meta-nav">&rarr;</span></a></p>
