{"id":28547,"date":"2012-12-23T13:55:53","date_gmt":"2012-12-23T12:55:53","guid":{"rendered":"http:\/\/www.denkfried.de\/wp\/?page_id=28547"},"modified":"2012-12-23T13:55:53","modified_gmt":"2012-12-23T12:55:53","slug":"montan","status":"publish","type":"page","link":"http:\/\/www.denkfried.de\/wp\/?page_id=28547","title":{"rendered":"Montan"},"content":{"rendered":"<p>&nbsp;<\/p>\n<p><strong>39040 Montan<\/strong><\/p>\n<p>Beitrag von Thomas <a href=\"http:\/\/potsdamer-ehrenmale.de.tl\/Hauptseite.htm\">Potsdamer-Ehrenmale.de<\/a><\/p>\n<p>In Montan gibt es in der n\u00e4he zur Kirche ein Denkmal.<\/p>\n<p>&nbsp;<\/p>\n<p>Quelle: <strong>Buch<\/strong> Die versteinerten Helden (Kriegerdenkm\u00e4ler in S\u00fcdtirol)<\/p>\n","protected":false},"excerpt":{"rendered":"<p>&nbsp; 39040 Montan Beitrag von Thomas Potsdamer-Ehrenmale.de In Montan gibt es in der n\u00e4he zur Kirche ein Denkmal. &nbsp; Quelle: Buch Die versteinerten Helden (Kriegerdenkm\u00e4ler in S\u00fcdtirol)<\/p>\n","protected":false},"author":9,"featured_media":0,"parent":28542,"menu_order":0,"comment_status":"closed","ping_status":"open","template":"","meta":{"footnotes":""},"class_list":["post-28547","page","type-page","status-publish","hentry"],"_links":{"self":[{"href":"http:\/\/www.denkfried.de\/wp\/index.php?rest_route=\/wp\/v2\/pages\/28547","targetHints":{"allow":["GET"]}}],"collection":[{"href":"http:\/\/www.denkfried.de\/wp\/index.php?rest_route=\/wp\/v2\/pages"}],"about":[{"href":"http:\/\/www.denkfried.de\/wp\/index.php?rest_route=\/wp\/v2\/types\/page"}],"author":[{"embeddable":true,"href":"http:\/\/www.denkfried.de\/wp\/index.php?rest_route=\/wp\/v2\/users\/9"}],"replies":[{"embeddable":true,"href":"http:\/\/www.denkfried.de\/wp\/index.php?rest_route=%2Fwp%2Fv2%2Fcomments&post=28547"}],"version-history":[{"count":1,"href":"http:\/\/www.denkfried.de\/wp\/index.php?rest_route=\/wp\/v2\/pages\/28547\/revisions"}],"predecessor-version":[{"id":28548,"href":"http:\/\/www.denkfried.de\/wp\/index.php?rest_route=\/wp\/v2\/pages\/28547\/revisions\/28548"}],"up":[{"embeddable":true,"href":"http:\/\/www.denkfried.de\/wp\/index.php?rest_route=\/wp\/v2\/pages\/28542"}],"wp:attachment":[{"href":"http:\/\/www.denkfried.de\/wp\/index.php?rest_route=%2Fwp%2Fv2%2Fmedia&parent=28547"}],"curies":[{"name":"wp","href":"https:\/\/api.w.org\/{rel}","templated":true}]}}

<p>&nbsp;</p>
<p><strong>39040 Montan</strong></p>
<p>Beitrag von Thomas <a href="http://potsdamer-ehrenmale.de.tl/Hauptseite.htm">Potsdamer-Ehrenmale.de</a></p>
<p>In Montan gibt es in der nähe zur Kirche ein Denkmal.</p>
<p>&nbsp;</p>
<p>Quelle: <strong>Buch</strong> Die versteinerten Helden (Kriegerdenkmäler in Südtirol)</p>

<p>&nbsp; 39040 Montan Beitrag von Thomas Potsdamer-Ehrenmale.de In Montan gibt es in der nähe zur Kirche ein Denkmal. &nbsp; Quelle: Buch Die versteinerten Helden (Kriegerdenkmäler in Südtirol)</p>
