{"id":27472,"date":"2012-11-30T21:41:32","date_gmt":"2012-11-30T20:41:32","guid":{"rendered":"http:\/\/www.denkfried.de\/wp\/?page_id=27472"},"modified":"2012-11-30T21:54:42","modified_gmt":"2012-11-30T20:54:42","slug":"stryj","status":"publish","type":"page","link":"http:\/\/www.denkfried.de\/wp\/?page_id=27472","title":{"rendered":"STRYJ"},"content":{"rendered":"<p>&nbsp;<\/p>\n<p><strong>Stryj<\/strong> befindet sich in der Stadt Oblast Lwiw in der Ukraine, im ehemaligem Galizien.<\/p>\n<p>Beitrag von Thomas <a href=\"http:\/\/potsdamer-ehrenmale.de.tl\/Hauptseite.htm\">Potsdamer-Ehrenmale.de<\/a><\/p>\n<p><a href=\"http:\/\/www.denkfried.de\/wp\/?attachment_id=27481\" rel=\"attachment wp-att-27481\"><img loading=\"lazy\" decoding=\"async\" class=\"alignnone size-medium wp-image-27481\" title=\"Kriegsgr\u00e4berst\u00e4tte Stryj\" src=\"http:\/\/www.denkfried.de\/wp\/wp-content\/uploads\/2012\/11\/Kriegsgr\u00e4berst\u00e4tte-Stryj-300x161.jpg\" alt=\"\" width=\"300\" height=\"161\" srcset=\"http:\/\/www.denkfried.de\/wp\/wp-content\/uploads\/2012\/11\/Kriegsgr\u00e4berst\u00e4tte-Stryj-300x161.jpg 300w, http:\/\/www.denkfried.de\/wp\/wp-content\/uploads\/2012\/11\/Kriegsgr\u00e4berst\u00e4tte-Stryj.jpg 640w\" sizes=\"auto, (max-width: 300px) 100vw, 300px\" \/><\/a><\/p>\n<p><strong>Kriegsgr\u00e4berst\u00e4tte 1914-1918<\/strong><\/p>\n<p>Der Friedhof Stryj befindet sich 70. km s\u00fcdl. von Lemberg.<\/p>\n<p>Auf dem Friedhof fanden zur zeit des Ersten Weltkrieges 10.000 deutsche Gefallenen ihre letzte Ruhe. Desweiteren sind hier \u00f6sterreichische, t\u00fcrkische und russische Gefallene begraben worden. Das Foto mit dem Kranzschmuck ist 1927 Aufgenommen.<\/p>\n<p>&nbsp;<\/p>\n<p>Quelle: Ehrenbuch der Stadt Karlsruhe<\/p>\n","protected":false},"excerpt":{"rendered":"<p>&nbsp; Stryj befindet sich in der Stadt Oblast Lwiw in der Ukraine, im ehemaligem Galizien. Beitrag von Thomas Potsdamer-Ehrenmale.de Kriegsgr\u00e4berst\u00e4tte 1914-1918 Der Friedhof Stryj befindet sich 70. km s\u00fcdl. von Lemberg. Auf dem Friedhof fanden zur zeit des Ersten Weltkrieges &hellip; <a href=\"http:\/\/www.denkfried.de\/wp\/?page_id=27472\">Weiterlesen <span class=\"meta-nav\">&rarr;<\/span><\/a><\/p>\n","protected":false},"author":9,"featured_media":0,"parent":358,"menu_order":0,"comment_status":"closed","ping_status":"open","template":"","meta":{"footnotes":""},"class_list":["post-27472","page","type-page","status-publish","hentry"],"_links":{"self":[{"href":"http:\/\/www.denkfried.de\/wp\/index.php?rest_route=\/wp\/v2\/pages\/27472","targetHints":{"allow":["GET"]}}],"collection":[{"href":"http:\/\/www.denkfried.de\/wp\/index.php?rest_route=\/wp\/v2\/pages"}],"about":[{"href":"http:\/\/www.denkfried.de\/wp\/index.php?rest_route=\/wp\/v2\/types\/page"}],"author":[{"embeddable":true,"href":"http:\/\/www.denkfried.de\/wp\/index.php?rest_route=\/wp\/v2\/users\/9"}],"replies":[{"embeddable":true,"href":"http:\/\/www.denkfried.de\/wp\/index.php?rest_route=%2Fwp%2Fv2%2Fcomments&post=27472"}],"version-history":[{"count":9,"href":"http:\/\/www.denkfried.de\/wp\/index.php?rest_route=\/wp\/v2\/pages\/27472\/revisions"}],"predecessor-version":[{"id":27482,"href":"http:\/\/www.denkfried.de\/wp\/index.php?rest_route=\/wp\/v2\/pages\/27472\/revisions\/27482"}],"up":[{"embeddable":true,"href":"http:\/\/www.denkfried.de\/wp\/index.php?rest_route=\/wp\/v2\/pages\/358"}],"wp:attachment":[{"href":"http:\/\/www.denkfried.de\/wp\/index.php?rest_route=%2Fwp%2Fv2%2Fmedia&parent=27472"}],"curies":[{"name":"wp","href":"https:\/\/api.w.org\/{rel}","templated":true}]}}

<p>&nbsp;</p>
<p><strong>Stryj</strong> befindet sich in der Stadt Oblast Lwiw in der Ukraine, im ehemaligem Galizien.</p>
<p>Beitrag von Thomas <a href="http://potsdamer-ehrenmale.de.tl/Hauptseite.htm">Potsdamer-Ehrenmale.de</a></p>
<p><a href="http://www.denkfried.de/wp/?attachment_id=27481" rel="attachment wp-att-27481"><img loading="lazy" decoding="async" class="alignnone size-medium wp-image-27481" title="Kriegsgräberstätte Stryj" src="http://www.denkfried.de/wp/wp-content/uploads/2012/11/Kriegsgräberstätte-Stryj-300x161.jpg" alt="" width="300" height="161" srcset="http://www.denkfried.de/wp/wp-content/uploads/2012/11/Kriegsgräberstätte-Stryj-300x161.jpg 300w, http://www.denkfried.de/wp/wp-content/uploads/2012/11/Kriegsgräberstätte-Stryj.jpg 640w" sizes="auto, (max-width: 300px) 100vw, 300px" /></a></p>
<p><strong>Kriegsgräberstätte 1914-1918</strong></p>
<p>Der Friedhof Stryj befindet sich 70. km südl. von Lemberg.</p>
<p>Auf dem Friedhof fanden zur zeit des Ersten Weltkrieges 10.000 deutsche Gefallenen ihre letzte Ruhe. Desweiteren sind hier österreichische, türkische und russische Gefallene begraben worden. Das Foto mit dem Kranzschmuck ist 1927 Aufgenommen.</p>
<p>&nbsp;</p>
<p>Quelle: Ehrenbuch der Stadt Karlsruhe</p>

<p>&nbsp; Stryj befindet sich in der Stadt Oblast Lwiw in der Ukraine, im ehemaligem Galizien. Beitrag von Thomas Potsdamer-Ehrenmale.de Kriegsgräberstätte 1914-1918 Der Friedhof Stryj befindet sich 70. km südl. von Lemberg. Auf dem Friedhof fanden zur zeit des Ersten Weltkrieges &hellip; <a href="http://www.denkfried.de/wp/?page_id=27472">Weiterlesen <span class="meta-nav">&rarr;</span></a></p>
