{"id":27461,"date":"2012-11-30T21:03:44","date_gmt":"2012-11-30T20:03:44","guid":{"rendered":"http:\/\/www.denkfried.de\/wp\/?page_id=27461"},"modified":"2012-11-30T21:25:12","modified_gmt":"2012-11-30T20:25:12","slug":"munster","status":"publish","type":"page","link":"http:\/\/www.denkfried.de\/wp\/?page_id=27461","title":{"rendered":"Munster"},"content":{"rendered":"<p>&nbsp;<\/p>\n<p><strong>Munster<\/strong> im D\u00e9partement Haut-Rhin in der Region Elsass<\/p>\n<p>Beitrag von Thomas <a href=\"http:\/\/potsdamer-ehrenmale.de.tl\/Hauptseite.htm\">Potsdamer-Ehrenmale.de<\/a><\/p>\n<p><a href=\"http:\/\/www.denkfried.de\/wp\/?attachment_id=27464\" rel=\"attachment wp-att-27464\"><img loading=\"lazy\" decoding=\"async\" class=\"alignnone size-medium wp-image-27464\" title=\"Kriegsgr\u00e4berst\u00e4tte Munster\" src=\"http:\/\/www.denkfried.de\/wp\/wp-content\/uploads\/2012\/11\/Kriegsgr\u00e4berst\u00e4tte-M\u00fcnster-300x135.jpg\" alt=\"\" width=\"300\" height=\"135\" srcset=\"http:\/\/www.denkfried.de\/wp\/wp-content\/uploads\/2012\/11\/Kriegsgr\u00e4berst\u00e4tte-M\u00fcnster-300x135.jpg 300w, http:\/\/www.denkfried.de\/wp\/wp-content\/uploads\/2012\/11\/Kriegsgr\u00e4berst\u00e4tte-M\u00fcnster.jpg 640w\" sizes=\"auto, (max-width: 300px) 100vw, 300px\" \/><\/a><\/p>\n<p><strong>Kriegsgr\u00e4berst\u00e4tte 1914-1918<\/strong><\/p>\n<p>Der Friedhof Munster liegt ca. 20 km westl. von Colmar.<br \/>\nAuf dem Friedhof ruhen (ruhten?) deutsche Gefallenen.<br \/>\nIn einem Sammelgrab ruhen 44 Gefallenen, desweiteren befinden<br \/>\nsich hier 322 Einzelgr\u00e4ber.<\/p>\n<p>&nbsp;<\/p>\n<p>Quelle: Ehrenbuch der Stadt Karlsruhe<\/p>\n","protected":false},"excerpt":{"rendered":"<p>&nbsp; Munster im D\u00e9partement Haut-Rhin in der Region Elsass Beitrag von Thomas Potsdamer-Ehrenmale.de Kriegsgr\u00e4berst\u00e4tte 1914-1918 Der Friedhof Munster liegt ca. 20 km westl. von Colmar. Auf dem Friedhof ruhen (ruhten?) deutsche Gefallenen. In einem Sammelgrab ruhen 44 Gefallenen, desweiteren befinden &hellip; <a href=\"http:\/\/www.denkfried.de\/wp\/?page_id=27461\">Weiterlesen <span class=\"meta-nav\">&rarr;<\/span><\/a><\/p>\n","protected":false},"author":9,"featured_media":0,"parent":8236,"menu_order":0,"comment_status":"closed","ping_status":"open","template":"","meta":{"footnotes":""},"class_list":["post-27461","page","type-page","status-publish","hentry"],"_links":{"self":[{"href":"http:\/\/www.denkfried.de\/wp\/index.php?rest_route=\/wp\/v2\/pages\/27461","targetHints":{"allow":["GET"]}}],"collection":[{"href":"http:\/\/www.denkfried.de\/wp\/index.php?rest_route=\/wp\/v2\/pages"}],"about":[{"href":"http:\/\/www.denkfried.de\/wp\/index.php?rest_route=\/wp\/v2\/types\/page"}],"author":[{"embeddable":true,"href":"http:\/\/www.denkfried.de\/wp\/index.php?rest_route=\/wp\/v2\/users\/9"}],"replies":[{"embeddable":true,"href":"http:\/\/www.denkfried.de\/wp\/index.php?rest_route=%2Fwp%2Fv2%2Fcomments&post=27461"}],"version-history":[{"count":5,"href":"http:\/\/www.denkfried.de\/wp\/index.php?rest_route=\/wp\/v2\/pages\/27461\/revisions"}],"predecessor-version":[{"id":27466,"href":"http:\/\/www.denkfried.de\/wp\/index.php?rest_route=\/wp\/v2\/pages\/27461\/revisions\/27466"}],"up":[{"embeddable":true,"href":"http:\/\/www.denkfried.de\/wp\/index.php?rest_route=\/wp\/v2\/pages\/8236"}],"wp:attachment":[{"href":"http:\/\/www.denkfried.de\/wp\/index.php?rest_route=%2Fwp%2Fv2%2Fmedia&parent=27461"}],"curies":[{"name":"wp","href":"https:\/\/api.w.org\/{rel}","templated":true}]}}

<p>&nbsp;</p>
<p><strong>Munster</strong> im Département Haut-Rhin in der Region Elsass</p>
<p>Beitrag von Thomas <a href="http://potsdamer-ehrenmale.de.tl/Hauptseite.htm">Potsdamer-Ehrenmale.de</a></p>
<p><a href="http://www.denkfried.de/wp/?attachment_id=27464" rel="attachment wp-att-27464"><img loading="lazy" decoding="async" class="alignnone size-medium wp-image-27464" title="Kriegsgräberstätte Munster" src="http://www.denkfried.de/wp/wp-content/uploads/2012/11/Kriegsgräberstätte-Münster-300x135.jpg" alt="" width="300" height="135" srcset="http://www.denkfried.de/wp/wp-content/uploads/2012/11/Kriegsgräberstätte-Münster-300x135.jpg 300w, http://www.denkfried.de/wp/wp-content/uploads/2012/11/Kriegsgräberstätte-Münster.jpg 640w" sizes="auto, (max-width: 300px) 100vw, 300px" /></a></p>
<p><strong>Kriegsgräberstätte 1914-1918</strong></p>
<p>Der Friedhof Munster liegt ca. 20 km westl. von Colmar.<br />
Auf dem Friedhof ruhen (ruhten?) deutsche Gefallenen.<br />
In einem Sammelgrab ruhen 44 Gefallenen, desweiteren befinden<br />
sich hier 322 Einzelgräber.</p>
<p>&nbsp;</p>
<p>Quelle: Ehrenbuch der Stadt Karlsruhe</p>

<p>&nbsp; Munster im Département Haut-Rhin in der Region Elsass Beitrag von Thomas Potsdamer-Ehrenmale.de Kriegsgräberstätte 1914-1918 Der Friedhof Munster liegt ca. 20 km westl. von Colmar. Auf dem Friedhof ruhen (ruhten?) deutsche Gefallenen. In einem Sammelgrab ruhen 44 Gefallenen, desweiteren befinden &hellip; <a href="http://www.denkfried.de/wp/?page_id=27461">Weiterlesen <span class="meta-nav">&rarr;</span></a></p>
