{"id":27224,"date":"2012-11-27T22:00:06","date_gmt":"2012-11-27T21:00:06","guid":{"rendered":"http:\/\/www.denkfried.de\/wp\/?page_id=27224"},"modified":"2012-11-27T22:17:17","modified_gmt":"2012-11-27T21:17:17","slug":"laon","status":"publish","type":"page","link":"http:\/\/www.denkfried.de\/wp\/?page_id=27224","title":{"rendered":"Laon"},"content":{"rendered":"<p>&nbsp;<\/p>\n<p>Das Arrondissement <strong>Laon<\/strong> ist eine Verwaltungseinheit des D\u00e9partements Aisne.<\/p>\n<p>Laon besteht aus 13 Kantonen und 278 Gemeinden<\/p>\n<p>&nbsp;<\/p>\n<p><a href=\"http:\/\/www.denkfried.de\/wp\/?page_id=27229\">Deutsche Kriegsgr\u00e4berst\u00e4tte 1914 &#8211; 1918<\/a><\/p>\n<p>&nbsp;<\/p>\n","protected":false},"excerpt":{"rendered":"<p>&nbsp; Das Arrondissement Laon ist eine Verwaltungseinheit des D\u00e9partements Aisne. Laon besteht aus 13 Kantonen und 278 Gemeinden &nbsp; Deutsche Kriegsgr\u00e4berst\u00e4tte 1914 &#8211; 1918 &nbsp;<\/p>\n","protected":false},"author":9,"featured_media":0,"parent":8209,"menu_order":0,"comment_status":"closed","ping_status":"open","template":"","meta":{"footnotes":""},"class_list":["post-27224","page","type-page","status-publish","hentry"],"_links":{"self":[{"href":"http:\/\/www.denkfried.de\/wp\/index.php?rest_route=\/wp\/v2\/pages\/27224","targetHints":{"allow":["GET"]}}],"collection":[{"href":"http:\/\/www.denkfried.de\/wp\/index.php?rest_route=\/wp\/v2\/pages"}],"about":[{"href":"http:\/\/www.denkfried.de\/wp\/index.php?rest_route=\/wp\/v2\/types\/page"}],"author":[{"embeddable":true,"href":"http:\/\/www.denkfried.de\/wp\/index.php?rest_route=\/wp\/v2\/users\/9"}],"replies":[{"embeddable":true,"href":"http:\/\/www.denkfried.de\/wp\/index.php?rest_route=%2Fwp%2Fv2%2Fcomments&post=27224"}],"version-history":[{"count":4,"href":"http:\/\/www.denkfried.de\/wp\/index.php?rest_route=\/wp\/v2\/pages\/27224\/revisions"}],"predecessor-version":[{"id":27237,"href":"http:\/\/www.denkfried.de\/wp\/index.php?rest_route=\/wp\/v2\/pages\/27224\/revisions\/27237"}],"up":[{"embeddable":true,"href":"http:\/\/www.denkfried.de\/wp\/index.php?rest_route=\/wp\/v2\/pages\/8209"}],"wp:attachment":[{"href":"http:\/\/www.denkfried.de\/wp\/index.php?rest_route=%2Fwp%2Fv2%2Fmedia&parent=27224"}],"curies":[{"name":"wp","href":"https:\/\/api.w.org\/{rel}","templated":true}]}}

<p>&nbsp;</p>
<p>Das Arrondissement <strong>Laon</strong> ist eine Verwaltungseinheit des Départements Aisne.</p>
<p>Laon besteht aus 13 Kantonen und 278 Gemeinden</p>
<p>&nbsp;</p>
<p><a href="http://www.denkfried.de/wp/?page_id=27229">Deutsche Kriegsgräberstätte 1914 &#8211; 1918</a></p>
<p>&nbsp;</p>

<p>&nbsp; Das Arrondissement Laon ist eine Verwaltungseinheit des Départements Aisne. Laon besteht aus 13 Kantonen und 278 Gemeinden &nbsp; Deutsche Kriegsgräberstätte 1914 &#8211; 1918 &nbsp;</p>
