{"id":2619,"date":"2011-04-12T11:33:41","date_gmt":"2011-04-12T09:33:41","guid":{"rendered":"http:\/\/www.denkfried.de\/wp\/?page_id=2619"},"modified":"2011-04-12T11:33:41","modified_gmt":"2011-04-12T09:33:41","slug":"kartitsch-hochgranten","status":"publish","type":"page","link":"http:\/\/www.denkfried.de\/wp\/?page_id=2619","title":{"rendered":"Kartitsch &#8211; Hochgr\u00e4nten"},"content":{"rendered":"<p>&nbsp;<\/p>\n<p><strong>9941 Kartitsch<\/strong><\/p>\n<p>Soldatenfriedhof Hochgr\u00e4nten \/ Osttirol<\/p>\n<p>Die  beiden Bilder sind von \u00d6sterreichs h\u00f6chstgelegenem Kriegerfriedhof in  Osttirol n\u00e4her hin von Hochgr\u00e4nten, wo vier\u00a0 \u00f6sterreichische Soldaten im  September 1915 gefallen sind.<\/p>\n<p>Fotos: Adjutant<\/p>\n<div id='gallery-1' class='gallery galleryid-2619 gallery-columns-2 gallery-size-thumbnail'><dl class='gallery-item'>\n\t\t\t<dt class='gallery-icon landscape'>\n\t\t\t\t<a href='http:\/\/www.denkfried.de\/wp\/?attachment_id=2620'><img loading=\"lazy\" decoding=\"async\" width=\"150\" height=\"150\" src=\"http:\/\/www.denkfried.de\/wp\/wp-content\/uploads\/2011\/04\/hochgraenten_2-150x150.jpg\" class=\"attachment-thumbnail size-thumbnail\" alt=\"\" \/><\/a>\n\t\t\t<\/dt><\/dl><dl class='gallery-item'>\n\t\t\t<dt class='gallery-icon landscape'>\n\t\t\t\t<a href='http:\/\/www.denkfried.de\/wp\/?attachment_id=2621'><img loading=\"lazy\" decoding=\"async\" width=\"150\" height=\"150\" src=\"http:\/\/www.denkfried.de\/wp\/wp-content\/uploads\/2011\/04\/hochgraenten_1-150x150.jpg\" class=\"attachment-thumbnail size-thumbnail\" alt=\"\" \/><\/a>\n\t\t\t<\/dt><\/dl><br style=\"clear: both\" \/>\n\t\t<\/div>\n\n","protected":false},"excerpt":{"rendered":"<p>&nbsp; 9941 Kartitsch Soldatenfriedhof Hochgr\u00e4nten \/ Osttirol Die beiden Bilder sind von \u00d6sterreichs h\u00f6chstgelegenem Kriegerfriedhof in Osttirol n\u00e4her hin von Hochgr\u00e4nten, wo vier\u00a0 \u00f6sterreichische Soldaten im September 1915 gefallen sind. Fotos: Adjutant<\/p>\n","protected":false},"author":2,"featured_media":0,"parent":2536,"menu_order":0,"comment_status":"closed","ping_status":"open","template":"","meta":{"footnotes":""},"class_list":["post-2619","page","type-page","status-publish","hentry"],"_links":{"self":[{"href":"http:\/\/www.denkfried.de\/wp\/index.php?rest_route=\/wp\/v2\/pages\/2619","targetHints":{"allow":["GET"]}}],"collection":[{"href":"http:\/\/www.denkfried.de\/wp\/index.php?rest_route=\/wp\/v2\/pages"}],"about":[{"href":"http:\/\/www.denkfried.de\/wp\/index.php?rest_route=\/wp\/v2\/types\/page"}],"author":[{"embeddable":true,"href":"http:\/\/www.denkfried.de\/wp\/index.php?rest_route=\/wp\/v2\/users\/2"}],"replies":[{"embeddable":true,"href":"http:\/\/www.denkfried.de\/wp\/index.php?rest_route=%2Fwp%2Fv2%2Fcomments&post=2619"}],"version-history":[{"count":2,"href":"http:\/\/www.denkfried.de\/wp\/index.php?rest_route=\/wp\/v2\/pages\/2619\/revisions"}],"predecessor-version":[{"id":2623,"href":"http:\/\/www.denkfried.de\/wp\/index.php?rest_route=\/wp\/v2\/pages\/2619\/revisions\/2623"}],"up":[{"embeddable":true,"href":"http:\/\/www.denkfried.de\/wp\/index.php?rest_route=\/wp\/v2\/pages\/2536"}],"wp:attachment":[{"href":"http:\/\/www.denkfried.de\/wp\/index.php?rest_route=%2Fwp%2Fv2%2Fmedia&parent=2619"}],"curies":[{"name":"wp","href":"https:\/\/api.w.org\/{rel}","templated":true}]}}

Kartitsch &#8211; Hochgränten

<p>&nbsp;</p>
<p><strong>9941 Kartitsch</strong></p>
<p>Soldatenfriedhof Hochgränten / Osttirol</p>
<p>Die  beiden Bilder sind von Österreichs höchstgelegenem Kriegerfriedhof in  Osttirol näher hin von Hochgränten, wo vier  österreichische Soldaten im  September 1915 gefallen sind.</p>
<p>Fotos: Adjutant</p>
<div id='gallery-1' class='gallery galleryid-2619 gallery-columns-2 gallery-size-thumbnail'><dl class='gallery-item'>
			<dt class='gallery-icon landscape'>
				<a href='http://www.denkfried.de/wp/?attachment_id=2620'><img loading="lazy" decoding="async" width="150" height="150" src="http://www.denkfried.de/wp/wp-content/uploads/2011/04/hochgraenten_2-150x150.jpg" class="attachment-thumbnail size-thumbnail" alt="" /></a>
			</dt></dl><dl class='gallery-item'>
			<dt class='gallery-icon landscape'>
				<a href='http://www.denkfried.de/wp/?attachment_id=2621'><img loading="lazy" decoding="async" width="150" height="150" src="http://www.denkfried.de/wp/wp-content/uploads/2011/04/hochgraenten_1-150x150.jpg" class="attachment-thumbnail size-thumbnail" alt="" /></a>
			</dt></dl><br style="clear: both" />
		</div>

<p>&nbsp; 9941 Kartitsch Soldatenfriedhof Hochgränten / Osttirol Die beiden Bilder sind von Österreichs höchstgelegenem Kriegerfriedhof in Osttirol näher hin von Hochgränten, wo vier  österreichische Soldaten im September 1915 gefallen sind. Fotos: Adjutant</p>
