{"id":25656,"date":"2012-09-25T20:26:59","date_gmt":"2012-09-25T18:26:59","guid":{"rendered":"http:\/\/www.denkfried.de\/wp\/?page_id=25656"},"modified":"2013-05-04T20:55:52","modified_gmt":"2013-05-04T18:55:52","slug":"franzosisch-buchholz","status":"publish","type":"page","link":"http:\/\/www.denkfried.de\/wp\/?page_id=25656","title":{"rendered":"Franz\u00f6sisch Buchholz"},"content":{"rendered":"<p>&nbsp;<\/p>\n<p><strong>Berlin-Franz\u00f6sisch Buchholz<\/strong><\/p>\n<p>Ab 1699 durch die Besiedlung von Hugenotten, \u00e4nderte sich der\u00a0Sprachgebrauch. Was auf den\u00a0jetzigen\u00a0Ortsnamen zur\u00fcck zuf\u00fchren ist.<\/p>\n<p>Im Zweiten Weltkrieg wurde Buchholz von Bomben heimgesucht. Am 22. November 1943 starben 23 Buchholzer B\u00fcrger.<\/p>\n<ul>\n<li><a href=\"http:\/\/www.denkfried.de\/wp\/?page_id=25663\">Denkmal und Gedenktafel<\/a><\/li>\n<li><a href=\"http:\/\/www.denkfried.de\/wp\/?page_id=30378\">Friedhof Pankow IX<\/a><\/li>\n<\/ul>\n<p><strong><span style=\"font-size: medium;\"><span style=\"line-height: 24px;\">Gedenkstein am Pfarrer Hutienne Platz vor der Evang. Kirche<\/span><\/span><\/strong><\/p>\n<div><\/div>\n<p><a href=\"http:\/\/www.denkfried.de\/wp\/?attachment_id=25987\" rel=\"attachment wp-att-25987\"><img loading=\"lazy\" decoding=\"async\" class=\"size-medium wp-image-25987 aligncenter\" title=\"Gedenkstein\" alt=\"\" src=\"http:\/\/www.denkfried.de\/wp\/wp-content\/uploads\/2012\/09\/DSCF2300-300x225.jpg\" width=\"300\" height=\"225\" srcset=\"http:\/\/www.denkfried.de\/wp\/wp-content\/uploads\/2012\/09\/DSCF2300-300x225.jpg 300w, http:\/\/www.denkfried.de\/wp\/wp-content\/uploads\/2012\/09\/DSCF2300.jpg 640w\" sizes=\"auto, (max-width: 300px) 100vw, 300px\" \/><\/a><\/p>\n<p>Im Jahre 1999 erhielt der Ort nach dem willen seiner B\u00fcrger den Historischen Namen zur\u00fcck. Im Bewusstsein unserer Deutsch-Franz\u00f6sischen Tradition eines Fruchtbaren\u00a0Zusammenwirkens\u00a0in Toleranz und gegenseitiger Achtung steht dieser Name f\u00fcr das Verbindende, das Historische und das Neue.<\/p>\n","protected":false},"excerpt":{"rendered":"<p>&nbsp; Berlin-Franz\u00f6sisch Buchholz Ab 1699 durch die Besiedlung von Hugenotten, \u00e4nderte sich der\u00a0Sprachgebrauch. Was auf den\u00a0jetzigen\u00a0Ortsnamen zur\u00fcck zuf\u00fchren ist. Im Zweiten Weltkrieg wurde Buchholz von Bomben heimgesucht. Am 22. November 1943 starben 23 Buchholzer B\u00fcrger. Denkmal und Gedenktafel Friedhof Pankow &hellip; <a href=\"http:\/\/www.denkfried.de\/wp\/?page_id=25656\">Weiterlesen <span class=\"meta-nav\">&rarr;<\/span><\/a><\/p>\n","protected":false},"author":9,"featured_media":0,"parent":4562,"menu_order":0,"comment_status":"closed","ping_status":"open","template":"","meta":{"footnotes":""},"class_list":["post-25656","page","type-page","status-publish","hentry"],"_links":{"self":[{"href":"http:\/\/www.denkfried.de\/wp\/index.php?rest_route=\/wp\/v2\/pages\/25656","targetHints":{"allow":["GET"]}}],"collection":[{"href":"http:\/\/www.denkfried.de\/wp\/index.php?rest_route=\/wp\/v2\/pages"}],"about":[{"href":"http:\/\/www.denkfried.de\/wp\/index.php?rest_route=\/wp\/v2\/types\/page"}],"author":[{"embeddable":true,"href":"http:\/\/www.denkfried.de\/wp\/index.php?rest_route=\/wp\/v2\/users\/9"}],"replies":[{"embeddable":true,"href":"http:\/\/www.denkfried.de\/wp\/index.php?rest_route=%2Fwp%2Fv2%2Fcomments&post=25656"}],"version-history":[{"count":12,"href":"http:\/\/www.denkfried.de\/wp\/index.php?rest_route=\/wp\/v2\/pages\/25656\/revisions"}],"predecessor-version":[{"id":30385,"href":"http:\/\/www.denkfried.de\/wp\/index.php?rest_route=\/wp\/v2\/pages\/25656\/revisions\/30385"}],"up":[{"embeddable":true,"href":"http:\/\/www.denkfried.de\/wp\/index.php?rest_route=\/wp\/v2\/pages\/4562"}],"wp:attachment":[{"href":"http:\/\/www.denkfried.de\/wp\/index.php?rest_route=%2Fwp%2Fv2%2Fmedia&parent=25656"}],"curies":[{"name":"wp","href":"https:\/\/api.w.org\/{rel}","templated":true}]}}

Französisch Buchholz

<p>&nbsp;</p>
<p><strong>Berlin-Französisch Buchholz</strong></p>
<p>Ab 1699 durch die Besiedlung von Hugenotten, änderte sich der Sprachgebrauch. Was auf den jetzigen Ortsnamen zurück zuführen ist.</p>
<p>Im Zweiten Weltkrieg wurde Buchholz von Bomben heimgesucht. Am 22. November 1943 starben 23 Buchholzer Bürger.</p>
<ul>
<li><a href="http://www.denkfried.de/wp/?page_id=25663">Denkmal und Gedenktafel</a></li>
<li><a href="http://www.denkfried.de/wp/?page_id=30378">Friedhof Pankow IX</a></li>
</ul>
<p><strong><span style="font-size: medium;"><span style="line-height: 24px;">Gedenkstein am Pfarrer Hutienne Platz vor der Evang. Kirche</span></span></strong></p>
<div></div>
<p><a href="http://www.denkfried.de/wp/?attachment_id=25987" rel="attachment wp-att-25987"><img loading="lazy" decoding="async" class="size-medium wp-image-25987 aligncenter" title="Gedenkstein" alt="" src="http://www.denkfried.de/wp/wp-content/uploads/2012/09/DSCF2300-300x225.jpg" width="300" height="225" srcset="http://www.denkfried.de/wp/wp-content/uploads/2012/09/DSCF2300-300x225.jpg 300w, http://www.denkfried.de/wp/wp-content/uploads/2012/09/DSCF2300.jpg 640w" sizes="auto, (max-width: 300px) 100vw, 300px" /></a></p>
<p>Im Jahre 1999 erhielt der Ort nach dem willen seiner Bürger den Historischen Namen zurück. Im Bewusstsein unserer Deutsch-Französischen Tradition eines Fruchtbaren Zusammenwirkens in Toleranz und gegenseitiger Achtung steht dieser Name für das Verbindende, das Historische und das Neue.</p>

<p>&nbsp; Berlin-Französisch Buchholz Ab 1699 durch die Besiedlung von Hugenotten, änderte sich der Sprachgebrauch. Was auf den jetzigen Ortsnamen zurück zuführen ist. Im Zweiten Weltkrieg wurde Buchholz von Bomben heimgesucht. Am 22. November 1943 starben 23 Buchholzer Bürger. Denkmal und Gedenktafel Friedhof Pankow &hellip; <a href="http://www.denkfried.de/wp/?page_id=25656">Weiterlesen <span class="meta-nav">&rarr;</span></a></p>
