{"id":25498,"date":"2012-09-24T18:48:08","date_gmt":"2012-09-24T16:48:08","guid":{"rendered":"http:\/\/www.denkfried.de\/wp\/?page_id=25498"},"modified":"2017-02-28T16:51:21","modified_gmt":"2017-02-28T15:51:21","slug":"gedenkbuch","status":"publish","type":"page","link":"http:\/\/www.denkfried.de\/wp\/?page_id=25498","title":{"rendered":"&#8211; Gedenkbuch"},"content":{"rendered":"<p>&nbsp;<\/p>\n<p><span style=\"text-decoration: underline;\">69124 Heidelberg &#8211; <\/span><strong><span style=\"text-decoration: underline;\">OT Kirchheim<\/span> <\/strong><\/p>\n<p><strong>Gedenkbuch<\/strong><\/p>\n<p>Bericht und Bilder von Thomas <a href=\"http:\/\/potsdamer-ehrenmale.de.tl\/Hauptseite.htm\">Potsdamer-Ehrenmale.de<\/a><\/p>\n<p>Weiheschrift anl\u00e4\u00dflich der Errichtung des Ehrenmals f\u00fcr unsere Gefallenen und Vermi\u00dften auf dem Kirchheimer Friedhof mit einer Ged\u00e4chtnistafel. Das Buch erschien zum Totensonntag den 26.11.1961.<\/p>\n<div id='gallery-1' class='gallery galleryid-25498 gallery-columns-4 gallery-size-thumbnail'><dl class='gallery-item'>\n\t\t\t<dt class='gallery-icon portrait'>\n\t\t\t\t<a href='http:\/\/www.denkfried.de\/wp\/?attachment_id=25532'><img loading=\"lazy\" decoding=\"async\" width=\"150\" height=\"150\" src=\"http:\/\/www.denkfried.de\/wp\/wp-content\/uploads\/2012\/09\/Kriegsopfer-Kirchheim-Heidelberg-150x150.jpg\" class=\"attachment-thumbnail size-thumbnail\" alt=\"\" \/><\/a>\n\t\t\t<\/dt><\/dl><dl class='gallery-item'>\n\t\t\t<dt class='gallery-icon landscape'>\n\t\t\t\t<a href='http:\/\/www.denkfried.de\/wp\/?attachment_id=25533'><img loading=\"lazy\" decoding=\"async\" width=\"150\" height=\"150\" src=\"http:\/\/www.denkfried.de\/wp\/wp-content\/uploads\/2012\/09\/Kriegsopfer-Kirchheim-Heidelberg-2-150x150.jpg\" class=\"attachment-thumbnail size-thumbnail\" alt=\"\" aria-describedby=\"gallery-1-25533\" \/><\/a>\n\t\t\t<\/dt>\n\t\t\t\t<dd class='wp-caption-text gallery-caption' id='gallery-1-25533'>\n\t\t\t\tGed\u00e4chtnistafel\n\t\t\t\t<\/dd><\/dl><dl class='gallery-item'>\n\t\t\t<dt class='gallery-icon landscape'>\n\t\t\t\t<a href='http:\/\/www.denkfried.de\/wp\/?attachment_id=25535'><img loading=\"lazy\" decoding=\"async\" width=\"150\" height=\"150\" src=\"http:\/\/www.denkfried.de\/wp\/wp-content\/uploads\/2012\/09\/Kriegsopfer-Kirchheim-Heidelberg-4-150x150.jpg\" class=\"attachment-thumbnail size-thumbnail\" alt=\"\" aria-describedby=\"gallery-1-25535\" \/><\/a>\n\t\t\t<\/dt>\n\t\t\t\t<dd class='wp-caption-text gallery-caption' id='gallery-1-25535'>\n\t\t\t\tNamen 1914-1918\n\t\t\t\t<\/dd><\/dl><dl class='gallery-item'>\n\t\t\t<dt class='gallery-icon landscape'>\n\t\t\t\t<a href='http:\/\/www.denkfried.de\/wp\/?attachment_id=25534'><img loading=\"lazy\" decoding=\"async\" width=\"150\" height=\"150\" src=\"http:\/\/www.denkfried.de\/wp\/wp-content\/uploads\/2012\/09\/Kriegsopfer-Kirchheim-Heidelberg-3-150x150.jpg\" class=\"attachment-thumbnail size-thumbnail\" alt=\"\" aria-describedby=\"gallery-1-25534\" \/><\/a>\n\t\t\t<\/dt>\n\t\t\t\t<dd class='wp-caption-text gallery-caption' id='gallery-1-25534'>\n\t\t\t\tNamen 1939-1945\n\t\t\t\t<\/dd><\/dl><br style=\"clear: both\" \/>\n\t\t<\/div>\n\n<p>Das Buch tr\u00e4gt die Namen der Kriegstoten des Ortes. Vom Befreiungskrieg\u00a01870-71 sind 4 Namen niedergeschrieben. Desweiteren sind die Namen der in den Ersten und Zweiten Weltkriege Gefallenen und Vermi\u00dften.<\/p>\n<p><strong>Gru\u00dfwort<\/strong> vom damaligen Oberb\u00fcrgermeister Robert Weber<\/p>\n<p>Die Ehrung der Toten und das Gedenken an sie war immer ein besonderes Anliegen der Menschen. Sie mu\u00df es bleiben, wollen wir nicht die Ehrfurcht und die Liebe verlernen und damit mit unserem Leben ins Nichts sinken.\u00a0Der Toten und Vermi\u00dften eines Krieges mit einem mahnenden Ehrenmal zu gedenken, ist richtig und n\u00f6tig.\u00a0Sie zogen hinaus, in unserer Erinnerung in der Vollkraft, sie wollten ihre Lieben in der Heimat sch\u00fctzen und folgten dem Befehl, der sie rief. Wir, die wir t\u00e4glich das Licht schauen d\u00fcrfen, wir m\u00fcssen ihr mahnendes Verm\u00e4chtnis h\u00fcten und pflegen:<\/p>\n<p><em>Es darf die Menschen sich nie mehr im Machtkampf solch bitteres Leid antun. Verge\u00dft das nicht, und uns nicht, die wir Saat dieses Wissens sein mu\u00dften.<\/em><\/p>\n<p>Darum gr\u00fc\u00dft die Stadt diese Toten und Vermi\u00dften und begr\u00fc\u00dft es, da\u00df im Stadtteil Kirchheim zu solcher Mahnung ein Ehrenmal errichtet wird.<\/p>\n<p>&nbsp;<\/p>\n<p><strong>Erl\u00e4uterung im Buch<\/strong><\/p>\n<p>Zur namentlichen Erfassung der Gefallenen und Vermi\u00dften des Krieges 1939-1945 erschien in der Heidelberger Tagespresse ein zweimaliger Aufruf an die Bev\u00f6lkerung Kirchheims. Die Erfassung erfolgte im Kirchheimer Rathaus. Es wurden au\u00dferdem die Toten- und Taufb\u00fccher und sonstige Unterlagen der beiden Kirchengemeinden benutzt. Eine gro\u00dfe Hilfe war die vom Roten Kreuz Heidelberg zur Verf\u00fcgung gestellte Vermi\u00dften-Kartei. Listenm\u00e4\u00dfige Ausz\u00fcge aus dieser Kartei hat das Einwohnermeldeamt Heidelberg im Zusammenwirken mit dem Standesamt auf ihre Richtigkeit \u00fcberpr\u00fcft. Die beim st\u00e4dtischen Garten- und Friedhofsamt gef\u00fchrte Kriegsgr\u00e4ber-Liste wurde ebenfalls benutzt. Die Durchf\u00fchrungsarbeiten lagen in H\u00e4nden von A. Eller unter mithilfe von E. Halter.<\/p>\n<p><span style=\"color: #0000ff;\">Die Namen werden in die Datenbanken eingepflegt.<\/span><\/p>\n<p>&nbsp;<\/p>\n","protected":false},"excerpt":{"rendered":"<p>&nbsp; 69124 Heidelberg &#8211; OT Kirchheim Gedenkbuch Bericht und Bilder von Thomas Potsdamer-Ehrenmale.de Weiheschrift anl\u00e4\u00dflich der Errichtung des Ehrenmals f\u00fcr unsere Gefallenen und Vermi\u00dften auf dem Kirchheimer Friedhof mit einer Ged\u00e4chtnistafel. Das Buch erschien zum Totensonntag den 26.11.1961. Das Buch &hellip; <a href=\"http:\/\/www.denkfried.de\/wp\/?page_id=25498\">Weiterlesen <span class=\"meta-nav\">&rarr;<\/span><\/a><\/p>\n","protected":false},"author":9,"featured_media":0,"parent":25493,"menu_order":0,"comment_status":"closed","ping_status":"open","template":"","meta":{"footnotes":""},"class_list":["post-25498","page","type-page","status-publish","hentry"],"_links":{"self":[{"href":"http:\/\/www.denkfried.de\/wp\/index.php?rest_route=\/wp\/v2\/pages\/25498","targetHints":{"allow":["GET"]}}],"collection":[{"href":"http:\/\/www.denkfried.de\/wp\/index.php?rest_route=\/wp\/v2\/pages"}],"about":[{"href":"http:\/\/www.denkfried.de\/wp\/index.php?rest_route=\/wp\/v2\/types\/page"}],"author":[{"embeddable":true,"href":"http:\/\/www.denkfried.de\/wp\/index.php?rest_route=\/wp\/v2\/users\/9"}],"replies":[{"embeddable":true,"href":"http:\/\/www.denkfried.de\/wp\/index.php?rest_route=%2Fwp%2Fv2%2Fcomments&post=25498"}],"version-history":[{"count":20,"href":"http:\/\/www.denkfried.de\/wp\/index.php?rest_route=\/wp\/v2\/pages\/25498\/revisions"}],"predecessor-version":[{"id":41153,"href":"http:\/\/www.denkfried.de\/wp\/index.php?rest_route=\/wp\/v2\/pages\/25498\/revisions\/41153"}],"up":[{"embeddable":true,"href":"http:\/\/www.denkfried.de\/wp\/index.php?rest_route=\/wp\/v2\/pages\/25493"}],"wp:attachment":[{"href":"http:\/\/www.denkfried.de\/wp\/index.php?rest_route=%2Fwp%2Fv2%2Fmedia&parent=25498"}],"curies":[{"name":"wp","href":"https:\/\/api.w.org\/{rel}","templated":true}]}}

<p>&nbsp;</p>
<p><span style="text-decoration: underline;">69124 Heidelberg &#8211; </span><strong><span style="text-decoration: underline;">OT Kirchheim</span> </strong></p>
<p><strong>Gedenkbuch</strong></p>
<p>Bericht und Bilder von Thomas <a href="http://potsdamer-ehrenmale.de.tl/Hauptseite.htm">Potsdamer-Ehrenmale.de</a></p>
<p>Weiheschrift anläßlich der Errichtung des Ehrenmals für unsere Gefallenen und Vermißten auf dem Kirchheimer Friedhof mit einer Gedächtnistafel. Das Buch erschien zum Totensonntag den 26.11.1961.</p>
<div id='gallery-1' class='gallery galleryid-25498 gallery-columns-4 gallery-size-thumbnail'><dl class='gallery-item'>
			<dt class='gallery-icon portrait'>
				<a href='http://www.denkfried.de/wp/?attachment_id=25532'><img loading="lazy" decoding="async" width="150" height="150" src="http://www.denkfried.de/wp/wp-content/uploads/2012/09/Kriegsopfer-Kirchheim-Heidelberg-150x150.jpg" class="attachment-thumbnail size-thumbnail" alt="" /></a>
			</dt></dl><dl class='gallery-item'>
			<dt class='gallery-icon landscape'>
				<a href='http://www.denkfried.de/wp/?attachment_id=25533'><img loading="lazy" decoding="async" width="150" height="150" src="http://www.denkfried.de/wp/wp-content/uploads/2012/09/Kriegsopfer-Kirchheim-Heidelberg-2-150x150.jpg" class="attachment-thumbnail size-thumbnail" alt="" aria-describedby="gallery-1-25533" /></a>
			</dt>
				<dd class='wp-caption-text gallery-caption' id='gallery-1-25533'>
				Gedächtnistafel
				</dd></dl><dl class='gallery-item'>
			<dt class='gallery-icon landscape'>
				<a href='http://www.denkfried.de/wp/?attachment_id=25535'><img loading="lazy" decoding="async" width="150" height="150" src="http://www.denkfried.de/wp/wp-content/uploads/2012/09/Kriegsopfer-Kirchheim-Heidelberg-4-150x150.jpg" class="attachment-thumbnail size-thumbnail" alt="" aria-describedby="gallery-1-25535" /></a>
			</dt>
				<dd class='wp-caption-text gallery-caption' id='gallery-1-25535'>
				Namen 1914-1918
				</dd></dl><dl class='gallery-item'>
			<dt class='gallery-icon landscape'>
				<a href='http://www.denkfried.de/wp/?attachment_id=25534'><img loading="lazy" decoding="async" width="150" height="150" src="http://www.denkfried.de/wp/wp-content/uploads/2012/09/Kriegsopfer-Kirchheim-Heidelberg-3-150x150.jpg" class="attachment-thumbnail size-thumbnail" alt="" aria-describedby="gallery-1-25534" /></a>
			</dt>
				<dd class='wp-caption-text gallery-caption' id='gallery-1-25534'>
				Namen 1939-1945
				</dd></dl><br style="clear: both" />
		</div>

<p>Das Buch trägt die Namen der Kriegstoten des Ortes. Vom Befreiungskrieg 1870-71 sind 4 Namen niedergeschrieben. Desweiteren sind die Namen der in den Ersten und Zweiten Weltkriege Gefallenen und Vermißten.</p>
<p><strong>Grußwort</strong> vom damaligen Oberbürgermeister Robert Weber</p>
<p>Die Ehrung der Toten und das Gedenken an sie war immer ein besonderes Anliegen der Menschen. Sie muß es bleiben, wollen wir nicht die Ehrfurcht und die Liebe verlernen und damit mit unserem Leben ins Nichts sinken. Der Toten und Vermißten eines Krieges mit einem mahnenden Ehrenmal zu gedenken, ist richtig und nötig. Sie zogen hinaus, in unserer Erinnerung in der Vollkraft, sie wollten ihre Lieben in der Heimat schützen und folgten dem Befehl, der sie rief. Wir, die wir täglich das Licht schauen dürfen, wir müssen ihr mahnendes Vermächtnis hüten und pflegen:</p>
<p><em>Es darf die Menschen sich nie mehr im Machtkampf solch bitteres Leid antun. Vergeßt das nicht, und uns nicht, die wir Saat dieses Wissens sein mußten.</em></p>
<p>Darum grüßt die Stadt diese Toten und Vermißten und begrüßt es, daß im Stadtteil Kirchheim zu solcher Mahnung ein Ehrenmal errichtet wird.</p>
<p>&nbsp;</p>
<p><strong>Erläuterung im Buch</strong></p>
<p>Zur namentlichen Erfassung der Gefallenen und Vermißten des Krieges 1939-1945 erschien in der Heidelberger Tagespresse ein zweimaliger Aufruf an die Bevölkerung Kirchheims. Die Erfassung erfolgte im Kirchheimer Rathaus. Es wurden außerdem die Toten- und Taufbücher und sonstige Unterlagen der beiden Kirchengemeinden benutzt. Eine große Hilfe war die vom Roten Kreuz Heidelberg zur Verfügung gestellte Vermißten-Kartei. Listenmäßige Auszüge aus dieser Kartei hat das Einwohnermeldeamt Heidelberg im Zusammenwirken mit dem Standesamt auf ihre Richtigkeit überprüft. Die beim städtischen Garten- und Friedhofsamt geführte Kriegsgräber-Liste wurde ebenfalls benutzt. Die Durchführungsarbeiten lagen in Händen von A. Eller unter mithilfe von E. Halter.</p>
<p><span style="color: #0000ff;">Die Namen werden in die Datenbanken eingepflegt.</span></p>
<p>&nbsp;</p>

<p>&nbsp; 69124 Heidelberg &#8211; OT Kirchheim Gedenkbuch Bericht und Bilder von Thomas Potsdamer-Ehrenmale.de Weiheschrift anläßlich der Errichtung des Ehrenmals für unsere Gefallenen und Vermißten auf dem Kirchheimer Friedhof mit einer Gedächtnistafel. Das Buch erschien zum Totensonntag den 26.11.1961. Das Buch &hellip; <a href="http://www.denkfried.de/wp/?page_id=25498">Weiterlesen <span class="meta-nav">&rarr;</span></a></p>
