{"id":24831,"date":"2012-09-07T09:47:57","date_gmt":"2012-09-07T07:47:57","guid":{"rendered":"http:\/\/www.denkfried.de\/wp\/?page_id=24831"},"modified":"2012-09-07T10:04:15","modified_gmt":"2012-09-07T08:04:15","slug":"wiesenau","status":"publish","type":"page","link":"http:\/\/www.denkfried.de\/wp\/?page_id=24831","title":{"rendered":"Wiesenau"},"content":{"rendered":"<p>&nbsp;<\/p>\n<p>Brieskow-Finkenheerd &#8211; <strong>OT\u00a0Wiesenau<\/strong><\/p>\n<p>Bericht von Thomas <a href=\"http:\/\/potsdamer-ehrenmale.de.tl\/Hauptseite.htm\">Potsdamer-Ehrenmale.de<\/a><\/p>\n<p>Bilder von SZ\u00a018.06.2012<\/p>\n<div id='gallery-1' class='gallery galleryid-24831 gallery-columns-3 gallery-size-thumbnail'><dl class='gallery-item'>\n\t\t\t<dt class='gallery-icon portrait'>\n\t\t\t\t<a href='http:\/\/www.denkfried.de\/wp\/?attachment_id=24835'><img loading=\"lazy\" decoding=\"async\" width=\"150\" height=\"150\" src=\"http:\/\/www.denkfried.de\/wp\/wp-content\/uploads\/2012\/09\/Wiesenau1-150x150.jpg\" class=\"attachment-thumbnail size-thumbnail\" alt=\"\" \/><\/a>\n\t\t\t<\/dt><\/dl><dl class='gallery-item'>\n\t\t\t<dt class='gallery-icon landscape'>\n\t\t\t\t<a href='http:\/\/www.denkfried.de\/wp\/?attachment_id=24836'><img loading=\"lazy\" decoding=\"async\" width=\"150\" height=\"150\" src=\"http:\/\/www.denkfried.de\/wp\/wp-content\/uploads\/2012\/09\/Wiesenau3-150x150.jpg\" class=\"attachment-thumbnail size-thumbnail\" alt=\"\" \/><\/a>\n\t\t\t<\/dt><\/dl><dl class='gallery-item'>\n\t\t\t<dt class='gallery-icon portrait'>\n\t\t\t\t<a href='http:\/\/www.denkfried.de\/wp\/?attachment_id=24837'><img loading=\"lazy\" decoding=\"async\" width=\"150\" height=\"150\" src=\"http:\/\/www.denkfried.de\/wp\/wp-content\/uploads\/2012\/09\/Wiesenau5-150x150.jpg\" class=\"attachment-thumbnail size-thumbnail\" alt=\"\" \/><\/a>\n\t\t\t<\/dt><\/dl><br style=\"clear: both\" \/>\n\t\t<\/div>\n\n<p><strong>Friedhof<\/strong> hier befindet sich eine Grabanlage mit 37 Kriegstoten. Auf einem Gedenkstein, vor einem Holzkreuz stehen die Namen der Toten. \u00dcber den Namen ist folgende Inschrift:<\/p>\n<p style=\"text-align: center;\"><em><strong><span style=\"font-size: medium;\">Zum Gedenken der Kriegstoten das II.\u00a0<\/span><span style=\"font-size: medium;\">Weltkrieges<\/span><\/strong><\/em><\/p>\n<p>\u00a0Desweiteren sind auf dem Friedhof Privates Gedenken.<\/p>\n<p><strong>Denkmal<\/strong> vor der Dorfkirche. Ein Denkmal f\u00fcr die Gefallenen des Ersten Weltkrieges wurde hier aufgestellt. Sp\u00e4ter folgten\u00a0Erg\u00e4nzungen\u00a0nach Endes des Zweiten Weltkrieges. Das Denkmal besteht aus Feldsteinen, ein Eisernes Kreuz aus Sandstein auf dem Denkmal. Vor dem Denkmal sind Gedenksteine, hier verzeichnet sind die Toten des Zweiten Weltkrieges. Unterteilt sind sie nach dem Orten, welche au\u00dferhalb von Wiesenau zu Tode kamen. Durch Selbstmord Umgekommene, bei der Besetzung 1945 get\u00f6tete, 1945 \u00fcber die Oder verschleppte, die durch\u00a0Sprengstoffexplosionen ums leben kamen,\u00a01945 Abgeholte, die nicht wiederkamen und die an nach dem krieg an Seuche starben. Inschrift am Denkmal:<\/p>\n<p style=\"text-align: center;\"><em><strong><span style=\"font-size: medium;\">Dass G\u00fcte und Treue einander begegnen<br \/>\nGerechtigkeit und Frieden sich k\u00fcssen<br \/>\ndas Treue auf der Erde wachse<br \/>\nund Gerechtigkeit vom Himmel sehen<\/span><\/strong><\/em><\/p>\n<p style=\"text-align: center;\"><em><strong>Zum ehrenden Gedenken an die Gefallenen und Vermissten beider Weltkriege (1914-1918 und 1939-1945) und die Opfer von Kriegsfolgen,Willk\u00fcr und Gewalt<\/strong><\/em><\/p>\n<p style=\"text-align: center;\"><em><strong>Den Lebenden zur Mahnung den Frieden zu erhalten, die Freiheit zu sch\u00fctzen und die W\u00fcrde des Menschen zu achten<\/strong><\/em><\/p>\n<p style=\"text-align: center;\"><em><strong>Im 1.\u00a0<span style=\"font-size: medium;\">Weltkrieg gefallene Wiesenauer<\/span><\/strong><\/em><\/p>\n<p>&nbsp;<\/p>\n<p>Die Namen werden in die Datenbanken eingepflegt.<\/p>\n","protected":false},"excerpt":{"rendered":"<p>&nbsp; Brieskow-Finkenheerd &#8211; OT\u00a0Wiesenau Bericht von Thomas Potsdamer-Ehrenmale.de Bilder von SZ\u00a018.06.2012 Friedhof hier befindet sich eine Grabanlage mit 37 Kriegstoten. Auf einem Gedenkstein, vor einem Holzkreuz stehen die Namen der Toten. \u00dcber den Namen ist folgende Inschrift: Zum Gedenken der &hellip; <a href=\"http:\/\/www.denkfried.de\/wp\/?page_id=24831\">Weiterlesen <span class=\"meta-nav\">&rarr;<\/span><\/a><\/p>\n","protected":false},"author":9,"featured_media":0,"parent":24807,"menu_order":0,"comment_status":"closed","ping_status":"open","template":"","meta":{"footnotes":""},"class_list":["post-24831","page","type-page","status-publish","hentry"],"_links":{"self":[{"href":"http:\/\/www.denkfried.de\/wp\/index.php?rest_route=\/wp\/v2\/pages\/24831","targetHints":{"allow":["GET"]}}],"collection":[{"href":"http:\/\/www.denkfried.de\/wp\/index.php?rest_route=\/wp\/v2\/pages"}],"about":[{"href":"http:\/\/www.denkfried.de\/wp\/index.php?rest_route=\/wp\/v2\/types\/page"}],"author":[{"embeddable":true,"href":"http:\/\/www.denkfried.de\/wp\/index.php?rest_route=\/wp\/v2\/users\/9"}],"replies":[{"embeddable":true,"href":"http:\/\/www.denkfried.de\/wp\/index.php?rest_route=%2Fwp%2Fv2%2Fcomments&post=24831"}],"version-history":[{"count":13,"href":"http:\/\/www.denkfried.de\/wp\/index.php?rest_route=\/wp\/v2\/pages\/24831\/revisions"}],"predecessor-version":[{"id":24847,"href":"http:\/\/www.denkfried.de\/wp\/index.php?rest_route=\/wp\/v2\/pages\/24831\/revisions\/24847"}],"up":[{"embeddable":true,"href":"http:\/\/www.denkfried.de\/wp\/index.php?rest_route=\/wp\/v2\/pages\/24807"}],"wp:attachment":[{"href":"http:\/\/www.denkfried.de\/wp\/index.php?rest_route=%2Fwp%2Fv2%2Fmedia&parent=24831"}],"curies":[{"name":"wp","href":"https:\/\/api.w.org\/{rel}","templated":true}]}}

<p>&nbsp;</p>
<p>Brieskow-Finkenheerd &#8211; <strong>OT Wiesenau</strong></p>
<p>Bericht von Thomas <a href="http://potsdamer-ehrenmale.de.tl/Hauptseite.htm">Potsdamer-Ehrenmale.de</a></p>
<p>Bilder von SZ 18.06.2012</p>
<div id='gallery-1' class='gallery galleryid-24831 gallery-columns-3 gallery-size-thumbnail'><dl class='gallery-item'>
			<dt class='gallery-icon portrait'>
				<a href='http://www.denkfried.de/wp/?attachment_id=24835'><img loading="lazy" decoding="async" width="150" height="150" src="http://www.denkfried.de/wp/wp-content/uploads/2012/09/Wiesenau1-150x150.jpg" class="attachment-thumbnail size-thumbnail" alt="" /></a>
			</dt></dl><dl class='gallery-item'>
			<dt class='gallery-icon landscape'>
				<a href='http://www.denkfried.de/wp/?attachment_id=24836'><img loading="lazy" decoding="async" width="150" height="150" src="http://www.denkfried.de/wp/wp-content/uploads/2012/09/Wiesenau3-150x150.jpg" class="attachment-thumbnail size-thumbnail" alt="" /></a>
			</dt></dl><dl class='gallery-item'>
			<dt class='gallery-icon portrait'>
				<a href='http://www.denkfried.de/wp/?attachment_id=24837'><img loading="lazy" decoding="async" width="150" height="150" src="http://www.denkfried.de/wp/wp-content/uploads/2012/09/Wiesenau5-150x150.jpg" class="attachment-thumbnail size-thumbnail" alt="" /></a>
			</dt></dl><br style="clear: both" />
		</div>

<p><strong>Friedhof</strong> hier befindet sich eine Grabanlage mit 37 Kriegstoten. Auf einem Gedenkstein, vor einem Holzkreuz stehen die Namen der Toten. Über den Namen ist folgende Inschrift:</p>
<p style="text-align: center;"><em><strong><span style="font-size: medium;">Zum Gedenken der Kriegstoten das II. </span><span style="font-size: medium;">Weltkrieges</span></strong></em></p>
<p> Desweiteren sind auf dem Friedhof Privates Gedenken.</p>
<p><strong>Denkmal</strong> vor der Dorfkirche. Ein Denkmal für die Gefallenen des Ersten Weltkrieges wurde hier aufgestellt. Später folgten Ergänzungen nach Endes des Zweiten Weltkrieges. Das Denkmal besteht aus Feldsteinen, ein Eisernes Kreuz aus Sandstein auf dem Denkmal. Vor dem Denkmal sind Gedenksteine, hier verzeichnet sind die Toten des Zweiten Weltkrieges. Unterteilt sind sie nach dem Orten, welche außerhalb von Wiesenau zu Tode kamen. Durch Selbstmord Umgekommene, bei der Besetzung 1945 getötete, 1945 über die Oder verschleppte, die durch Sprengstoffexplosionen ums leben kamen, 1945 Abgeholte, die nicht wiederkamen und die an nach dem krieg an Seuche starben. Inschrift am Denkmal:</p>
<p style="text-align: center;"><em><strong><span style="font-size: medium;">Dass Güte und Treue einander begegnen<br />
Gerechtigkeit und Frieden sich küssen<br />
das Treue auf der Erde wachse<br />
und Gerechtigkeit vom Himmel sehen</span></strong></em></p>
<p style="text-align: center;"><em><strong>Zum ehrenden Gedenken an die Gefallenen und Vermissten beider Weltkriege (1914-1918 und 1939-1945) und die Opfer von Kriegsfolgen,Willkür und Gewalt</strong></em></p>
<p style="text-align: center;"><em><strong>Den Lebenden zur Mahnung den Frieden zu erhalten, die Freiheit zu schützen und die Würde des Menschen zu achten</strong></em></p>
<p style="text-align: center;"><em><strong>Im 1. <span style="font-size: medium;">Weltkrieg gefallene Wiesenauer</span></strong></em></p>
<p>&nbsp;</p>
<p>Die Namen werden in die Datenbanken eingepflegt.</p>

<p>&nbsp; Brieskow-Finkenheerd &#8211; OT Wiesenau Bericht von Thomas Potsdamer-Ehrenmale.de Bilder von SZ 18.06.2012 Friedhof hier befindet sich eine Grabanlage mit 37 Kriegstoten. Auf einem Gedenkstein, vor einem Holzkreuz stehen die Namen der Toten. Über den Namen ist folgende Inschrift: Zum Gedenken der &hellip; <a href="http://www.denkfried.de/wp/?page_id=24831">Weiterlesen <span class="meta-nav">&rarr;</span></a></p>
