{"id":24446,"date":"2012-08-21T16:57:59","date_gmt":"2012-08-21T14:57:59","guid":{"rendered":"http:\/\/www.denkfried.de\/wp\/?page_id=24446"},"modified":"2013-09-12T13:54:42","modified_gmt":"2013-09-12T11:54:42","slug":"wunsdorf-dorfkirche","status":"publish","type":"page","link":"http:\/\/www.denkfried.de\/wp\/?page_id=24446","title":{"rendered":"OT W\u00fcnsdorf"},"content":{"rendered":"<p>&nbsp;<\/p>\n<p><span style=\"text-decoration: underline;\">15806 Zossen &#8211; <strong>OT W\u00fcnsdorf<\/strong><\/span><\/p>\n<p>Dorfkirche Gedenktafeln und Denkm\u00e4ler<\/p>\n<p>Bericht und Bilder von Thomas <a href=\"http:\/\/potsdamer-ehrenmale.de.tl\/Hauptseite.htm\">Potsdamer-Ehrenmale.de<\/a><\/p>\n<div id='gallery-1' class='gallery galleryid-24446 gallery-columns-4 gallery-size-thumbnail'><dl class='gallery-item'>\n\t\t\t<dt class='gallery-icon portrait'>\n\t\t\t\t<a href='http:\/\/www.denkfried.de\/wp\/?attachment_id=24453'><img loading=\"lazy\" decoding=\"async\" width=\"150\" height=\"150\" src=\"http:\/\/www.denkfried.de\/wp\/wp-content\/uploads\/2012\/08\/DSCF2011-150x150.jpg\" class=\"attachment-thumbnail size-thumbnail\" alt=\"\" \/><\/a>\n\t\t\t<\/dt><\/dl><dl class='gallery-item'>\n\t\t\t<dt class='gallery-icon portrait'>\n\t\t\t\t<a href='http:\/\/www.denkfried.de\/wp\/?attachment_id=24455'><img loading=\"lazy\" decoding=\"async\" width=\"150\" height=\"150\" src=\"http:\/\/www.denkfried.de\/wp\/wp-content\/uploads\/2012\/08\/DSCF2016-150x150.jpg\" class=\"attachment-thumbnail size-thumbnail\" alt=\"\" \/><\/a>\n\t\t\t<\/dt><\/dl><dl class='gallery-item'>\n\t\t\t<dt class='gallery-icon portrait'>\n\t\t\t\t<a href='http:\/\/www.denkfried.de\/wp\/?attachment_id=24454'><img loading=\"lazy\" decoding=\"async\" width=\"150\" height=\"150\" src=\"http:\/\/www.denkfried.de\/wp\/wp-content\/uploads\/2012\/08\/DSCF2012-150x150.jpg\" class=\"attachment-thumbnail size-thumbnail\" alt=\"\" \/><\/a>\n\t\t\t<\/dt><\/dl><dl class='gallery-item'>\n\t\t\t<dt class='gallery-icon landscape'>\n\t\t\t\t<a href='http:\/\/www.denkfried.de\/wp\/?attachment_id=24456'><img loading=\"lazy\" decoding=\"async\" width=\"150\" height=\"150\" src=\"http:\/\/www.denkfried.de\/wp\/wp-content\/uploads\/2012\/08\/DSCF2017-150x150.jpg\" class=\"attachment-thumbnail size-thumbnail\" alt=\"\" \/><\/a>\n\t\t\t<\/dt><\/dl><br style=\"clear: both\" \/><dl class='gallery-item'>\n\t\t\t<dt class='gallery-icon landscape'>\n\t\t\t\t<a href='http:\/\/www.denkfried.de\/wp\/?attachment_id=32552'><img loading=\"lazy\" decoding=\"async\" width=\"150\" height=\"150\" src=\"http:\/\/www.denkfried.de\/wp\/wp-content\/uploads\/2012\/08\/W\u00fcnsdorf-ehrenmal-150x150.jpg\" class=\"attachment-thumbnail size-thumbnail\" alt=\"\" \/><\/a>\n\t\t\t<\/dt><\/dl><dl class='gallery-item'>\n\t\t\t<dt class='gallery-icon landscape'>\n\t\t\t\t<a href='http:\/\/www.denkfried.de\/wp\/?attachment_id=24459'><img loading=\"lazy\" decoding=\"async\" width=\"150\" height=\"150\" src=\"http:\/\/www.denkfried.de\/wp\/wp-content\/uploads\/2012\/08\/DSCF2028-150x150.jpg\" class=\"attachment-thumbnail size-thumbnail\" alt=\"\" \/><\/a>\n\t\t\t<\/dt><\/dl><dl class='gallery-item'>\n\t\t\t<dt class='gallery-icon landscape'>\n\t\t\t\t<a href='http:\/\/www.denkfried.de\/wp\/?attachment_id=24458'><img loading=\"lazy\" decoding=\"async\" width=\"150\" height=\"150\" src=\"http:\/\/www.denkfried.de\/wp\/wp-content\/uploads\/2012\/08\/DSCF2025-150x150.jpg\" class=\"attachment-thumbnail size-thumbnail\" alt=\"\" \/><\/a>\n\t\t\t<\/dt><\/dl><dl class='gallery-item'>\n\t\t\t<dt class='gallery-icon portrait'>\n\t\t\t\t<a href='http:\/\/www.denkfried.de\/wp\/?attachment_id=24452'><img loading=\"lazy\" decoding=\"async\" width=\"150\" height=\"150\" src=\"http:\/\/www.denkfried.de\/wp\/wp-content\/uploads\/2012\/08\/1813-150x150.jpg\" class=\"attachment-thumbnail size-thumbnail\" alt=\"\" \/><\/a>\n\t\t\t<\/dt><\/dl><br style=\"clear: both\" \/>\n\t\t<\/div>\n\n<p><strong>Gedenktafeln in der Kirche<\/strong><\/p>\n<p>Im Turmraum sind an einer wand drei Tafeln angebracht. Links stehen die Namen der Toten des Ersten Weltkrieges rechts die Namen der im Zweiten Weltkrieg gebliebenen. Mittig auf einem gro\u00dfen Holzkreuz ist folgende Inschrift:<\/p>\n<address style=\"text-align: center;\"><em><strong>Denn es ist gekommen der gro\u00dfe Tag seines Zorns,<\/strong><\/em><\/address>\n<address style=\"text-align: center;\"><em><strong>und wer kann bestehen?\u00a0Offenbarung (6,17)<\/strong><\/em><\/address>\n<address style=\"text-align: center;\">\u00a0<\/address>\n<p style=\"text-align: left;\">Die Schriftgestaltung der Kreuze ist von M. Grosser 1952. Gegen\u00fcber der Tafeln ist ein Reliefbild vom &#8222;letzten Gericht&#8220;. Von links nach rechts sieht man als Totentanz:\u00a0ein junger Mann, Junge Frau, Kr\u00fcppel, Mutter mit Kleinkind, Soldat, der Tod, B\u00e4uerin, Bauer, Gro\u00dfmutter mit Enkel, Gesch\u00e4ftsmann und ein Pfarrer.<\/p>\n<p><strong>Denkm\u00e4ler vor der Dorfkirche<\/strong> f\u00fcr die Gefallenen des Ersten Weltkrieges. Dahinter vor der Kirchhofmauer ein Gedenkstein f\u00fcr den Befreiungskrieg von 1813. <strong>Zur Erinnerung an die Jahrhundertfeier der glorreichen Erhebung Preussens 10. M\u00e4rz 1813 &#8211; 10. M\u00e4rz 1913.<\/strong> Das Denkmal der Gefallenen des Ersten Weltkrieges tr\u00e4gt vorne die Namen der Gefallenen, diese sind nach dem Todestag sortiert. Auf dem Denkmal war einst ein aus Bronze liegender Soldat. Die Bronzefigur wurde\u00a0wahrscheinlich\u00a0eingeschmolzen. Das Denkmal tr\u00e4gt folgende Inschrift.<\/p>\n<address style=\"text-align: center;\">vorne.\u00a0<strong>Den im Kampfe gegen eine Welt von Feinden<\/strong><\/address>\n<address style=\"text-align: center;\"><strong>gefallenen Helden zum ewigen Andenken<\/strong><br \/>\n<strong>Gemeinde W\u00fcnsdorf<\/strong><\/address>\n<address style=\"text-align: center;\">\u00a0<\/address>\n<address style=\"text-align: center;\">hinten: <strong>Es steht in den Sternen ein grosses Gesetz<\/strong><\/address>\n<address style=\"text-align: center;\"><strong>mit goldenen Lettern geschrieben\u00a0<\/strong><\/address>\n<address style=\"text-align: center;\"><strong>Das sch\u00f6nste von allem<\/strong><\/address>\n<address style=\"text-align: center;\"><strong>Dein Vaterland sollst du \u00fcber alles lieben<\/strong><\/address>\n<p>&nbsp;<\/p>\n<p>Informationen der Tafeln sind von der <a href=\"http:\/\/www.kirche-wuensdorf.de\/\">Kirchengemeinde W\u00fcnsdorf<\/a><\/p>\n","protected":false},"excerpt":{"rendered":"<p>&nbsp; 15806 Zossen &#8211; OT W\u00fcnsdorf Dorfkirche Gedenktafeln und Denkm\u00e4ler Bericht und Bilder von Thomas Potsdamer-Ehrenmale.de Gedenktafeln in der Kirche Im Turmraum sind an einer wand drei Tafeln angebracht. Links stehen die Namen der Toten des Ersten Weltkrieges rechts die &hellip; <a href=\"http:\/\/www.denkfried.de\/wp\/?page_id=24446\">Weiterlesen <span class=\"meta-nav\">&rarr;<\/span><\/a><\/p>\n","protected":false},"author":9,"featured_media":0,"parent":24062,"menu_order":0,"comment_status":"closed","ping_status":"open","template":"","meta":{"footnotes":""},"class_list":["post-24446","page","type-page","status-publish","hentry"],"_links":{"self":[{"href":"http:\/\/www.denkfried.de\/wp\/index.php?rest_route=\/wp\/v2\/pages\/24446","targetHints":{"allow":["GET"]}}],"collection":[{"href":"http:\/\/www.denkfried.de\/wp\/index.php?rest_route=\/wp\/v2\/pages"}],"about":[{"href":"http:\/\/www.denkfried.de\/wp\/index.php?rest_route=\/wp\/v2\/types\/page"}],"author":[{"embeddable":true,"href":"http:\/\/www.denkfried.de\/wp\/index.php?rest_route=\/wp\/v2\/users\/9"}],"replies":[{"embeddable":true,"href":"http:\/\/www.denkfried.de\/wp\/index.php?rest_route=%2Fwp%2Fv2%2Fcomments&post=24446"}],"version-history":[{"count":18,"href":"http:\/\/www.denkfried.de\/wp\/index.php?rest_route=\/wp\/v2\/pages\/24446\/revisions"}],"predecessor-version":[{"id":32554,"href":"http:\/\/www.denkfried.de\/wp\/index.php?rest_route=\/wp\/v2\/pages\/24446\/revisions\/32554"}],"up":[{"embeddable":true,"href":"http:\/\/www.denkfried.de\/wp\/index.php?rest_route=\/wp\/v2\/pages\/24062"}],"wp:attachment":[{"href":"http:\/\/www.denkfried.de\/wp\/index.php?rest_route=%2Fwp%2Fv2%2Fmedia&parent=24446"}],"curies":[{"name":"wp","href":"https:\/\/api.w.org\/{rel}","templated":true}]}}

OT Wünsdorf

<p>&nbsp;</p>
<p><span style="text-decoration: underline;">15806 Zossen &#8211; <strong>OT Wünsdorf</strong></span></p>
<p>Dorfkirche Gedenktafeln und Denkmäler</p>
<p>Bericht und Bilder von Thomas <a href="http://potsdamer-ehrenmale.de.tl/Hauptseite.htm">Potsdamer-Ehrenmale.de</a></p>
<div id='gallery-1' class='gallery galleryid-24446 gallery-columns-4 gallery-size-thumbnail'><dl class='gallery-item'>
			<dt class='gallery-icon portrait'>
				<a href='http://www.denkfried.de/wp/?attachment_id=24453'><img loading="lazy" decoding="async" width="150" height="150" src="http://www.denkfried.de/wp/wp-content/uploads/2012/08/DSCF2011-150x150.jpg" class="attachment-thumbnail size-thumbnail" alt="" /></a>
			</dt></dl><dl class='gallery-item'>
			<dt class='gallery-icon portrait'>
				<a href='http://www.denkfried.de/wp/?attachment_id=24455'><img loading="lazy" decoding="async" width="150" height="150" src="http://www.denkfried.de/wp/wp-content/uploads/2012/08/DSCF2016-150x150.jpg" class="attachment-thumbnail size-thumbnail" alt="" /></a>
			</dt></dl><dl class='gallery-item'>
			<dt class='gallery-icon portrait'>
				<a href='http://www.denkfried.de/wp/?attachment_id=24454'><img loading="lazy" decoding="async" width="150" height="150" src="http://www.denkfried.de/wp/wp-content/uploads/2012/08/DSCF2012-150x150.jpg" class="attachment-thumbnail size-thumbnail" alt="" /></a>
			</dt></dl><dl class='gallery-item'>
			<dt class='gallery-icon landscape'>
				<a href='http://www.denkfried.de/wp/?attachment_id=24456'><img loading="lazy" decoding="async" width="150" height="150" src="http://www.denkfried.de/wp/wp-content/uploads/2012/08/DSCF2017-150x150.jpg" class="attachment-thumbnail size-thumbnail" alt="" /></a>
			</dt></dl><br style="clear: both" /><dl class='gallery-item'>
			<dt class='gallery-icon landscape'>
				<a href='http://www.denkfried.de/wp/?attachment_id=32552'><img loading="lazy" decoding="async" width="150" height="150" src="http://www.denkfried.de/wp/wp-content/uploads/2012/08/Wünsdorf-ehrenmal-150x150.jpg" class="attachment-thumbnail size-thumbnail" alt="" /></a>
			</dt></dl><dl class='gallery-item'>
			<dt class='gallery-icon landscape'>
				<a href='http://www.denkfried.de/wp/?attachment_id=24459'><img loading="lazy" decoding="async" width="150" height="150" src="http://www.denkfried.de/wp/wp-content/uploads/2012/08/DSCF2028-150x150.jpg" class="attachment-thumbnail size-thumbnail" alt="" /></a>
			</dt></dl><dl class='gallery-item'>
			<dt class='gallery-icon landscape'>
				<a href='http://www.denkfried.de/wp/?attachment_id=24458'><img loading="lazy" decoding="async" width="150" height="150" src="http://www.denkfried.de/wp/wp-content/uploads/2012/08/DSCF2025-150x150.jpg" class="attachment-thumbnail size-thumbnail" alt="" /></a>
			</dt></dl><dl class='gallery-item'>
			<dt class='gallery-icon portrait'>
				<a href='http://www.denkfried.de/wp/?attachment_id=24452'><img loading="lazy" decoding="async" width="150" height="150" src="http://www.denkfried.de/wp/wp-content/uploads/2012/08/1813-150x150.jpg" class="attachment-thumbnail size-thumbnail" alt="" /></a>
			</dt></dl><br style="clear: both" />
		</div>

<p><strong>Gedenktafeln in der Kirche</strong></p>
<p>Im Turmraum sind an einer wand drei Tafeln angebracht. Links stehen die Namen der Toten des Ersten Weltkrieges rechts die Namen der im Zweiten Weltkrieg gebliebenen. Mittig auf einem großen Holzkreuz ist folgende Inschrift:</p>
<address style="text-align: center;"><em><strong>Denn es ist gekommen der große Tag seines Zorns,</strong></em></address>
<address style="text-align: center;"><em><strong>und wer kann bestehen? Offenbarung (6,17)</strong></em></address>
<address style="text-align: center;"> </address>
<p style="text-align: left;">Die Schriftgestaltung der Kreuze ist von M. Grosser 1952. Gegenüber der Tafeln ist ein Reliefbild vom &#8222;letzten Gericht&#8220;. Von links nach rechts sieht man als Totentanz: ein junger Mann, Junge Frau, Krüppel, Mutter mit Kleinkind, Soldat, der Tod, Bäuerin, Bauer, Großmutter mit Enkel, Geschäftsmann und ein Pfarrer.</p>
<p><strong>Denkmäler vor der Dorfkirche</strong> für die Gefallenen des Ersten Weltkrieges. Dahinter vor der Kirchhofmauer ein Gedenkstein für den Befreiungskrieg von 1813. <strong>Zur Erinnerung an die Jahrhundertfeier der glorreichen Erhebung Preussens 10. März 1813 &#8211; 10. März 1913.</strong> Das Denkmal der Gefallenen des Ersten Weltkrieges trägt vorne die Namen der Gefallenen, diese sind nach dem Todestag sortiert. Auf dem Denkmal war einst ein aus Bronze liegender Soldat. Die Bronzefigur wurde wahrscheinlich eingeschmolzen. Das Denkmal trägt folgende Inschrift.</p>
<address style="text-align: center;">vorne. <strong>Den im Kampfe gegen eine Welt von Feinden</strong></address>
<address style="text-align: center;"><strong>gefallenen Helden zum ewigen Andenken</strong><br />
<strong>Gemeinde Wünsdorf</strong></address>
<address style="text-align: center;"> </address>
<address style="text-align: center;">hinten: <strong>Es steht in den Sternen ein grosses Gesetz</strong></address>
<address style="text-align: center;"><strong>mit goldenen Lettern geschrieben </strong></address>
<address style="text-align: center;"><strong>Das schönste von allem</strong></address>
<address style="text-align: center;"><strong>Dein Vaterland sollst du über alles lieben</strong></address>
<p>&nbsp;</p>
<p>Informationen der Tafeln sind von der <a href="http://www.kirche-wuensdorf.de/">Kirchengemeinde Wünsdorf</a></p>

<p>&nbsp; 15806 Zossen &#8211; OT Wünsdorf Dorfkirche Gedenktafeln und Denkmäler Bericht und Bilder von Thomas Potsdamer-Ehrenmale.de Gedenktafeln in der Kirche Im Turmraum sind an einer wand drei Tafeln angebracht. Links stehen die Namen der Toten des Ersten Weltkrieges rechts die &hellip; <a href="http://www.denkfried.de/wp/?page_id=24446">Weiterlesen <span class="meta-nav">&rarr;</span></a></p>
