{"id":239,"date":"2011-04-02T14:56:15","date_gmt":"2011-04-02T12:56:15","guid":{"rendered":"http:\/\/www.bilderstapel.de\/test\/wp\/?page_id=239"},"modified":"2011-04-08T17:51:45","modified_gmt":"2011-04-08T15:51:45","slug":"aserbaidschan","status":"publish","type":"page","link":"http:\/\/www.denkfried.de\/wp\/?page_id=239","title":{"rendered":"Aserbaidschan"},"content":{"rendered":"<p><a rel=\"attachment wp-att-664\" href=\"http:\/\/www.denkfried.de\/wp\/?attachment_id=664\"><img loading=\"lazy\" decoding=\"async\" class=\"alignleft size-full wp-image-664\" title=\"Wappen-Aserbaidschan\" src=\"http:\/\/www.denkfried.de\/wp\/wp-content\/uploads\/2011\/04\/Wappen-Aserbaidschan.png\" alt=\"\" width=\"127\" height=\"139\" \/><\/a><a rel=\"attachment wp-att-665\" href=\"http:\/\/www.denkfried.de\/wp\/?attachment_id=665\"><img loading=\"lazy\" decoding=\"async\" class=\"alignright size-full wp-image-665\" title=\"Aserbaidschan\" src=\"http:\/\/www.denkfried.de\/wp\/wp-content\/uploads\/2011\/04\/Aserbaidschan.png\" alt=\"\" width=\"150\" height=\"75\" \/><\/a><\/p>\n<p>&nbsp;<\/p>\n<p>&nbsp;<\/p>\n<p>&nbsp;<\/p>\n<p>Hauptstadt: <span style=\"color: #ff0000;\"><strong>Baku<\/strong><\/span><br \/>\nDas Land liegt zwischen dem Kaspischen Meer und dem Kaukasus.<br \/>\nAserbaidschan ist die gr\u00f6\u00dfte der drei Kaukasusrepubliken.<br \/>\nDas Land ist vorallem durch das Erd\u00f6l, der Anbau von Wein und Tee sowie durch die Teppichweberei bekannt.<br \/>\nIn  der Zeit des 1.Weltkrieges lebten etwa 6000 Deutsche in Aserbaidschan.  Anfangs der 20-iger Jahre wurde die Situation durch Repressionen der  Sowjets f\u00fcr die Deutschen unertr\u00e4glich. Diese Lebensumst\u00e4nde zwangen  viel Deutsche zur \u00dcbersiedlung nach Deutschland. Die Zur\u00fcckgebliebenen  wurden teilweise verhaftet, verbannt oder f\u00fcr f\u00fcnf bis zehn Jahre in  Straflager verschleppt.<\/p>\n<p>Kriegsgr\u00e4berabkommen: 22.12.1995 unterzeichnet<\/p>\n<p>Es gibt hier neun Anlagen mit ca. 3000 Kriegstoten.<\/p>\n<p>Die  Anzahl der Toten, erheben nicht den Anspruch auf Richtigkeit und  Vollst\u00e4ndigkeit. Durch zwischenzeitliche Bergungen k\u00f6nnen sich die  Zahlen st\u00e4ndig \u00e4ndern.<\/p>\n<p><span style=\"text-decoration: underline;\">Ausgebaute Anlagen:<\/span><br \/>\n<a href=\"http:\/\/www.denkfried.de\/wp\/?page_id=675\">Baku<\/a> (80)<br \/>\nChanlar I \u00a0 (858)<br \/>\nChanlar II -Helenendorf \u00a0 (51)<br \/>\nDaschkesan\u00a0 \u00a0 \u00a0 \u00a0 \u00a0\u00a0\u00a0 (17)<br \/>\nDshafarchan \u00a0\u00a0 \u00a0 \u00a0 \u00a0(237)<br \/>\nGjandsha I \u00a0\u00a0 \u00a0 \u00a0 \u00a0 \u00a0(290)<br \/>\nGjandsha II \u00a0\u00a0 \u00a0 \u00a0 \u00a0 (240)<br \/>\n<a href=\"http:\/\/www.denkfried.de\/wp\/?page_id=681\">Mingetschaur<\/a> (828)<br \/>\n<a href=\"http:\/\/www.denkfried.de\/wp\/?page_id=684\">Sumgait<\/a> (311) \u00a0 \u00a0 \u00a0 \u00a0 \u00a0 \u00a0 Lagerverwaltung Nr.328<\/p>\n","protected":false},"excerpt":{"rendered":"<p>&nbsp; &nbsp; &nbsp; Hauptstadt: Baku Das Land liegt zwischen dem Kaspischen Meer und dem Kaukasus. Aserbaidschan ist die gr\u00f6\u00dfte der drei Kaukasusrepubliken. Das Land ist vorallem durch das Erd\u00f6l, der Anbau von Wein und Tee sowie durch die Teppichweberei bekannt. &hellip; <a href=\"http:\/\/www.denkfried.de\/wp\/?page_id=239\">Weiterlesen <span class=\"meta-nav\">&rarr;<\/span><\/a><\/p>\n","protected":false},"author":2,"featured_media":0,"parent":177,"menu_order":2,"comment_status":"open","ping_status":"open","template":"","meta":{"footnotes":""},"class_list":["post-239","page","type-page","status-publish","hentry"],"_links":{"self":[{"href":"http:\/\/www.denkfried.de\/wp\/index.php?rest_route=\/wp\/v2\/pages\/239","targetHints":{"allow":["GET"]}}],"collection":[{"href":"http:\/\/www.denkfried.de\/wp\/index.php?rest_route=\/wp\/v2\/pages"}],"about":[{"href":"http:\/\/www.denkfried.de\/wp\/index.php?rest_route=\/wp\/v2\/types\/page"}],"author":[{"embeddable":true,"href":"http:\/\/www.denkfried.de\/wp\/index.php?rest_route=\/wp\/v2\/users\/2"}],"replies":[{"embeddable":true,"href":"http:\/\/www.denkfried.de\/wp\/index.php?rest_route=%2Fwp%2Fv2%2Fcomments&post=239"}],"version-history":[{"count":13,"href":"http:\/\/www.denkfried.de\/wp\/index.php?rest_route=\/wp\/v2\/pages\/239\/revisions"}],"predecessor-version":[{"id":1265,"href":"http:\/\/www.denkfried.de\/wp\/index.php?rest_route=\/wp\/v2\/pages\/239\/revisions\/1265"}],"up":[{"embeddable":true,"href":"http:\/\/www.denkfried.de\/wp\/index.php?rest_route=\/wp\/v2\/pages\/177"}],"wp:attachment":[{"href":"http:\/\/www.denkfried.de\/wp\/index.php?rest_route=%2Fwp%2Fv2%2Fmedia&parent=239"}],"curies":[{"name":"wp","href":"https:\/\/api.w.org\/{rel}","templated":true}]}}

<p><a rel="attachment wp-att-664" href="http://www.denkfried.de/wp/?attachment_id=664"><img loading="lazy" decoding="async" class="alignleft size-full wp-image-664" title="Wappen-Aserbaidschan" src="http://www.denkfried.de/wp/wp-content/uploads/2011/04/Wappen-Aserbaidschan.png" alt="" width="127" height="139" /></a><a rel="attachment wp-att-665" href="http://www.denkfried.de/wp/?attachment_id=665"><img loading="lazy" decoding="async" class="alignright size-full wp-image-665" title="Aserbaidschan" src="http://www.denkfried.de/wp/wp-content/uploads/2011/04/Aserbaidschan.png" alt="" width="150" height="75" /></a></p>
<p>&nbsp;</p>
<p>&nbsp;</p>
<p>&nbsp;</p>
<p>Hauptstadt: <span style="color: #ff0000;"><strong>Baku</strong></span><br />
Das Land liegt zwischen dem Kaspischen Meer und dem Kaukasus.<br />
Aserbaidschan ist die größte der drei Kaukasusrepubliken.<br />
Das Land ist vorallem durch das Erdöl, der Anbau von Wein und Tee sowie durch die Teppichweberei bekannt.<br />
In  der Zeit des 1.Weltkrieges lebten etwa 6000 Deutsche in Aserbaidschan.  Anfangs der 20-iger Jahre wurde die Situation durch Repressionen der  Sowjets für die Deutschen unerträglich. Diese Lebensumstände zwangen  viel Deutsche zur Übersiedlung nach Deutschland. Die Zurückgebliebenen  wurden teilweise verhaftet, verbannt oder für fünf bis zehn Jahre in  Straflager verschleppt.</p>
<p>Kriegsgräberabkommen: 22.12.1995 unterzeichnet</p>
<p>Es gibt hier neun Anlagen mit ca. 3000 Kriegstoten.</p>
<p>Die  Anzahl der Toten, erheben nicht den Anspruch auf Richtigkeit und  Vollständigkeit. Durch zwischenzeitliche Bergungen können sich die  Zahlen ständig ändern.</p>
<p><span style="text-decoration: underline;">Ausgebaute Anlagen:</span><br />
<a href="http://www.denkfried.de/wp/?page_id=675">Baku</a> (80)<br />
Chanlar I   (858)<br />
Chanlar II -Helenendorf   (51)<br />
Daschkesan            (17)<br />
Dshafarchan         (237)<br />
Gjandsha I           (290)<br />
Gjandsha II          (240)<br />
<a href="http://www.denkfried.de/wp/?page_id=681">Mingetschaur</a> (828)<br />
<a href="http://www.denkfried.de/wp/?page_id=684">Sumgait</a> (311)             Lagerverwaltung Nr.328</p>

<p>&nbsp; &nbsp; &nbsp; Hauptstadt: Baku Das Land liegt zwischen dem Kaspischen Meer und dem Kaukasus. Aserbaidschan ist die größte der drei Kaukasusrepubliken. Das Land ist vorallem durch das Erdöl, der Anbau von Wein und Tee sowie durch die Teppichweberei bekannt. &hellip; <a href="http://www.denkfried.de/wp/?page_id=239">Weiterlesen <span class="meta-nav">&rarr;</span></a></p>
