{"id":2350,"date":"2011-04-11T16:52:13","date_gmt":"2011-04-11T14:52:13","guid":{"rendered":"http:\/\/www.denkfried.de\/wp\/?page_id=2350"},"modified":"2011-07-16T20:41:07","modified_gmt":"2011-07-16T18:41:07","slug":"mont-de-huisnes","status":"publish","type":"page","link":"http:\/\/www.denkfried.de\/wp\/?page_id=2350","title":{"rendered":"Mont-de-Huisnes  (18)"},"content":{"rendered":"<p>&nbsp;<\/p>\n<p id=\"msg_279\"><span style=\"text-decoration: underline;\"><strong>50170 Mont-de-Huisnes<\/strong><\/span><\/p>\n<div><\/div>\n<p>Land: Basse Normandie<br \/>\nDep. Manche<\/p>\n<p>Kriegsgr\u00e4berst\u00e4tte \u00a0 \u00a0\u00a0 Frankreich\/Mont-de Huisnes &#8211; KGST<\/p>\n<p>Auf dieser Kriegsgr\u00e4berst\u00e4tte sind die Kriegsgefangenen, die in verschiedenen Lager der Stadt Rennes1944-1948 inhaftiert und verstorben sind, bestattet.<\/p>\n<div id=\"msg_279\">\n<p>Einen Kilometer n\u00f6rdlich von Huisnes-sur-Mer liegt auf einem 30 Meter hohen H\u00fcgel die deutsche Kriegsgr\u00e4berst\u00e4tte Mont- de- Huisnes, die 11 956 Gefallene des 2. Weltkrieges birgt. Sie liegt im Blickfeld des Monts St Michel, eines der gro\u00dfartigsten Baudenkm\u00e4ler Frankreichs.<\/p>\n<p>Nicht weit von hier, bei Avranches, gelang w\u00e4hrend der K\u00e4mpfe an der Invasionfront am 30.7.1944 den Amerikanern der entscheidende Durchbruch durch die deutsche Abwehrfront.<\/p>\n<p><em>Aus einem Bericht von Hubert M. :<\/em><\/p>\n<p><em>&#8222;Mont-de-Huisnes ist der einzige deutsche Gruftbau in Frankreich. Hier sind die Toten bestattet, die der Umbettungsdienst des Volksbundes 1961 aus den D\u00e9partements Morbihan,Ille et Vilaine,Mayenne, Sarthe, Loir et Cher, Indre et Loire, Vienne und Indre und von den Kanalinseln Guernesey, Jersey, Alderney und Sark, mit Ausnahme der Toten des Friedhofes Fort-George in St Peter auf der der Insel Guernesey, umgebettet hat. Die Gruftanlage ist ein kreisrunder, zweigeschossiger Bau von etwa 47 Meter Durchmesser. An seiner Innenfront sind im Erd-und Obergescho\u00df je ein offener Umgang angeordnet, hinter dem sich in jedem Stockwerk 34 Gruftr\u00e4ume befinden. In jeder dieser Gr\u00fcfte ruhen 180 Tote. Die Namen der Toten sind jeweils auf einer Bronzetafel angebracht. In der Mitte des mit Rasen bedeckten Innenhofes ragt ein Hochkreuz empor.<\/em><br \/>\n<em> Die Gedenkst\u00e4tte wurde am 14.September 1963 eingeweiht.&#8220;<\/em><\/p>\n<p><em>zu Edmund Baton: Edmund Baton aus Lauterbach (Saar) wird wegen der n\u00e4herr\u00fcckenden Front mit den anderen Sch\u00fclern seines Gymnasiums im Februar 1945 in das sichere Bad Reichenhall evakuiert.Aber ohne wissen seiner Eltern macht er sich mit einem Schulkameraden wieder Richtung Heimat auf.Die beiden kommen zun\u00e4chst bis Ludwigsburg bei Stuttgart.Dort m\u00fcssen sie sich wegen der schweren K\u00e4mpfe acht Tage lang verstecken .Edmund kann amerikanische Soldaten dazu \u00fcberreden ,sie \u00fcber den Rhein mit nach Strassburg zu nehmen.Von dort aus wollen die beiden mit dem Zug nach Hause fahren,werden aber auf dem Weg zum Bahnhof verhaftet(vermutlich von Franzosen oder amerikanischer Milit\u00e4rpolizei).Sie werden quer durch Frankreich nach Poitiers gebracht.Dort stirbt Edmund Baton erst 14 Jahre alt,am 14 Juli 1945 im Internierungslager an Hunger.<\/em><br \/>\n<em>Sein Grab: Gruft 59 ,Grabkammer 90.<\/em><strong><\/strong><\/p>\n<p><strong>Es sind f\u00fcr diesen Friedhof 1.137 Namen erfasst.<\/strong><\/p>\n<\/div>\n<div><strong><div id='gallery-1' class='gallery galleryid-2350 gallery-columns-4 gallery-size-thumbnail'><dl class='gallery-item'>\n\t\t\t<dt class='gallery-icon landscape'>\n\t\t\t\t<a href='http:\/\/www.denkfried.de\/wp\/?attachment_id=2358'><img loading=\"lazy\" decoding=\"async\" width=\"150\" height=\"150\" src=\"http:\/\/www.denkfried.de\/wp\/wp-content\/uploads\/2011\/04\/Mont-de-Huisnes-Gruftr\u00e4ume-06-150x150.jpg\" class=\"attachment-thumbnail size-thumbnail\" alt=\"\" \/><\/a>\n\t\t\t<\/dt><\/dl><dl class='gallery-item'>\n\t\t\t<dt class='gallery-icon portrait'>\n\t\t\t\t<a href='http:\/\/www.denkfried.de\/wp\/?attachment_id=2351'><img loading=\"lazy\" decoding=\"async\" width=\"150\" height=\"150\" src=\"http:\/\/www.denkfried.de\/wp\/wp-content\/uploads\/2011\/04\/Mont-de-Huisnes-Namenplatte-Kameradengrab-04-150x150.jpg\" class=\"attachment-thumbnail size-thumbnail\" alt=\"\" \/><\/a>\n\t\t\t<\/dt><\/dl><dl class='gallery-item'>\n\t\t\t<dt class='gallery-icon landscape'>\n\t\t\t\t<a href='http:\/\/www.denkfried.de\/wp\/?attachment_id=2352'><img loading=\"lazy\" decoding=\"async\" width=\"150\" height=\"150\" src=\"http:\/\/www.denkfried.de\/wp\/wp-content\/uploads\/2011\/04\/Mont-de-Huisnes-Ansicht-Hochkreuz-05-150x150.jpg\" class=\"attachment-thumbnail size-thumbnail\" alt=\"\" \/><\/a>\n\t\t\t<\/dt><\/dl><dl class='gallery-item'>\n\t\t\t<dt class='gallery-icon landscape'>\n\t\t\t\t<a href='http:\/\/www.denkfried.de\/wp\/?attachment_id=2355'><img loading=\"lazy\" decoding=\"async\" width=\"150\" height=\"150\" src=\"http:\/\/www.denkfried.de\/wp\/wp-content\/uploads\/2011\/04\/Mont-de-Huisnes-Blick-zum-Eingang-07-150x150.jpg\" class=\"attachment-thumbnail size-thumbnail\" alt=\"\" \/><\/a>\n\t\t\t<\/dt><\/dl><br style=\"clear: both\" \/><dl class='gallery-item'>\n\t\t\t<dt class='gallery-icon landscape'>\n\t\t\t\t<a href='http:\/\/www.denkfried.de\/wp\/?attachment_id=2353'><img loading=\"lazy\" decoding=\"async\" width=\"150\" height=\"150\" src=\"http:\/\/www.denkfried.de\/wp\/wp-content\/uploads\/2011\/04\/Mont-de-Huisnes-Blick-Mont-St.Michel-08-150x150.jpg\" class=\"attachment-thumbnail size-thumbnail\" alt=\"\" \/><\/a>\n\t\t\t<\/dt><\/dl><dl class='gallery-item'>\n\t\t\t<dt class='gallery-icon landscape'>\n\t\t\t\t<a href='http:\/\/www.denkfried.de\/wp\/?attachment_id=2357'><img loading=\"lazy\" decoding=\"async\" width=\"150\" height=\"150\" src=\"http:\/\/www.denkfried.de\/wp\/wp-content\/uploads\/2011\/04\/Mont-de-Huisnes-Gedenktafel-03-150x150.jpg\" class=\"attachment-thumbnail size-thumbnail\" alt=\"\" \/><\/a>\n\t\t\t<\/dt><\/dl><dl class='gallery-item'>\n\t\t\t<dt class='gallery-icon landscape'>\n\t\t\t\t<a href='http:\/\/www.denkfried.de\/wp\/?attachment_id=2356'><img loading=\"lazy\" decoding=\"async\" width=\"150\" height=\"150\" src=\"http:\/\/www.denkfried.de\/wp\/wp-content\/uploads\/2011\/04\/Mont-de-Huisnes-Durchgang-02-150x150.jpg\" class=\"attachment-thumbnail size-thumbnail\" alt=\"\" \/><\/a>\n\t\t\t<\/dt><\/dl><dl class='gallery-item'>\n\t\t\t<dt class='gallery-icon landscape'>\n\t\t\t\t<a href='http:\/\/www.denkfried.de\/wp\/?attachment_id=2354'><img loading=\"lazy\" decoding=\"async\" width=\"150\" height=\"150\" src=\"http:\/\/www.denkfried.de\/wp\/wp-content\/uploads\/2011\/04\/Mont-de-Huisnes-Blick-von-Oben-09-150x150.jpg\" class=\"attachment-thumbnail size-thumbnail\" alt=\"\" \/><\/a>\n\t\t\t<\/dt><\/dl><br style=\"clear: both\" \/>\n\t\t<\/div>\n<br \/>\n<\/strong><\/div>\n","protected":false},"excerpt":{"rendered":"<p>&nbsp; 50170 Mont-de-Huisnes Land: Basse Normandie Dep. Manche Kriegsgr\u00e4berst\u00e4tte \u00a0 \u00a0\u00a0 Frankreich\/Mont-de Huisnes &#8211; KGST Auf dieser Kriegsgr\u00e4berst\u00e4tte sind die Kriegsgefangenen, die in verschiedenen Lager der Stadt Rennes1944-1948 inhaftiert und verstorben sind, bestattet. Einen Kilometer n\u00f6rdlich von Huisnes-sur-Mer liegt auf &hellip; <a href=\"http:\/\/www.denkfried.de\/wp\/?page_id=2350\">Weiterlesen <span class=\"meta-nav\">&rarr;<\/span><\/a><\/p>\n","protected":false},"author":2,"featured_media":0,"parent":8255,"menu_order":0,"comment_status":"closed","ping_status":"open","template":"","meta":{"footnotes":""},"class_list":["post-2350","page","type-page","status-publish","hentry"],"_links":{"self":[{"href":"http:\/\/www.denkfried.de\/wp\/index.php?rest_route=\/wp\/v2\/pages\/2350","targetHints":{"allow":["GET"]}}],"collection":[{"href":"http:\/\/www.denkfried.de\/wp\/index.php?rest_route=\/wp\/v2\/pages"}],"about":[{"href":"http:\/\/www.denkfried.de\/wp\/index.php?rest_route=\/wp\/v2\/types\/page"}],"author":[{"embeddable":true,"href":"http:\/\/www.denkfried.de\/wp\/index.php?rest_route=\/wp\/v2\/users\/2"}],"replies":[{"embeddable":true,"href":"http:\/\/www.denkfried.de\/wp\/index.php?rest_route=%2Fwp%2Fv2%2Fcomments&post=2350"}],"version-history":[{"count":10,"href":"http:\/\/www.denkfried.de\/wp\/index.php?rest_route=\/wp\/v2\/pages\/2350\/revisions"}],"predecessor-version":[{"id":2361,"href":"http:\/\/www.denkfried.de\/wp\/index.php?rest_route=\/wp\/v2\/pages\/2350\/revisions\/2361"}],"up":[{"embeddable":true,"href":"http:\/\/www.denkfried.de\/wp\/index.php?rest_route=\/wp\/v2\/pages\/8255"}],"wp:attachment":[{"href":"http:\/\/www.denkfried.de\/wp\/index.php?rest_route=%2Fwp%2Fv2%2Fmedia&parent=2350"}],"curies":[{"name":"wp","href":"https:\/\/api.w.org\/{rel}","templated":true}]}}

<p>&nbsp;</p>
<p id="msg_279"><span style="text-decoration: underline;"><strong>50170 Mont-de-Huisnes</strong></span></p>
<div></div>
<p>Land: Basse Normandie<br />
Dep. Manche</p>
<p>Kriegsgräberstätte      Frankreich/Mont-de Huisnes &#8211; KGST</p>
<p>Auf dieser Kriegsgräberstätte sind die Kriegsgefangenen, die in verschiedenen Lager der Stadt Rennes1944-1948 inhaftiert und verstorben sind, bestattet.</p>
<div id="msg_279">
<p>Einen Kilometer nördlich von Huisnes-sur-Mer liegt auf einem 30 Meter hohen Hügel die deutsche Kriegsgräberstätte Mont- de- Huisnes, die 11 956 Gefallene des 2. Weltkrieges birgt. Sie liegt im Blickfeld des Monts St Michel, eines der großartigsten Baudenkmäler Frankreichs.</p>
<p>Nicht weit von hier, bei Avranches, gelang während der Kämpfe an der Invasionfront am 30.7.1944 den Amerikanern der entscheidende Durchbruch durch die deutsche Abwehrfront.</p>
<p><em>Aus einem Bericht von Hubert M. :</em></p>
<p><em>&#8222;Mont-de-Huisnes ist der einzige deutsche Gruftbau in Frankreich. Hier sind die Toten bestattet, die der Umbettungsdienst des Volksbundes 1961 aus den Départements Morbihan,Ille et Vilaine,Mayenne, Sarthe, Loir et Cher, Indre et Loire, Vienne und Indre und von den Kanalinseln Guernesey, Jersey, Alderney und Sark, mit Ausnahme der Toten des Friedhofes Fort-George in St Peter auf der der Insel Guernesey, umgebettet hat. Die Gruftanlage ist ein kreisrunder, zweigeschossiger Bau von etwa 47 Meter Durchmesser. An seiner Innenfront sind im Erd-und Obergeschoß je ein offener Umgang angeordnet, hinter dem sich in jedem Stockwerk 34 Grufträume befinden. In jeder dieser Grüfte ruhen 180 Tote. Die Namen der Toten sind jeweils auf einer Bronzetafel angebracht. In der Mitte des mit Rasen bedeckten Innenhofes ragt ein Hochkreuz empor.</em><br />
<em> Die Gedenkstätte wurde am 14.September 1963 eingeweiht.&#8220;</em></p>
<p><em>zu Edmund Baton: Edmund Baton aus Lauterbach (Saar) wird wegen der näherrückenden Front mit den anderen Schülern seines Gymnasiums im Februar 1945 in das sichere Bad Reichenhall evakuiert.Aber ohne wissen seiner Eltern macht er sich mit einem Schulkameraden wieder Richtung Heimat auf.Die beiden kommen zunächst bis Ludwigsburg bei Stuttgart.Dort müssen sie sich wegen der schweren Kämpfe acht Tage lang verstecken .Edmund kann amerikanische Soldaten dazu überreden ,sie über den Rhein mit nach Strassburg zu nehmen.Von dort aus wollen die beiden mit dem Zug nach Hause fahren,werden aber auf dem Weg zum Bahnhof verhaftet(vermutlich von Franzosen oder amerikanischer Militärpolizei).Sie werden quer durch Frankreich nach Poitiers gebracht.Dort stirbt Edmund Baton erst 14 Jahre alt,am 14 Juli 1945 im Internierungslager an Hunger.</em><br />
<em>Sein Grab: Gruft 59 ,Grabkammer 90.</em><strong></strong></p>
<p><strong>Es sind für diesen Friedhof 1.137 Namen erfasst.</strong></p>
</div>
<div><strong><div id='gallery-1' class='gallery galleryid-2350 gallery-columns-4 gallery-size-thumbnail'><dl class='gallery-item'>
			<dt class='gallery-icon landscape'>
				<a href='http://www.denkfried.de/wp/?attachment_id=2358'><img loading="lazy" decoding="async" width="150" height="150" src="http://www.denkfried.de/wp/wp-content/uploads/2011/04/Mont-de-Huisnes-Grufträume-06-150x150.jpg" class="attachment-thumbnail size-thumbnail" alt="" /></a>
			</dt></dl><dl class='gallery-item'>
			<dt class='gallery-icon portrait'>
				<a href='http://www.denkfried.de/wp/?attachment_id=2351'><img loading="lazy" decoding="async" width="150" height="150" src="http://www.denkfried.de/wp/wp-content/uploads/2011/04/Mont-de-Huisnes-Namenplatte-Kameradengrab-04-150x150.jpg" class="attachment-thumbnail size-thumbnail" alt="" /></a>
			</dt></dl><dl class='gallery-item'>
			<dt class='gallery-icon landscape'>
				<a href='http://www.denkfried.de/wp/?attachment_id=2352'><img loading="lazy" decoding="async" width="150" height="150" src="http://www.denkfried.de/wp/wp-content/uploads/2011/04/Mont-de-Huisnes-Ansicht-Hochkreuz-05-150x150.jpg" class="attachment-thumbnail size-thumbnail" alt="" /></a>
			</dt></dl><dl class='gallery-item'>
			<dt class='gallery-icon landscape'>
				<a href='http://www.denkfried.de/wp/?attachment_id=2355'><img loading="lazy" decoding="async" width="150" height="150" src="http://www.denkfried.de/wp/wp-content/uploads/2011/04/Mont-de-Huisnes-Blick-zum-Eingang-07-150x150.jpg" class="attachment-thumbnail size-thumbnail" alt="" /></a>
			</dt></dl><br style="clear: both" /><dl class='gallery-item'>
			<dt class='gallery-icon landscape'>
				<a href='http://www.denkfried.de/wp/?attachment_id=2353'><img loading="lazy" decoding="async" width="150" height="150" src="http://www.denkfried.de/wp/wp-content/uploads/2011/04/Mont-de-Huisnes-Blick-Mont-St.Michel-08-150x150.jpg" class="attachment-thumbnail size-thumbnail" alt="" /></a>
			</dt></dl><dl class='gallery-item'>
			<dt class='gallery-icon landscape'>
				<a href='http://www.denkfried.de/wp/?attachment_id=2357'><img loading="lazy" decoding="async" width="150" height="150" src="http://www.denkfried.de/wp/wp-content/uploads/2011/04/Mont-de-Huisnes-Gedenktafel-03-150x150.jpg" class="attachment-thumbnail size-thumbnail" alt="" /></a>
			</dt></dl><dl class='gallery-item'>
			<dt class='gallery-icon landscape'>
				<a href='http://www.denkfried.de/wp/?attachment_id=2356'><img loading="lazy" decoding="async" width="150" height="150" src="http://www.denkfried.de/wp/wp-content/uploads/2011/04/Mont-de-Huisnes-Durchgang-02-150x150.jpg" class="attachment-thumbnail size-thumbnail" alt="" /></a>
			</dt></dl><dl class='gallery-item'>
			<dt class='gallery-icon landscape'>
				<a href='http://www.denkfried.de/wp/?attachment_id=2354'><img loading="lazy" decoding="async" width="150" height="150" src="http://www.denkfried.de/wp/wp-content/uploads/2011/04/Mont-de-Huisnes-Blick-von-Oben-09-150x150.jpg" class="attachment-thumbnail size-thumbnail" alt="" /></a>
			</dt></dl><br style="clear: both" />
		</div>
<br />
</strong></div>

<p>&nbsp; 50170 Mont-de-Huisnes Land: Basse Normandie Dep. Manche Kriegsgräberstätte      Frankreich/Mont-de Huisnes &#8211; KGST Auf dieser Kriegsgräberstätte sind die Kriegsgefangenen, die in verschiedenen Lager der Stadt Rennes1944-1948 inhaftiert und verstorben sind, bestattet. Einen Kilometer nördlich von Huisnes-sur-Mer liegt auf &hellip; <a href="http://www.denkfried.de/wp/?page_id=2350">Weiterlesen <span class="meta-nav">&rarr;</span></a></p>
