{"id":22959,"date":"2012-06-18T19:01:26","date_gmt":"2012-06-18T17:01:26","guid":{"rendered":"http:\/\/www.denkfried.de\/wp\/?page_id=22959"},"modified":"2015-11-28T16:25:05","modified_gmt":"2015-11-28T15:25:05","slug":"urnenf-seestrase","status":"publish","type":"page","link":"http:\/\/www.denkfried.de\/wp\/?page_id=22959","title":{"rendered":"Urnenf. Seestra\u00dfe"},"content":{"rendered":"<p>&nbsp;<\/p>\n<p><strong>Berlin-Wedding<\/strong>\u00a0Urnenfriedhof Seestra\u00dfe, Seestra\u00dfe 92-93<\/p>\n<p>Bericht und Bilder von Thomas\u00a0<a href=\"http:\/\/g-bb.jimdo.com\/\">Gefallenendenkm\u00e4ler Berlin\/Brandenburg<\/a><\/p>\n<div id='gallery-1' class='gallery galleryid-22959 gallery-columns-3 gallery-size-thumbnail'><dl class='gallery-item'>\n\t\t\t<dt class='gallery-icon portrait'>\n\t\t\t\t<a href='http:\/\/www.denkfried.de\/wp\/?attachment_id=22962'><img loading=\"lazy\" decoding=\"async\" width=\"150\" height=\"150\" src=\"http:\/\/www.denkfried.de\/wp\/wp-content\/uploads\/2012\/06\/DSCF2092-150x150.jpg\" class=\"attachment-thumbnail size-thumbnail\" alt=\"\" \/><\/a>\n\t\t\t<\/dt><\/dl><dl class='gallery-item'>\n\t\t\t<dt class='gallery-icon landscape'>\n\t\t\t\t<a href='http:\/\/www.denkfried.de\/wp\/?attachment_id=22963'><img loading=\"lazy\" decoding=\"async\" width=\"150\" height=\"150\" src=\"http:\/\/www.denkfried.de\/wp\/wp-content\/uploads\/2012\/06\/DSCF2094-150x150.jpg\" class=\"attachment-thumbnail size-thumbnail\" alt=\"\" \/><\/a>\n\t\t\t<\/dt><\/dl><dl class='gallery-item'>\n\t\t\t<dt class='gallery-icon landscape'>\n\t\t\t\t<a href='http:\/\/www.denkfried.de\/wp\/?attachment_id=22967'><img loading=\"lazy\" decoding=\"async\" width=\"150\" height=\"150\" src=\"http:\/\/www.denkfried.de\/wp\/wp-content\/uploads\/2012\/06\/DSCF2103-150x150.jpg\" class=\"attachment-thumbnail size-thumbnail\" alt=\"\" \/><\/a>\n\t\t\t<\/dt><\/dl><br style=\"clear: both\" \/><dl class='gallery-item'>\n\t\t\t<dt class='gallery-icon landscape'>\n\t\t\t\t<a href='http:\/\/www.denkfried.de\/wp\/?attachment_id=22964'><img loading=\"lazy\" decoding=\"async\" width=\"150\" height=\"150\" src=\"http:\/\/www.denkfried.de\/wp\/wp-content\/uploads\/2012\/06\/DSCF2095-150x150.jpg\" class=\"attachment-thumbnail size-thumbnail\" alt=\"\" \/><\/a>\n\t\t\t<\/dt><\/dl><dl class='gallery-item'>\n\t\t\t<dt class='gallery-icon landscape'>\n\t\t\t\t<a href='http:\/\/www.denkfried.de\/wp\/?attachment_id=22968'><img loading=\"lazy\" decoding=\"async\" width=\"150\" height=\"150\" src=\"http:\/\/www.denkfried.de\/wp\/wp-content\/uploads\/2012\/06\/DSCF2104-150x150.jpg\" class=\"attachment-thumbnail size-thumbnail\" alt=\"\" \/><\/a>\n\t\t\t<\/dt><\/dl><dl class='gallery-item'>\n\t\t\t<dt class='gallery-icon landscape'>\n\t\t\t\t<a href='http:\/\/www.denkfried.de\/wp\/?attachment_id=22969'><img loading=\"lazy\" decoding=\"async\" width=\"150\" height=\"150\" src=\"http:\/\/www.denkfried.de\/wp\/wp-content\/uploads\/2012\/06\/DSCF2105-150x150.jpg\" class=\"attachment-thumbnail size-thumbnail\" alt=\"\" \/><\/a>\n\t\t\t<\/dt><\/dl><br style=\"clear: both\" \/><dl class='gallery-item'>\n\t\t\t<dt class='gallery-icon landscape'>\n\t\t\t\t<a href='http:\/\/www.denkfried.de\/wp\/?attachment_id=23075'><img loading=\"lazy\" decoding=\"async\" width=\"150\" height=\"150\" src=\"http:\/\/www.denkfried.de\/wp\/wp-content\/uploads\/2012\/06\/DSCF20041-150x150.jpg\" class=\"attachment-thumbnail size-thumbnail\" alt=\"\" \/><\/a>\n\t\t\t<\/dt><\/dl><dl class='gallery-item'>\n\t\t\t<dt class='gallery-icon landscape'>\n\t\t\t\t<a href='http:\/\/www.denkfried.de\/wp\/?attachment_id=23074'><img loading=\"lazy\" decoding=\"async\" width=\"150\" height=\"150\" src=\"http:\/\/www.denkfried.de\/wp\/wp-content\/uploads\/2012\/06\/DSCF2003-150x150.jpg\" class=\"attachment-thumbnail size-thumbnail\" alt=\"\" \/><\/a>\n\t\t\t<\/dt><\/dl><dl class='gallery-item'>\n\t\t\t<dt class='gallery-icon landscape'>\n\t\t\t\t<a href='http:\/\/www.denkfried.de\/wp\/?attachment_id=23077'><img loading=\"lazy\" decoding=\"async\" width=\"150\" height=\"150\" src=\"http:\/\/www.denkfried.de\/wp\/wp-content\/uploads\/2012\/06\/DSCF2002-150x150.jpg\" class=\"attachment-thumbnail size-thumbnail\" alt=\"\" \/><\/a>\n\t\t\t<\/dt><\/dl><br style=\"clear: both\" \/>\n\t\t<\/div>\n\n<p>Auf dem Friedhof befindet sich ein Anlage f\u00fcr Opfer von Terror und Gewaltherrschaft. eine kleine Anlage mit 18 Einzelgr\u00e4bern und 3 Sammelgr\u00e4bern mit Opfern des Zweiten Weltkrieges. Hier anschlie\u00dfend ist eine Gedenkanlage f\u00fcr 11 Tote vom DDR Volksaufstand am 17. Juni 1953.<\/p>\n<p>Richtung Indische Stra\u00dfe befindet sich ein weiteres Gr\u00e4berfeld. Hier sind die Tote des zweiten Weltkrieges in Einzelgr\u00e4ber begraben. Unter den Toten ist ein Maueropfer, Ida Siekmann geb. 23.08.1902 starb am 22.08.1961.<\/p>\n<p>Insgesamt konnten hier <strong>631 Kriegsopfer<\/strong> dokumentiert werden, davon sind 102 Unbekannt. Es konnten noch zwei private Gedenken dokumentiert werden.<\/p>\n<p>Die Namen der Kriegsopfer des Zweiten Weltkrieges, wurden in die <a href=\"http:\/\/s2wk.gedenk-tafel.de\/comb\/login.php\">Datenbank<\/a> eingepflegt.<\/p>\n","protected":false},"excerpt":{"rendered":"<p>&nbsp; Berlin-Wedding\u00a0Urnenfriedhof Seestra\u00dfe, Seestra\u00dfe 92-93 Bericht und Bilder von Thomas\u00a0Gefallenendenkm\u00e4ler Berlin\/Brandenburg Auf dem Friedhof befindet sich ein Anlage f\u00fcr Opfer von Terror und Gewaltherrschaft. eine kleine Anlage mit 18 Einzelgr\u00e4bern und 3 Sammelgr\u00e4bern mit Opfern des Zweiten Weltkrieges. Hier anschlie\u00dfend &hellip; <a href=\"http:\/\/www.denkfried.de\/wp\/?page_id=22959\">Weiterlesen <span class=\"meta-nav\">&rarr;<\/span><\/a><\/p>\n","protected":false},"author":9,"featured_media":0,"parent":15757,"menu_order":0,"comment_status":"closed","ping_status":"open","template":"","meta":{"footnotes":""},"class_list":["post-22959","page","type-page","status-publish","hentry"],"_links":{"self":[{"href":"http:\/\/www.denkfried.de\/wp\/index.php?rest_route=\/wp\/v2\/pages\/22959","targetHints":{"allow":["GET"]}}],"collection":[{"href":"http:\/\/www.denkfried.de\/wp\/index.php?rest_route=\/wp\/v2\/pages"}],"about":[{"href":"http:\/\/www.denkfried.de\/wp\/index.php?rest_route=\/wp\/v2\/types\/page"}],"author":[{"embeddable":true,"href":"http:\/\/www.denkfried.de\/wp\/index.php?rest_route=\/wp\/v2\/users\/9"}],"replies":[{"embeddable":true,"href":"http:\/\/www.denkfried.de\/wp\/index.php?rest_route=%2Fwp%2Fv2%2Fcomments&post=22959"}],"version-history":[{"count":13,"href":"http:\/\/www.denkfried.de\/wp\/index.php?rest_route=\/wp\/v2\/pages\/22959\/revisions"}],"predecessor-version":[{"id":39596,"href":"http:\/\/www.denkfried.de\/wp\/index.php?rest_route=\/wp\/v2\/pages\/22959\/revisions\/39596"}],"up":[{"embeddable":true,"href":"http:\/\/www.denkfried.de\/wp\/index.php?rest_route=\/wp\/v2\/pages\/15757"}],"wp:attachment":[{"href":"http:\/\/www.denkfried.de\/wp\/index.php?rest_route=%2Fwp%2Fv2%2Fmedia&parent=22959"}],"curies":[{"name":"wp","href":"https:\/\/api.w.org\/{rel}","templated":true}]}}

Urnenf. Seestraße

<p>&nbsp;</p>
<p><strong>Berlin-Wedding</strong> Urnenfriedhof Seestraße, Seestraße 92-93</p>
<p>Bericht und Bilder von Thomas <a href="http://g-bb.jimdo.com/">Gefallenendenkmäler Berlin/Brandenburg</a></p>
<div id='gallery-1' class='gallery galleryid-22959 gallery-columns-3 gallery-size-thumbnail'><dl class='gallery-item'>
			<dt class='gallery-icon portrait'>
				<a href='http://www.denkfried.de/wp/?attachment_id=22962'><img loading="lazy" decoding="async" width="150" height="150" src="http://www.denkfried.de/wp/wp-content/uploads/2012/06/DSCF2092-150x150.jpg" class="attachment-thumbnail size-thumbnail" alt="" /></a>
			</dt></dl><dl class='gallery-item'>
			<dt class='gallery-icon landscape'>
				<a href='http://www.denkfried.de/wp/?attachment_id=22963'><img loading="lazy" decoding="async" width="150" height="150" src="http://www.denkfried.de/wp/wp-content/uploads/2012/06/DSCF2094-150x150.jpg" class="attachment-thumbnail size-thumbnail" alt="" /></a>
			</dt></dl><dl class='gallery-item'>
			<dt class='gallery-icon landscape'>
				<a href='http://www.denkfried.de/wp/?attachment_id=22967'><img loading="lazy" decoding="async" width="150" height="150" src="http://www.denkfried.de/wp/wp-content/uploads/2012/06/DSCF2103-150x150.jpg" class="attachment-thumbnail size-thumbnail" alt="" /></a>
			</dt></dl><br style="clear: both" /><dl class='gallery-item'>
			<dt class='gallery-icon landscape'>
				<a href='http://www.denkfried.de/wp/?attachment_id=22964'><img loading="lazy" decoding="async" width="150" height="150" src="http://www.denkfried.de/wp/wp-content/uploads/2012/06/DSCF2095-150x150.jpg" class="attachment-thumbnail size-thumbnail" alt="" /></a>
			</dt></dl><dl class='gallery-item'>
			<dt class='gallery-icon landscape'>
				<a href='http://www.denkfried.de/wp/?attachment_id=22968'><img loading="lazy" decoding="async" width="150" height="150" src="http://www.denkfried.de/wp/wp-content/uploads/2012/06/DSCF2104-150x150.jpg" class="attachment-thumbnail size-thumbnail" alt="" /></a>
			</dt></dl><dl class='gallery-item'>
			<dt class='gallery-icon landscape'>
				<a href='http://www.denkfried.de/wp/?attachment_id=22969'><img loading="lazy" decoding="async" width="150" height="150" src="http://www.denkfried.de/wp/wp-content/uploads/2012/06/DSCF2105-150x150.jpg" class="attachment-thumbnail size-thumbnail" alt="" /></a>
			</dt></dl><br style="clear: both" /><dl class='gallery-item'>
			<dt class='gallery-icon landscape'>
				<a href='http://www.denkfried.de/wp/?attachment_id=23075'><img loading="lazy" decoding="async" width="150" height="150" src="http://www.denkfried.de/wp/wp-content/uploads/2012/06/DSCF20041-150x150.jpg" class="attachment-thumbnail size-thumbnail" alt="" /></a>
			</dt></dl><dl class='gallery-item'>
			<dt class='gallery-icon landscape'>
				<a href='http://www.denkfried.de/wp/?attachment_id=23074'><img loading="lazy" decoding="async" width="150" height="150" src="http://www.denkfried.de/wp/wp-content/uploads/2012/06/DSCF2003-150x150.jpg" class="attachment-thumbnail size-thumbnail" alt="" /></a>
			</dt></dl><dl class='gallery-item'>
			<dt class='gallery-icon landscape'>
				<a href='http://www.denkfried.de/wp/?attachment_id=23077'><img loading="lazy" decoding="async" width="150" height="150" src="http://www.denkfried.de/wp/wp-content/uploads/2012/06/DSCF2002-150x150.jpg" class="attachment-thumbnail size-thumbnail" alt="" /></a>
			</dt></dl><br style="clear: both" />
		</div>

<p>Auf dem Friedhof befindet sich ein Anlage für Opfer von Terror und Gewaltherrschaft. eine kleine Anlage mit 18 Einzelgräbern und 3 Sammelgräbern mit Opfern des Zweiten Weltkrieges. Hier anschließend ist eine Gedenkanlage für 11 Tote vom DDR Volksaufstand am 17. Juni 1953.</p>
<p>Richtung Indische Straße befindet sich ein weiteres Gräberfeld. Hier sind die Tote des zweiten Weltkrieges in Einzelgräber begraben. Unter den Toten ist ein Maueropfer, Ida Siekmann geb. 23.08.1902 starb am 22.08.1961.</p>
<p>Insgesamt konnten hier <strong>631 Kriegsopfer</strong> dokumentiert werden, davon sind 102 Unbekannt. Es konnten noch zwei private Gedenken dokumentiert werden.</p>
<p>Die Namen der Kriegsopfer des Zweiten Weltkrieges, wurden in die <a href="http://s2wk.gedenk-tafel.de/comb/login.php">Datenbank</a> eingepflegt.</p>

<p>&nbsp; Berlin-Wedding Urnenfriedhof Seestraße, Seestraße 92-93 Bericht und Bilder von Thomas Gefallenendenkmäler Berlin/Brandenburg Auf dem Friedhof befindet sich ein Anlage für Opfer von Terror und Gewaltherrschaft. eine kleine Anlage mit 18 Einzelgräbern und 3 Sammelgräbern mit Opfern des Zweiten Weltkrieges. Hier anschließend &hellip; <a href="http://www.denkfried.de/wp/?page_id=22959">Weiterlesen <span class="meta-nav">&rarr;</span></a></p>
