{"id":22703,"date":"2012-05-28T18:45:29","date_gmt":"2012-05-28T16:45:29","guid":{"rendered":"http:\/\/www.denkfried.de\/wp\/?page_id=22703"},"modified":"2012-05-28T19:12:39","modified_gmt":"2012-05-28T17:12:39","slug":"altengrabow-tupl","status":"publish","type":"page","link":"http:\/\/www.denkfried.de\/wp\/?page_id=22703","title":{"rendered":"Altengrabow T\u00dcpl."},"content":{"rendered":"<p>&nbsp;<\/p>\n<p><strong>Altengrabow<\/strong> Truppen\u00fcbungsplatz<\/p>\n<p>Bericht und Bilder von Thomas <a href=\"http:\/\/potsdamer-ehrenmale.de.tl\/Hauptseite.htm\">Potsdamer-Ehrenmale.de<\/a><\/p>\n<div id='gallery-1' class='gallery galleryid-22703 gallery-columns-3 gallery-size-thumbnail'><dl class='gallery-item'>\n\t\t\t<dt class='gallery-icon landscape'>\n\t\t\t\t<a href='http:\/\/www.denkfried.de\/wp\/?attachment_id=22708'><img loading=\"lazy\" decoding=\"async\" width=\"150\" height=\"150\" src=\"http:\/\/www.denkfried.de\/wp\/wp-content\/uploads\/2012\/05\/Altengrabow-1813-15-150x150.jpg\" class=\"attachment-thumbnail size-thumbnail\" alt=\"\" \/><\/a>\n\t\t\t<\/dt><\/dl><dl class='gallery-item'>\n\t\t\t<dt class='gallery-icon landscape'>\n\t\t\t\t<a href='http:\/\/www.denkfried.de\/wp\/?attachment_id=22709'><img loading=\"lazy\" decoding=\"async\" width=\"150\" height=\"150\" src=\"http:\/\/www.denkfried.de\/wp\/wp-content\/uploads\/2012\/05\/Altengrabow-1914-18-150x150.jpg\" class=\"attachment-thumbnail size-thumbnail\" alt=\"\" \/><\/a>\n\t\t\t<\/dt><\/dl>\n\t\t\t<br style='clear: both' \/>\n\t\t<\/div>\n\n<p>Der\u00a0Truppen\u00fcbungsplatz\u00a0wurde ab 1893 eingerichtet und \u00fcber Jahrzehnte ausgebaut. Genutzt wurden die Einrichtungen im\u00a0Ersten\u00a0undZweiten Weltkrieg\u00a0zeitweise als\u00a0Kriegsgefangenenlager,\u00a0HJ-Ausbildungslager, Heeresbauamt, Heeresforstamt, Munitionsfabrik mitZwangsarbeiterinnenlager\u00a0f\u00fcr ukrainische und polnische Frauen und M\u00e4dchen. Nach dem Zweiten Weltkrieg war hier bis 1994 einStandort\u00a0der Sowjetarmee (GSSD) und danach der\u00a0Bundeswehr. (Text Wikipedia)<\/p>\n<p><span style=\"text-decoration: underline;\"><strong>Gedenktafel 1813-15<\/strong><\/span><\/p>\n<p>Beim Dorfe Gloine rasteten die Truppen des Generals v. Borstell in der Nacht v. 5. April 1813 w\u00e4hrend der ersten Deckung Berlins und der Mark erfolgreich an der Elbe-Linie gegen mehr als doppelte feindliche \u00dcberlegenheit gef\u00fchrt im K\u00e4mpfe des Befreiungskrieges.<\/p>\n<p>Gedenket dankbar der V\u00e4ter die in schwerer Zeit Gro\u00dfes geleistet haben und bem\u00fcht euch, ihnen w\u00fcrdig zu sein!<\/p>\n<p><span style=\"text-decoration: underline;\"><strong>Denkmal 1914-18<\/strong><\/span><\/p>\n<p>Auf der Postkarte ist ein Pyramiden \u00e4hnliches Denkmal aus Feldsteinen gefertigt. Es ist zu Ehren der ehemaligen 234 Infanterie Division errichtet. Am Denkmal sind Bronze Tafel angebracht.<\/p>\n<p>&nbsp;<\/p>\n","protected":false},"excerpt":{"rendered":"<p>&nbsp; Altengrabow Truppen\u00fcbungsplatz Bericht und Bilder von Thomas Potsdamer-Ehrenmale.de Der\u00a0Truppen\u00fcbungsplatz\u00a0wurde ab 1893 eingerichtet und \u00fcber Jahrzehnte ausgebaut. Genutzt wurden die Einrichtungen im\u00a0Ersten\u00a0undZweiten Weltkrieg\u00a0zeitweise als\u00a0Kriegsgefangenenlager,\u00a0HJ-Ausbildungslager, Heeresbauamt, Heeresforstamt, Munitionsfabrik mitZwangsarbeiterinnenlager\u00a0f\u00fcr ukrainische und polnische Frauen und M\u00e4dchen. Nach dem Zweiten Weltkrieg war hier &hellip; <a href=\"http:\/\/www.denkfried.de\/wp\/?page_id=22703\">Weiterlesen <span class=\"meta-nav\">&rarr;<\/span><\/a><\/p>\n","protected":false},"author":9,"featured_media":0,"parent":22696,"menu_order":0,"comment_status":"closed","ping_status":"open","template":"","meta":{"footnotes":""},"class_list":["post-22703","page","type-page","status-publish","hentry"],"_links":{"self":[{"href":"http:\/\/www.denkfried.de\/wp\/index.php?rest_route=\/wp\/v2\/pages\/22703","targetHints":{"allow":["GET"]}}],"collection":[{"href":"http:\/\/www.denkfried.de\/wp\/index.php?rest_route=\/wp\/v2\/pages"}],"about":[{"href":"http:\/\/www.denkfried.de\/wp\/index.php?rest_route=\/wp\/v2\/types\/page"}],"author":[{"embeddable":true,"href":"http:\/\/www.denkfried.de\/wp\/index.php?rest_route=\/wp\/v2\/users\/9"}],"replies":[{"embeddable":true,"href":"http:\/\/www.denkfried.de\/wp\/index.php?rest_route=%2Fwp%2Fv2%2Fcomments&post=22703"}],"version-history":[{"count":9,"href":"http:\/\/www.denkfried.de\/wp\/index.php?rest_route=\/wp\/v2\/pages\/22703\/revisions"}],"predecessor-version":[{"id":22705,"href":"http:\/\/www.denkfried.de\/wp\/index.php?rest_route=\/wp\/v2\/pages\/22703\/revisions\/22705"}],"up":[{"embeddable":true,"href":"http:\/\/www.denkfried.de\/wp\/index.php?rest_route=\/wp\/v2\/pages\/22696"}],"wp:attachment":[{"href":"http:\/\/www.denkfried.de\/wp\/index.php?rest_route=%2Fwp%2Fv2%2Fmedia&parent=22703"}],"curies":[{"name":"wp","href":"https:\/\/api.w.org\/{rel}","templated":true}]}}

Altengrabow TÜpl.

<p>&nbsp;</p>
<p><strong>Altengrabow</strong> Truppenübungsplatz</p>
<p>Bericht und Bilder von Thomas <a href="http://potsdamer-ehrenmale.de.tl/Hauptseite.htm">Potsdamer-Ehrenmale.de</a></p>
<div id='gallery-1' class='gallery galleryid-22703 gallery-columns-3 gallery-size-thumbnail'><dl class='gallery-item'>
			<dt class='gallery-icon landscape'>
				<a href='http://www.denkfried.de/wp/?attachment_id=22708'><img loading="lazy" decoding="async" width="150" height="150" src="http://www.denkfried.de/wp/wp-content/uploads/2012/05/Altengrabow-1813-15-150x150.jpg" class="attachment-thumbnail size-thumbnail" alt="" /></a>
			</dt></dl><dl class='gallery-item'>
			<dt class='gallery-icon landscape'>
				<a href='http://www.denkfried.de/wp/?attachment_id=22709'><img loading="lazy" decoding="async" width="150" height="150" src="http://www.denkfried.de/wp/wp-content/uploads/2012/05/Altengrabow-1914-18-150x150.jpg" class="attachment-thumbnail size-thumbnail" alt="" /></a>
			</dt></dl>
			<br style='clear: both' />
		</div>

<p>Der Truppenübungsplatz wurde ab 1893 eingerichtet und über Jahrzehnte ausgebaut. Genutzt wurden die Einrichtungen im Ersten undZweiten Weltkrieg zeitweise als Kriegsgefangenenlager, HJ-Ausbildungslager, Heeresbauamt, Heeresforstamt, Munitionsfabrik mitZwangsarbeiterinnenlager für ukrainische und polnische Frauen und Mädchen. Nach dem Zweiten Weltkrieg war hier bis 1994 einStandort der Sowjetarmee (GSSD) und danach der Bundeswehr. (Text Wikipedia)</p>
<p><span style="text-decoration: underline;"><strong>Gedenktafel 1813-15</strong></span></p>
<p>Beim Dorfe Gloine rasteten die Truppen des Generals v. Borstell in der Nacht v. 5. April 1813 während der ersten Deckung Berlins und der Mark erfolgreich an der Elbe-Linie gegen mehr als doppelte feindliche Überlegenheit geführt im Kämpfe des Befreiungskrieges.</p>
<p>Gedenket dankbar der Väter die in schwerer Zeit Großes geleistet haben und bemüht euch, ihnen würdig zu sein!</p>
<p><span style="text-decoration: underline;"><strong>Denkmal 1914-18</strong></span></p>
<p>Auf der Postkarte ist ein Pyramiden ähnliches Denkmal aus Feldsteinen gefertigt. Es ist zu Ehren der ehemaligen 234 Infanterie Division errichtet. Am Denkmal sind Bronze Tafel angebracht.</p>
<p>&nbsp;</p>

<p>&nbsp; Altengrabow Truppenübungsplatz Bericht und Bilder von Thomas Potsdamer-Ehrenmale.de Der Truppenübungsplatz wurde ab 1893 eingerichtet und über Jahrzehnte ausgebaut. Genutzt wurden die Einrichtungen im Ersten undZweiten Weltkrieg zeitweise als Kriegsgefangenenlager, HJ-Ausbildungslager, Heeresbauamt, Heeresforstamt, Munitionsfabrik mitZwangsarbeiterinnenlager für ukrainische und polnische Frauen und Mädchen. Nach dem Zweiten Weltkrieg war hier &hellip; <a href="http://www.denkfried.de/wp/?page_id=22703">Weiterlesen <span class="meta-nav">&rarr;</span></a></p>
