{"id":2162,"date":"2011-04-10T19:06:21","date_gmt":"2011-04-10T17:06:21","guid":{"rendered":"http:\/\/www.denkfried.de\/wp\/?page_id=2162"},"modified":"2014-07-06T18:54:22","modified_gmt":"2014-07-06T16:54:22","slug":"iasi","status":"publish","type":"page","link":"http:\/\/www.denkfried.de\/wp\/?page_id=2162","title":{"rendered":"IASI"},"content":{"rendered":"<p>&nbsp;<\/p>\n<p><span style=\"text-decoration: underline; color: #ff0000;\"><strong>700xxx Iasi<\/strong><\/span> (Jassy)<\/p>\n<p>Iasi oder auch Jassy liegt in der Region Westmoldau. Sie liegt ca. 20km von Moldawien entfernt.<\/p>\n<p>Im Ersten Weltkrieg wurden die Soldaten auf dem Ewigkeitsfriedhof, &#8222;Cimitirul Eternatatea&#8220;, zum Gro\u00dfteil in einem Ossarium bestattet.<br \/>\nIm zweiten Weltkrieg wurden hier fast 4000 Deutsche in Einzelgr\u00e4ber bestattet. In den 90zigern erfolgte eine Neugestaltung dieser Anlage.<br \/>\nDa es hier auch zahlreiche zivile \u00dcberbettungen gab, hat man die Namen auf Tafeln angebracht und auf dem Gedenkplatz angeordnet.<\/p>\n<p>Einweihung am 21.09.1996<br \/>\n1.Weltkrieg 1.617 Deutsche<br \/>\n2.Weltkrieg 3.994 Deutsche<\/p>\n<p>Vom Fr\u00fchjahr bis Ende August 1944 wurden allein 1.167 Angeh\u00f6rige der 79.Infanterie Division bestattet. Um Jassy herum gab es eine Vielzahl von kleineren Friedh\u00f6fen, bedingt durch die Lazarette in Vaslui und Barlad.<\/p>\n<p>In der Zeit zwischen dem 20. und 31 August 1944 gerieten durch einen russ. Durchbruch in die deutschen Stellungen 8 bis 9000 Dvisionsangeh\u00f6rige in Umklammerung und Gefangenschaft. Aus der Gefangenschaft kamen nur wenige zur\u00fcck in die Heimat. Die Gr\u00e4ber der unterwegs gestorbenen Soldaten sind unbekannt.<\/p>\n<p>Nach dem Untergang der 79.Inf.-Div. stellte man die 79.Grenadier-Div. neu auf. Sie k\u00e4mpften zum Ende des Krieges im Raum Trier und Luxemburg. Die Gr\u00e4ber der Gefallenen liegen meist auf deutschem Boden, darunter 30 Gefallene der alten Division.<\/p>\n<p>Angeh\u00f6rige der 79.Inf.Div. liegen auf den Kriegsgr\u00e4berst\u00e4tten Bad Niederbronn, K\u00f6nigsbach\/ Baden, Unter\u00f6wisheim, Stutensee und Neustadt\/Weinstra\u00dfe. Andere konnten in ihre Heimatorte \u00fcberf\u00fchrt werden. Sollten sie privat bestattet worden sein, so wird man heute kaum noch ihre Gr\u00e4ber finden.<\/p>\n<p>&nbsp;<\/p>\n","protected":false},"excerpt":{"rendered":"<p>&nbsp; 700xxx Iasi (Jassy) Iasi oder auch Jassy liegt in der Region Westmoldau. Sie liegt ca. 20km von Moldawien entfernt. Im Ersten Weltkrieg wurden die Soldaten auf dem Ewigkeitsfriedhof, &#8222;Cimitirul Eternatatea&#8220;, zum Gro\u00dfteil in einem Ossarium bestattet. Im zweiten Weltkrieg &hellip; <a href=\"http:\/\/www.denkfried.de\/wp\/?page_id=2162\">Weiterlesen <span class=\"meta-nav\">&rarr;<\/span><\/a><\/p>\n","protected":false},"author":2,"featured_media":0,"parent":337,"menu_order":0,"comment_status":"closed","ping_status":"open","template":"","meta":{"footnotes":""},"class_list":["post-2162","page","type-page","status-publish","hentry"],"_links":{"self":[{"href":"http:\/\/www.denkfried.de\/wp\/index.php?rest_route=\/wp\/v2\/pages\/2162","targetHints":{"allow":["GET"]}}],"collection":[{"href":"http:\/\/www.denkfried.de\/wp\/index.php?rest_route=\/wp\/v2\/pages"}],"about":[{"href":"http:\/\/www.denkfried.de\/wp\/index.php?rest_route=\/wp\/v2\/types\/page"}],"author":[{"embeddable":true,"href":"http:\/\/www.denkfried.de\/wp\/index.php?rest_route=\/wp\/v2\/users\/2"}],"replies":[{"embeddable":true,"href":"http:\/\/www.denkfried.de\/wp\/index.php?rest_route=%2Fwp%2Fv2%2Fcomments&post=2162"}],"version-history":[{"count":3,"href":"http:\/\/www.denkfried.de\/wp\/index.php?rest_route=\/wp\/v2\/pages\/2162\/revisions"}],"predecessor-version":[{"id":35763,"href":"http:\/\/www.denkfried.de\/wp\/index.php?rest_route=\/wp\/v2\/pages\/2162\/revisions\/35763"}],"up":[{"embeddable":true,"href":"http:\/\/www.denkfried.de\/wp\/index.php?rest_route=\/wp\/v2\/pages\/337"}],"wp:attachment":[{"href":"http:\/\/www.denkfried.de\/wp\/index.php?rest_route=%2Fwp%2Fv2%2Fmedia&parent=2162"}],"curies":[{"name":"wp","href":"https:\/\/api.w.org\/{rel}","templated":true}]}}

<p>&nbsp;</p>
<p><span style="text-decoration: underline; color: #ff0000;"><strong>700xxx Iasi</strong></span> (Jassy)</p>
<p>Iasi oder auch Jassy liegt in der Region Westmoldau. Sie liegt ca. 20km von Moldawien entfernt.</p>
<p>Im Ersten Weltkrieg wurden die Soldaten auf dem Ewigkeitsfriedhof, &#8222;Cimitirul Eternatatea&#8220;, zum Großteil in einem Ossarium bestattet.<br />
Im zweiten Weltkrieg wurden hier fast 4000 Deutsche in Einzelgräber bestattet. In den 90zigern erfolgte eine Neugestaltung dieser Anlage.<br />
Da es hier auch zahlreiche zivile Überbettungen gab, hat man die Namen auf Tafeln angebracht und auf dem Gedenkplatz angeordnet.</p>
<p>Einweihung am 21.09.1996<br />
1.Weltkrieg 1.617 Deutsche<br />
2.Weltkrieg 3.994 Deutsche</p>
<p>Vom Frühjahr bis Ende August 1944 wurden allein 1.167 Angehörige der 79.Infanterie Division bestattet. Um Jassy herum gab es eine Vielzahl von kleineren Friedhöfen, bedingt durch die Lazarette in Vaslui und Barlad.</p>
<p>In der Zeit zwischen dem 20. und 31 August 1944 gerieten durch einen russ. Durchbruch in die deutschen Stellungen 8 bis 9000 Dvisionsangehörige in Umklammerung und Gefangenschaft. Aus der Gefangenschaft kamen nur wenige zurück in die Heimat. Die Gräber der unterwegs gestorbenen Soldaten sind unbekannt.</p>
<p>Nach dem Untergang der 79.Inf.-Div. stellte man die 79.Grenadier-Div. neu auf. Sie kämpften zum Ende des Krieges im Raum Trier und Luxemburg. Die Gräber der Gefallenen liegen meist auf deutschem Boden, darunter 30 Gefallene der alten Division.</p>
<p>Angehörige der 79.Inf.Div. liegen auf den Kriegsgräberstätten Bad Niederbronn, Königsbach/ Baden, Unteröwisheim, Stutensee und Neustadt/Weinstraße. Andere konnten in ihre Heimatorte überführt werden. Sollten sie privat bestattet worden sein, so wird man heute kaum noch ihre Gräber finden.</p>
<p>&nbsp;</p>

<p>&nbsp; 700xxx Iasi (Jassy) Iasi oder auch Jassy liegt in der Region Westmoldau. Sie liegt ca. 20km von Moldawien entfernt. Im Ersten Weltkrieg wurden die Soldaten auf dem Ewigkeitsfriedhof, &#8222;Cimitirul Eternatatea&#8220;, zum Großteil in einem Ossarium bestattet. Im zweiten Weltkrieg &hellip; <a href="http://www.denkfried.de/wp/?page_id=2162">Weiterlesen <span class="meta-nav">&rarr;</span></a></p>
