{"id":2126,"date":"2011-04-10T18:15:59","date_gmt":"2011-04-10T16:15:59","guid":{"rendered":"http:\/\/www.denkfried.de\/wp\/?page_id=2126"},"modified":"2011-04-10T18:15:59","modified_gmt":"2011-04-10T16:15:59","slug":"bordesti","status":"publish","type":"page","link":"http:\/\/www.denkfried.de\/wp\/?page_id=2126","title":{"rendered":"BORDESTI"},"content":{"rendered":"<p>&nbsp;<\/p>\n<p><span style=\"text-decoration: underline; color: #ff0000;\"><strong>Bordesti<\/strong><\/span><\/p>\n<p>Der  Friedhof liegt etwas au\u00dferhalb des Orte und wurde 1918 angelegt. Die  Erd-und Umbettungsarbeiten wurden von russischen Kriegsgefangenen  durchgef\u00fchrt.Es wurden dort die Toten aus den K\u00e4mpfen von 1916  eingebettet.<br \/>\nAnfang der 90er Jahre wurde die Kriegsgr\u00e4berst\u00e4tte mit einfachen Mitteln wieder hergerichtet.<\/p>\n<p>Hier ruhen aus dem 1.Weltkrieg<br \/>\n1050 Deutsche<br \/>\n31 \u00d6sterreicher<br \/>\n157 Rum\u00e4nen<br \/>\n47 Russen<\/p>\n","protected":false},"excerpt":{"rendered":"<p>&nbsp; Bordesti Der Friedhof liegt etwas au\u00dferhalb des Orte und wurde 1918 angelegt. Die Erd-und Umbettungsarbeiten wurden von russischen Kriegsgefangenen durchgef\u00fchrt.Es wurden dort die Toten aus den K\u00e4mpfen von 1916 eingebettet. Anfang der 90er Jahre wurde die Kriegsgr\u00e4berst\u00e4tte mit einfachen &hellip; <a href=\"http:\/\/www.denkfried.de\/wp\/?page_id=2126\">Weiterlesen <span class=\"meta-nav\">&rarr;<\/span><\/a><\/p>\n","protected":false},"author":2,"featured_media":0,"parent":337,"menu_order":0,"comment_status":"closed","ping_status":"open","template":"","meta":{"footnotes":""},"class_list":["post-2126","page","type-page","status-publish","hentry"],"_links":{"self":[{"href":"http:\/\/www.denkfried.de\/wp\/index.php?rest_route=\/wp\/v2\/pages\/2126","targetHints":{"allow":["GET"]}}],"collection":[{"href":"http:\/\/www.denkfried.de\/wp\/index.php?rest_route=\/wp\/v2\/pages"}],"about":[{"href":"http:\/\/www.denkfried.de\/wp\/index.php?rest_route=\/wp\/v2\/types\/page"}],"author":[{"embeddable":true,"href":"http:\/\/www.denkfried.de\/wp\/index.php?rest_route=\/wp\/v2\/users\/2"}],"replies":[{"embeddable":true,"href":"http:\/\/www.denkfried.de\/wp\/index.php?rest_route=%2Fwp%2Fv2%2Fcomments&post=2126"}],"version-history":[{"count":3,"href":"http:\/\/www.denkfried.de\/wp\/index.php?rest_route=\/wp\/v2\/pages\/2126\/revisions"}],"predecessor-version":[{"id":2129,"href":"http:\/\/www.denkfried.de\/wp\/index.php?rest_route=\/wp\/v2\/pages\/2126\/revisions\/2129"}],"up":[{"embeddable":true,"href":"http:\/\/www.denkfried.de\/wp\/index.php?rest_route=\/wp\/v2\/pages\/337"}],"wp:attachment":[{"href":"http:\/\/www.denkfried.de\/wp\/index.php?rest_route=%2Fwp%2Fv2%2Fmedia&parent=2126"}],"curies":[{"name":"wp","href":"https:\/\/api.w.org\/{rel}","templated":true}]}}

<p>&nbsp;</p>
<p><span style="text-decoration: underline; color: #ff0000;"><strong>Bordesti</strong></span></p>
<p>Der  Friedhof liegt etwas außerhalb des Orte und wurde 1918 angelegt. Die  Erd-und Umbettungsarbeiten wurden von russischen Kriegsgefangenen  durchgeführt.Es wurden dort die Toten aus den Kämpfen von 1916  eingebettet.<br />
Anfang der 90er Jahre wurde die Kriegsgräberstätte mit einfachen Mitteln wieder hergerichtet.</p>
<p>Hier ruhen aus dem 1.Weltkrieg<br />
1050 Deutsche<br />
31 Österreicher<br />
157 Rumänen<br />
47 Russen</p>

<p>&nbsp; Bordesti Der Friedhof liegt etwas außerhalb des Orte und wurde 1918 angelegt. Die Erd-und Umbettungsarbeiten wurden von russischen Kriegsgefangenen durchgeführt.Es wurden dort die Toten aus den Kämpfen von 1916 eingebettet. Anfang der 90er Jahre wurde die Kriegsgräberstätte mit einfachen &hellip; <a href="http://www.denkfried.de/wp/?page_id=2126">Weiterlesen <span class="meta-nav">&rarr;</span></a></p>
