{"id":20762,"date":"2012-04-08T22:11:12","date_gmt":"2012-04-08T20:11:12","guid":{"rendered":"http:\/\/www.denkfried.de\/wp\/?page_id=20762"},"modified":"2015-11-28T18:37:59","modified_gmt":"2015-11-28T17:37:59","slug":"rudow","status":"publish","type":"page","link":"http:\/\/www.denkfried.de\/wp\/?page_id=20762","title":{"rendered":"Rudow Friedhof"},"content":{"rendered":"<p>&nbsp;<\/p>\n<p><strong>Berlin-Rudow<\/strong><\/p>\n<p>Bericht und Bilder von Thomas\u00a0<a href=\"http:\/\/g-bb.jimdo.com\/\">Gefallenendenkm\u00e4ler Berlin\/Brandenburg<\/a><\/p>\n<div id='gallery-1' class='gallery galleryid-20762 gallery-columns-3 gallery-size-thumbnail'><dl class='gallery-item'>\n\t\t\t<dt class='gallery-icon landscape'>\n\t\t\t\t<a href='http:\/\/www.denkfried.de\/wp\/?attachment_id=20765'><img loading=\"lazy\" decoding=\"async\" width=\"150\" height=\"150\" src=\"http:\/\/www.denkfried.de\/wp\/wp-content\/uploads\/2012\/04\/DSCF1619-150x150.jpg\" class=\"attachment-thumbnail size-thumbnail\" alt=\"\" aria-describedby=\"gallery-1-20765\" \/><\/a>\n\t\t\t<\/dt>\n\t\t\t\t<dd class='wp-caption-text gallery-caption' id='gallery-1-20765'>\n\t\t\t\tDenkmal \n\t\t\t\t<\/dd><\/dl><dl class='gallery-item'>\n\t\t\t<dt class='gallery-icon landscape'>\n\t\t\t\t<a href='http:\/\/www.denkfried.de\/wp\/?attachment_id=20770'><img loading=\"lazy\" decoding=\"async\" width=\"150\" height=\"150\" src=\"http:\/\/www.denkfried.de\/wp\/wp-content\/uploads\/2012\/04\/DSCF1667-150x150.jpg\" class=\"attachment-thumbnail size-thumbnail\" alt=\"\" aria-describedby=\"gallery-1-20770\" \/><\/a>\n\t\t\t<\/dt>\n\t\t\t\t<dd class='wp-caption-text gallery-caption' id='gallery-1-20770'>\n\t\t\t\tDenkmal\n\t\t\t\t<\/dd><\/dl><dl class='gallery-item'>\n\t\t\t<dt class='gallery-icon landscape'>\n\t\t\t\t<a href='http:\/\/www.denkfried.de\/wp\/?attachment_id=20764'><img loading=\"lazy\" decoding=\"async\" width=\"150\" height=\"150\" src=\"http:\/\/www.denkfried.de\/wp\/wp-content\/uploads\/2012\/04\/DSCF1612-150x150.jpg\" class=\"attachment-thumbnail size-thumbnail\" alt=\"\" aria-describedby=\"gallery-1-20764\" \/><\/a>\n\t\t\t<\/dt>\n\t\t\t\t<dd class='wp-caption-text gallery-caption' id='gallery-1-20764'>\n\t\t\t\tDenkmal\n\t\t\t\t<\/dd><\/dl><br style=\"clear: both\" \/><dl class='gallery-item'>\n\t\t\t<dt class='gallery-icon landscape'>\n\t\t\t\t<a href='http:\/\/www.denkfried.de\/wp\/?attachment_id=20768'><img loading=\"lazy\" decoding=\"async\" width=\"150\" height=\"150\" src=\"http:\/\/www.denkfried.de\/wp\/wp-content\/uploads\/2012\/04\/DSCF1658-150x150.jpg\" class=\"attachment-thumbnail size-thumbnail\" alt=\"\" aria-describedby=\"gallery-1-20768\" \/><\/a>\n\t\t\t<\/dt>\n\t\t\t\t<dd class='wp-caption-text gallery-caption' id='gallery-1-20768'>\n\t\t\t\tKriegsgr\u00e4berfeld\n\t\t\t\t<\/dd><\/dl><dl class='gallery-item'>\n\t\t\t<dt class='gallery-icon landscape'>\n\t\t\t\t<a href='http:\/\/www.denkfried.de\/wp\/?attachment_id=20767'><img loading=\"lazy\" decoding=\"async\" width=\"150\" height=\"150\" src=\"http:\/\/www.denkfried.de\/wp\/wp-content\/uploads\/2012\/04\/DSCF1634-150x150.jpg\" class=\"attachment-thumbnail size-thumbnail\" alt=\"\" aria-describedby=\"gallery-1-20767\" \/><\/a>\n\t\t\t<\/dt>\n\t\t\t\t<dd class='wp-caption-text gallery-caption' id='gallery-1-20767'>\n\t\t\t\tKriegsgrab\n\t\t\t\t<\/dd><\/dl><dl class='gallery-item'>\n\t\t\t<dt class='gallery-icon landscape'>\n\t\t\t\t<a href='http:\/\/www.denkfried.de\/wp\/?attachment_id=20772'><img loading=\"lazy\" decoding=\"async\" width=\"150\" height=\"150\" src=\"http:\/\/www.denkfried.de\/wp\/wp-content\/uploads\/2012\/04\/DSCF1671-150x150.jpg\" class=\"attachment-thumbnail size-thumbnail\" alt=\"\" aria-describedby=\"gallery-1-20772\" \/><\/a>\n\t\t\t<\/dt>\n\t\t\t\t<dd class='wp-caption-text gallery-caption' id='gallery-1-20772'>\n\t\t\t\tprivates Gedenken\n\t\t\t\t<\/dd><\/dl><br style=\"clear: both\" \/>\n\t\t<\/div>\n\n<p><strong>Friedhof<\/strong> K\u00f6penicker Str. 131<\/p>\n<p>Auf dem Friedhof steht ein Denkmal f\u00fcr die Gefallenen des Ersten Weltkrieges. Vor diesem Denkmal sind 8 Gr\u00e4ber, 3 vom Ersten Weltkrieg und 5 Tote des Zweiten Weltkrieges. Ein Tafel ist mit den Namen versehen, und folgende Inschrift:<\/p>\n<address style=\"text-align: center;\"><em><strong>Den Opfern des Weltkrieges 1914-1918<\/strong><\/em><\/address>\n<address style=\"text-align: center;\"><em><strong>Die Landgemeinde Rudow<\/strong><\/em><\/address>\n<address style=\"text-align: center;\">\u00a0<\/address>\n<address style=\"text-align: center;\">\u00a0<em><strong>Den Opfern des Weltkrieges 1939-1945<\/strong><\/em><\/address>\n<address style=\"text-align: center;\">\u00a0<\/address>\n<p><span style=\"text-decoration: underline;\"><strong>Kriegsgr\u00e4berfeld<\/strong><\/span><\/p>\n<p>Ein kleine Gr\u00e4berfeld mit 35 Kriegstoten, 3 von ihnen aus dem Ersten Weltkrieg. Unter den vielen zivilen Opfern sind mehrere Kinder hier begraben.<\/p>\n<p>Die Namen werden in die Datenbanken eingepflegt.<\/p>\n<p>&nbsp;<\/p>\n","protected":false},"excerpt":{"rendered":"<p>&nbsp; Berlin-Rudow Bericht und Bilder von Thomas\u00a0Gefallenendenkm\u00e4ler Berlin\/Brandenburg Friedhof K\u00f6penicker Str. 131 Auf dem Friedhof steht ein Denkmal f\u00fcr die Gefallenen des Ersten Weltkrieges. Vor diesem Denkmal sind 8 Gr\u00e4ber, 3 vom Ersten Weltkrieg und 5 Tote des Zweiten Weltkrieges. &hellip; <a href=\"http:\/\/www.denkfried.de\/wp\/?page_id=20762\">Weiterlesen <span class=\"meta-nav\">&rarr;<\/span><\/a><\/p>\n","protected":false},"author":9,"featured_media":0,"parent":4556,"menu_order":0,"comment_status":"closed","ping_status":"open","template":"","meta":{"footnotes":""},"class_list":["post-20762","page","type-page","status-publish","hentry"],"_links":{"self":[{"href":"http:\/\/www.denkfried.de\/wp\/index.php?rest_route=\/wp\/v2\/pages\/20762","targetHints":{"allow":["GET"]}}],"collection":[{"href":"http:\/\/www.denkfried.de\/wp\/index.php?rest_route=\/wp\/v2\/pages"}],"about":[{"href":"http:\/\/www.denkfried.de\/wp\/index.php?rest_route=\/wp\/v2\/types\/page"}],"author":[{"embeddable":true,"href":"http:\/\/www.denkfried.de\/wp\/index.php?rest_route=\/wp\/v2\/users\/9"}],"replies":[{"embeddable":true,"href":"http:\/\/www.denkfried.de\/wp\/index.php?rest_route=%2Fwp%2Fv2%2Fcomments&post=20762"}],"version-history":[{"count":29,"href":"http:\/\/www.denkfried.de\/wp\/index.php?rest_route=\/wp\/v2\/pages\/20762\/revisions"}],"predecessor-version":[{"id":39631,"href":"http:\/\/www.denkfried.de\/wp\/index.php?rest_route=\/wp\/v2\/pages\/20762\/revisions\/39631"}],"up":[{"embeddable":true,"href":"http:\/\/www.denkfried.de\/wp\/index.php?rest_route=\/wp\/v2\/pages\/4556"}],"wp:attachment":[{"href":"http:\/\/www.denkfried.de\/wp\/index.php?rest_route=%2Fwp%2Fv2%2Fmedia&parent=20762"}],"curies":[{"name":"wp","href":"https:\/\/api.w.org\/{rel}","templated":true}]}}

<p>&nbsp;</p>
<p><strong>Berlin-Rudow</strong></p>
<p>Bericht und Bilder von Thomas <a href="http://g-bb.jimdo.com/">Gefallenendenkmäler Berlin/Brandenburg</a></p>
<div id='gallery-1' class='gallery galleryid-20762 gallery-columns-3 gallery-size-thumbnail'><dl class='gallery-item'>
			<dt class='gallery-icon landscape'>
				<a href='http://www.denkfried.de/wp/?attachment_id=20765'><img loading="lazy" decoding="async" width="150" height="150" src="http://www.denkfried.de/wp/wp-content/uploads/2012/04/DSCF1619-150x150.jpg" class="attachment-thumbnail size-thumbnail" alt="" aria-describedby="gallery-1-20765" /></a>
			</dt>
				<dd class='wp-caption-text gallery-caption' id='gallery-1-20765'>
				Denkmal 
				</dd></dl><dl class='gallery-item'>
			<dt class='gallery-icon landscape'>
				<a href='http://www.denkfried.de/wp/?attachment_id=20770'><img loading="lazy" decoding="async" width="150" height="150" src="http://www.denkfried.de/wp/wp-content/uploads/2012/04/DSCF1667-150x150.jpg" class="attachment-thumbnail size-thumbnail" alt="" aria-describedby="gallery-1-20770" /></a>
			</dt>
				<dd class='wp-caption-text gallery-caption' id='gallery-1-20770'>
				Denkmal
				</dd></dl><dl class='gallery-item'>
			<dt class='gallery-icon landscape'>
				<a href='http://www.denkfried.de/wp/?attachment_id=20764'><img loading="lazy" decoding="async" width="150" height="150" src="http://www.denkfried.de/wp/wp-content/uploads/2012/04/DSCF1612-150x150.jpg" class="attachment-thumbnail size-thumbnail" alt="" aria-describedby="gallery-1-20764" /></a>
			</dt>
				<dd class='wp-caption-text gallery-caption' id='gallery-1-20764'>
				Denkmal
				</dd></dl><br style="clear: both" /><dl class='gallery-item'>
			<dt class='gallery-icon landscape'>
				<a href='http://www.denkfried.de/wp/?attachment_id=20768'><img loading="lazy" decoding="async" width="150" height="150" src="http://www.denkfried.de/wp/wp-content/uploads/2012/04/DSCF1658-150x150.jpg" class="attachment-thumbnail size-thumbnail" alt="" aria-describedby="gallery-1-20768" /></a>
			</dt>
				<dd class='wp-caption-text gallery-caption' id='gallery-1-20768'>
				Kriegsgräberfeld
				</dd></dl><dl class='gallery-item'>
			<dt class='gallery-icon landscape'>
				<a href='http://www.denkfried.de/wp/?attachment_id=20767'><img loading="lazy" decoding="async" width="150" height="150" src="http://www.denkfried.de/wp/wp-content/uploads/2012/04/DSCF1634-150x150.jpg" class="attachment-thumbnail size-thumbnail" alt="" aria-describedby="gallery-1-20767" /></a>
			</dt>
				<dd class='wp-caption-text gallery-caption' id='gallery-1-20767'>
				Kriegsgrab
				</dd></dl><dl class='gallery-item'>
			<dt class='gallery-icon landscape'>
				<a href='http://www.denkfried.de/wp/?attachment_id=20772'><img loading="lazy" decoding="async" width="150" height="150" src="http://www.denkfried.de/wp/wp-content/uploads/2012/04/DSCF1671-150x150.jpg" class="attachment-thumbnail size-thumbnail" alt="" aria-describedby="gallery-1-20772" /></a>
			</dt>
				<dd class='wp-caption-text gallery-caption' id='gallery-1-20772'>
				privates Gedenken
				</dd></dl><br style="clear: both" />
		</div>

<p><strong>Friedhof</strong> Köpenicker Str. 131</p>
<p>Auf dem Friedhof steht ein Denkmal für die Gefallenen des Ersten Weltkrieges. Vor diesem Denkmal sind 8 Gräber, 3 vom Ersten Weltkrieg und 5 Tote des Zweiten Weltkrieges. Ein Tafel ist mit den Namen versehen, und folgende Inschrift:</p>
<address style="text-align: center;"><em><strong>Den Opfern des Weltkrieges 1914-1918</strong></em></address>
<address style="text-align: center;"><em><strong>Die Landgemeinde Rudow</strong></em></address>
<address style="text-align: center;"> </address>
<address style="text-align: center;"> <em><strong>Den Opfern des Weltkrieges 1939-1945</strong></em></address>
<address style="text-align: center;"> </address>
<p><span style="text-decoration: underline;"><strong>Kriegsgräberfeld</strong></span></p>
<p>Ein kleine Gräberfeld mit 35 Kriegstoten, 3 von ihnen aus dem Ersten Weltkrieg. Unter den vielen zivilen Opfern sind mehrere Kinder hier begraben.</p>
<p>Die Namen werden in die Datenbanken eingepflegt.</p>
<p>&nbsp;</p>

<p>&nbsp; Berlin-Rudow Bericht und Bilder von Thomas Gefallenendenkmäler Berlin/Brandenburg Friedhof Köpenicker Str. 131 Auf dem Friedhof steht ein Denkmal für die Gefallenen des Ersten Weltkrieges. Vor diesem Denkmal sind 8 Gräber, 3 vom Ersten Weltkrieg und 5 Tote des Zweiten Weltkrieges. &hellip; <a href="http://www.denkfried.de/wp/?page_id=20762">Weiterlesen <span class="meta-nav">&rarr;</span></a></p>
