{"id":20152,"date":"2012-03-28T18:41:13","date_gmt":"2012-03-28T16:41:13","guid":{"rendered":"http:\/\/www.denkfried.de\/wp\/?page_id=20152"},"modified":"2012-03-28T19:03:09","modified_gmt":"2012-03-28T17:03:09","slug":"lennep","status":"publish","type":"page","link":"http:\/\/www.denkfried.de\/wp\/?page_id=20152","title":{"rendered":"Lennep"},"content":{"rendered":"<p>&nbsp;<\/p>\n<p><strong>Lennep<\/strong>\u00a0zweitgr\u00f6\u00dfte\u00a0Stadtbezirk\u00a0Remscheids<\/p>\n<p><strong>1939-1945\u00a0<\/strong><\/p>\n<p>Die Lenneper Altstadt blieb vom alliierten Bombardement im\u00a0Zweiten Weltkriegs\u00a0nahezu verschont. Allein der verputzte Steinbau des Neuen Rathauses am Alten Markt wurde vollst\u00e4ndig zerst\u00f6rt. Hingegen trafen mehrere Spreng- und Brandbomben verschiedene Geb\u00e4ude in der Neustadt.<\/p>\n<p><a href=\"http:\/\/www.denkfried.de\/wp\/?page_id=20157\">Gedenkbuch des R\u00f6ntgen-Realgymnasium<\/a><\/p>\n<p><span style=\"text-decoration: underline;\"><strong>Stadtteile<\/strong><\/span><\/p>\n<ul>\n<li>Lennep Altstadt<\/li>\n<li>Lennep Nord<\/li>\n<li>Lennep Neustadt<\/li>\n<li>Lennep West<\/li>\n<\/ul>\n<p>&nbsp;<\/p>\n<ul>\n<li>Bergisch Born<\/li>\n<li>Engelsburg<\/li>\n<li>Grenzwall<\/li>\n<li>Hackenberg<\/li>\n<li>Hasenberg<\/li>\n<li>Henkelshof<\/li>\n<li>Trecknase<\/li>\n<\/ul>\n<p>&nbsp;<\/p>\n<p>&nbsp;<\/p>\n","protected":false},"excerpt":{"rendered":"<p>&nbsp; Lennep\u00a0zweitgr\u00f6\u00dfte\u00a0Stadtbezirk\u00a0Remscheids 1939-1945\u00a0 Die Lenneper Altstadt blieb vom alliierten Bombardement im\u00a0Zweiten Weltkriegs\u00a0nahezu verschont. Allein der verputzte Steinbau des Neuen Rathauses am Alten Markt wurde vollst\u00e4ndig zerst\u00f6rt. Hingegen trafen mehrere Spreng- und Brandbomben verschiedene Geb\u00e4ude in der Neustadt. Gedenkbuch des R\u00f6ntgen-Realgymnasium &hellip; <a href=\"http:\/\/www.denkfried.de\/wp\/?page_id=20152\">Weiterlesen <span class=\"meta-nav\">&rarr;<\/span><\/a><\/p>\n","protected":false},"author":9,"featured_media":0,"parent":20150,"menu_order":0,"comment_status":"closed","ping_status":"open","template":"","meta":{"footnotes":""},"class_list":["post-20152","page","type-page","status-publish","hentry"],"_links":{"self":[{"href":"http:\/\/www.denkfried.de\/wp\/index.php?rest_route=\/wp\/v2\/pages\/20152","targetHints":{"allow":["GET"]}}],"collection":[{"href":"http:\/\/www.denkfried.de\/wp\/index.php?rest_route=\/wp\/v2\/pages"}],"about":[{"href":"http:\/\/www.denkfried.de\/wp\/index.php?rest_route=\/wp\/v2\/types\/page"}],"author":[{"embeddable":true,"href":"http:\/\/www.denkfried.de\/wp\/index.php?rest_route=\/wp\/v2\/users\/9"}],"replies":[{"embeddable":true,"href":"http:\/\/www.denkfried.de\/wp\/index.php?rest_route=%2Fwp%2Fv2%2Fcomments&post=20152"}],"version-history":[{"count":5,"href":"http:\/\/www.denkfried.de\/wp\/index.php?rest_route=\/wp\/v2\/pages\/20152\/revisions"}],"predecessor-version":[{"id":20164,"href":"http:\/\/www.denkfried.de\/wp\/index.php?rest_route=\/wp\/v2\/pages\/20152\/revisions\/20164"}],"up":[{"embeddable":true,"href":"http:\/\/www.denkfried.de\/wp\/index.php?rest_route=\/wp\/v2\/pages\/20150"}],"wp:attachment":[{"href":"http:\/\/www.denkfried.de\/wp\/index.php?rest_route=%2Fwp%2Fv2%2Fmedia&parent=20152"}],"curies":[{"name":"wp","href":"https:\/\/api.w.org\/{rel}","templated":true}]}}

<p>&nbsp;</p>
<p><strong>Lennep</strong> zweitgrößte Stadtbezirk Remscheids</p>
<p><strong>1939-1945 </strong></p>
<p>Die Lenneper Altstadt blieb vom alliierten Bombardement im Zweiten Weltkriegs nahezu verschont. Allein der verputzte Steinbau des Neuen Rathauses am Alten Markt wurde vollständig zerstört. Hingegen trafen mehrere Spreng- und Brandbomben verschiedene Gebäude in der Neustadt.</p>
<p><a href="http://www.denkfried.de/wp/?page_id=20157">Gedenkbuch des Röntgen-Realgymnasium</a></p>
<p><span style="text-decoration: underline;"><strong>Stadtteile</strong></span></p>
<ul>
<li>Lennep Altstadt</li>
<li>Lennep Nord</li>
<li>Lennep Neustadt</li>
<li>Lennep West</li>
</ul>
<p>&nbsp;</p>
<ul>
<li>Bergisch Born</li>
<li>Engelsburg</li>
<li>Grenzwall</li>
<li>Hackenberg</li>
<li>Hasenberg</li>
<li>Henkelshof</li>
<li>Trecknase</li>
</ul>
<p>&nbsp;</p>
<p>&nbsp;</p>

<p>&nbsp; Lennep zweitgrößte Stadtbezirk Remscheids 1939-1945  Die Lenneper Altstadt blieb vom alliierten Bombardement im Zweiten Weltkriegs nahezu verschont. Allein der verputzte Steinbau des Neuen Rathauses am Alten Markt wurde vollständig zerstört. Hingegen trafen mehrere Spreng- und Brandbomben verschiedene Gebäude in der Neustadt. Gedenkbuch des Röntgen-Realgymnasium &hellip; <a href="http://www.denkfried.de/wp/?page_id=20152">Weiterlesen <span class="meta-nav">&rarr;</span></a></p>
