{"id":19911,"date":"2012-03-23T22:53:28","date_gmt":"2012-03-23T21:53:28","guid":{"rendered":"http:\/\/www.denkfried.de\/wp\/?page_id=19911"},"modified":"2012-03-23T22:53:58","modified_gmt":"2012-03-23T21:53:58","slug":"tirpersdorf","status":"publish","type":"page","link":"http:\/\/www.denkfried.de\/wp\/?page_id=19911","title":{"rendered":"Tirpersdorf"},"content":{"rendered":"<p>&nbsp;<\/p>\n<p><span style=\"text-decoration: underline;\"><strong>08606 Tirpersdorf<\/strong><\/span><\/p>\n<p>Verwaltungssitz: 08606 Tirpersdorf, Hauptstra\u00dfe 36<\/p>\n<p><strong>Ortsteile:<\/strong><\/p>\n<blockquote>\n<ul>\n<li>Altmannsgr\u00fcn<\/li>\n<li>Brotenfeld<\/li>\n<li>Dro\u00dfdorf<\/li>\n<li>Juchh\u00f6h<\/li>\n<li>Lottengr\u00fcn<\/li>\n<li>Obermarxgr\u00fcn<\/li>\n<li>Schloditz<\/li>\n<\/ul>\n<\/blockquote>\n<p>Im Ortsteil Juchh\u00f6h ist das im November 1920 eingeweihte Kriegerdenkmal in den 80iger Jahren wegen einem Parkplatz abgerissen und zerst\u00f6rt worden. Die \u00dcberreste fristen ihr Dasein in irgendeiner Gartenecke zwischen Wildwuchs. Die gerettete Namenstafel wurde gesichert. Sie tragen die Namen aus allen o.g. Ortsteilen.<\/p>\n<p>Inschrift:\u00a0\u00a0\u00a0\u00a0\u00a0\u00a0\u00a0\u00a0<strong><em> &#8222;Zum Ged\u00e4chtnis an unsere gefallenen Helden 1914-1918&#8220;<\/em><\/strong><\/p>\n<p style=\"padding-left: 30px;\">A.Feustel<\/p>\n<p style=\"padding-left: 30px;\">K.Gruber<\/p>\n<p style=\"padding-left: 30px;\">D.Keil<\/p>\n<p style=\"padding-left: 30px;\">M.Knorr<\/p>\n<p style=\"padding-left: 30px;\">E.Ficker<\/p>\n<p style=\"padding-left: 30px;\">P.Schmidt<\/p>\n<p style=\"padding-left: 30px;\">A.Neudel<\/p>\n<p style=\"padding-left: 30px;\">E.Herold<\/p>\n<p style=\"padding-left: 30px;\">W.Riedel<\/p>\n<p style=\"padding-left: 30px;\">D.Sch\u00f6rner<\/p>\n<p style=\"padding-left: 30px;\">P.Spranger<\/p>\n<p style=\"padding-left: 30px;\">A.Gr\u00e4f<\/p>\n<p style=\"padding-left: 30px;\">A.Eichelkraut<\/p>\n<p style=\"padding-left: 30px;\">P.Golla<\/p>\n<p style=\"padding-left: 30px;\">R.Schneider<\/p>\n<p style=\"padding-left: 30px;\">D.Schneider<\/p>\n<p style=\"padding-left: 30px;\">H.Todt<\/p>\n<p style=\"padding-left: 30px;\">W.Schott<\/p>\n<p style=\"padding-left: 30px;\">R.Pasold<\/p>\n<p style=\"padding-left: 30px;\">A.M\u00fcller<\/p>\n<p style=\"padding-left: 30px;\">R.Windisch<\/p>\n<p style=\"padding-left: 30px;\">R.Wittig<\/p>\n<p style=\"padding-left: 30px;\">F.Rentzsch<\/p>\n<p style=\"padding-left: 30px;\">H.P\u00e4tz<\/p>\n<p style=\"padding-left: 30px;\">A.P\u00e4tz<\/p>\n<p>\u00a0Ein Foto ist leider nicht vorhanden.<\/p>\n<p>&nbsp;<\/p>\n","protected":false},"excerpt":{"rendered":"<p>&nbsp; 08606 Tirpersdorf Verwaltungssitz: 08606 Tirpersdorf, Hauptstra\u00dfe 36 Ortsteile: Altmannsgr\u00fcn Brotenfeld Dro\u00dfdorf Juchh\u00f6h Lottengr\u00fcn Obermarxgr\u00fcn Schloditz Im Ortsteil Juchh\u00f6h ist das im November 1920 eingeweihte Kriegerdenkmal in den 80iger Jahren wegen einem Parkplatz abgerissen und zerst\u00f6rt worden. Die \u00dcberreste fristen &hellip; <a href=\"http:\/\/www.denkfried.de\/wp\/?page_id=19911\">Weiterlesen <span class=\"meta-nav\">&rarr;<\/span><\/a><\/p>\n","protected":false},"author":2,"featured_media":0,"parent":7429,"menu_order":0,"comment_status":"closed","ping_status":"open","template":"","meta":{"footnotes":""},"class_list":["post-19911","page","type-page","status-publish","hentry"],"_links":{"self":[{"href":"http:\/\/www.denkfried.de\/wp\/index.php?rest_route=\/wp\/v2\/pages\/19911","targetHints":{"allow":["GET"]}}],"collection":[{"href":"http:\/\/www.denkfried.de\/wp\/index.php?rest_route=\/wp\/v2\/pages"}],"about":[{"href":"http:\/\/www.denkfried.de\/wp\/index.php?rest_route=\/wp\/v2\/types\/page"}],"author":[{"embeddable":true,"href":"http:\/\/www.denkfried.de\/wp\/index.php?rest_route=\/wp\/v2\/users\/2"}],"replies":[{"embeddable":true,"href":"http:\/\/www.denkfried.de\/wp\/index.php?rest_route=%2Fwp%2Fv2%2Fcomments&post=19911"}],"version-history":[{"count":5,"href":"http:\/\/www.denkfried.de\/wp\/index.php?rest_route=\/wp\/v2\/pages\/19911\/revisions"}],"predecessor-version":[{"id":19916,"href":"http:\/\/www.denkfried.de\/wp\/index.php?rest_route=\/wp\/v2\/pages\/19911\/revisions\/19916"}],"up":[{"embeddable":true,"href":"http:\/\/www.denkfried.de\/wp\/index.php?rest_route=\/wp\/v2\/pages\/7429"}],"wp:attachment":[{"href":"http:\/\/www.denkfried.de\/wp\/index.php?rest_route=%2Fwp%2Fv2%2Fmedia&parent=19911"}],"curies":[{"name":"wp","href":"https:\/\/api.w.org\/{rel}","templated":true}]}}

<p>&nbsp;</p>
<p><span style="text-decoration: underline;"><strong>08606 Tirpersdorf</strong></span></p>
<p>Verwaltungssitz: 08606 Tirpersdorf, Hauptstraße 36</p>
<p><strong>Ortsteile:</strong></p>
<blockquote>
<ul>
<li>Altmannsgrün</li>
<li>Brotenfeld</li>
<li>Droßdorf</li>
<li>Juchhöh</li>
<li>Lottengrün</li>
<li>Obermarxgrün</li>
<li>Schloditz</li>
</ul>
</blockquote>
<p>Im Ortsteil Juchhöh ist das im November 1920 eingeweihte Kriegerdenkmal in den 80iger Jahren wegen einem Parkplatz abgerissen und zerstört worden. Die Überreste fristen ihr Dasein in irgendeiner Gartenecke zwischen Wildwuchs. Die gerettete Namenstafel wurde gesichert. Sie tragen die Namen aus allen o.g. Ortsteilen.</p>
<p>Inschrift:        <strong><em> &#8222;Zum Gedächtnis an unsere gefallenen Helden 1914-1918&#8220;</em></strong></p>
<p style="padding-left: 30px;">A.Feustel</p>
<p style="padding-left: 30px;">K.Gruber</p>
<p style="padding-left: 30px;">D.Keil</p>
<p style="padding-left: 30px;">M.Knorr</p>
<p style="padding-left: 30px;">E.Ficker</p>
<p style="padding-left: 30px;">P.Schmidt</p>
<p style="padding-left: 30px;">A.Neudel</p>
<p style="padding-left: 30px;">E.Herold</p>
<p style="padding-left: 30px;">W.Riedel</p>
<p style="padding-left: 30px;">D.Schörner</p>
<p style="padding-left: 30px;">P.Spranger</p>
<p style="padding-left: 30px;">A.Gräf</p>
<p style="padding-left: 30px;">A.Eichelkraut</p>
<p style="padding-left: 30px;">P.Golla</p>
<p style="padding-left: 30px;">R.Schneider</p>
<p style="padding-left: 30px;">D.Schneider</p>
<p style="padding-left: 30px;">H.Todt</p>
<p style="padding-left: 30px;">W.Schott</p>
<p style="padding-left: 30px;">R.Pasold</p>
<p style="padding-left: 30px;">A.Müller</p>
<p style="padding-left: 30px;">R.Windisch</p>
<p style="padding-left: 30px;">R.Wittig</p>
<p style="padding-left: 30px;">F.Rentzsch</p>
<p style="padding-left: 30px;">H.Pätz</p>
<p style="padding-left: 30px;">A.Pätz</p>
<p> Ein Foto ist leider nicht vorhanden.</p>
<p>&nbsp;</p>

<p>&nbsp; 08606 Tirpersdorf Verwaltungssitz: 08606 Tirpersdorf, Hauptstraße 36 Ortsteile: Altmannsgrün Brotenfeld Droßdorf Juchhöh Lottengrün Obermarxgrün Schloditz Im Ortsteil Juchhöh ist das im November 1920 eingeweihte Kriegerdenkmal in den 80iger Jahren wegen einem Parkplatz abgerissen und zerstört worden. Die Überreste fristen &hellip; <a href="http://www.denkfried.de/wp/?page_id=19911">Weiterlesen <span class="meta-nav">&rarr;</span></a></p>
