{"id":19874,"date":"2012-03-22T23:55:11","date_gmt":"2012-03-22T22:55:11","guid":{"rendered":"http:\/\/www.denkfried.de\/wp\/?page_id=19874"},"modified":"2012-03-23T00:33:50","modified_gmt":"2012-03-22T23:33:50","slug":"pinkofen","status":"publish","type":"page","link":"http:\/\/www.denkfried.de\/wp\/?page_id=19874","title":{"rendered":"Pinkofen"},"content":{"rendered":"<p>&nbsp;<\/p>\n<p><span style=\"text-decoration: underline;\"><strong>84069 Schierling-Pinkofen<\/strong><\/span><\/p>\n<p>Gedenkst\u00e4tte im Kirchhof. Zwei Gedenktafeln. In der Mitte ein Kreuz, auf dem im Halbrelief steht:<\/p>\n<p><em><strong>&#8222;F\u00fcr uns!&#8220;.<\/strong><\/em><\/p>\n<p>Rechts und links je eine S\u00e4ule, auf denen sich im Halbrelief ein Eisernes Kreuz befindet mit den Jahreszahlen 1914-1918 und 1939-1945. Am Fu\u00dfe des Denkmals ein steinerner Helm mit Bajonet und Eichenbruch.<\/p>\n<p>Text: Hubert<div id='gallery-1' class='gallery galleryid-19874 gallery-columns-3 gallery-size-thumbnail'><dl class='gallery-item'>\n\t\t\t<dt class='gallery-icon landscape'>\n\t\t\t\t<a href='http:\/\/www.denkfried.de\/wp\/?attachment_id=19903'><img loading=\"lazy\" decoding=\"async\" width=\"150\" height=\"150\" src=\"http:\/\/www.denkfried.de\/wp\/wp-content\/uploads\/2012\/03\/hpqscan00132-150x150.jpg\" class=\"attachment-thumbnail size-thumbnail\" alt=\"\" \/><\/a>\n\t\t\t<\/dt><\/dl><dl class='gallery-item'>\n\t\t\t<dt class='gallery-icon portrait'>\n\t\t\t\t<a href='http:\/\/www.denkfried.de\/wp\/?attachment_id=19904'><img loading=\"lazy\" decoding=\"async\" width=\"150\" height=\"150\" src=\"http:\/\/www.denkfried.de\/wp\/wp-content\/uploads\/2012\/03\/hpqscan00142-150x150.jpg\" class=\"attachment-thumbnail size-thumbnail\" alt=\"\" \/><\/a>\n\t\t\t<\/dt><\/dl><dl class='gallery-item'>\n\t\t\t<dt class='gallery-icon portrait'>\n\t\t\t\t<a href='http:\/\/www.denkfried.de\/wp\/?attachment_id=19905'><img loading=\"lazy\" decoding=\"async\" width=\"150\" height=\"150\" src=\"http:\/\/www.denkfried.de\/wp\/wp-content\/uploads\/2012\/03\/hpqscan00152-150x150.jpg\" class=\"attachment-thumbnail size-thumbnail\" alt=\"\" \/><\/a>\n\t\t\t<\/dt><\/dl><br style=\"clear: both\" \/>\n\t\t<\/div>\n<\/p>\n","protected":false},"excerpt":{"rendered":"<p>&nbsp; 84069 Schierling-Pinkofen Gedenkst\u00e4tte im Kirchhof. Zwei Gedenktafeln. In der Mitte ein Kreuz, auf dem im Halbrelief steht: &#8222;F\u00fcr uns!&#8220;. Rechts und links je eine S\u00e4ule, auf denen sich im Halbrelief ein Eisernes Kreuz befindet mit den Jahreszahlen 1914-1918 und &hellip; <a href=\"http:\/\/www.denkfried.de\/wp\/?page_id=19874\">Weiterlesen <span class=\"meta-nav\">&rarr;<\/span><\/a><\/p>\n","protected":false},"author":7,"featured_media":0,"parent":11567,"menu_order":0,"comment_status":"closed","ping_status":"open","template":"","meta":{"footnotes":""},"class_list":["post-19874","page","type-page","status-publish","hentry"],"_links":{"self":[{"href":"http:\/\/www.denkfried.de\/wp\/index.php?rest_route=\/wp\/v2\/pages\/19874","targetHints":{"allow":["GET"]}}],"collection":[{"href":"http:\/\/www.denkfried.de\/wp\/index.php?rest_route=\/wp\/v2\/pages"}],"about":[{"href":"http:\/\/www.denkfried.de\/wp\/index.php?rest_route=\/wp\/v2\/types\/page"}],"author":[{"embeddable":true,"href":"http:\/\/www.denkfried.de\/wp\/index.php?rest_route=\/wp\/v2\/users\/7"}],"replies":[{"embeddable":true,"href":"http:\/\/www.denkfried.de\/wp\/index.php?rest_route=%2Fwp%2Fv2%2Fcomments&post=19874"}],"version-history":[{"count":2,"href":"http:\/\/www.denkfried.de\/wp\/index.php?rest_route=\/wp\/v2\/pages\/19874\/revisions"}],"predecessor-version":[{"id":19906,"href":"http:\/\/www.denkfried.de\/wp\/index.php?rest_route=\/wp\/v2\/pages\/19874\/revisions\/19906"}],"up":[{"embeddable":true,"href":"http:\/\/www.denkfried.de\/wp\/index.php?rest_route=\/wp\/v2\/pages\/11567"}],"wp:attachment":[{"href":"http:\/\/www.denkfried.de\/wp\/index.php?rest_route=%2Fwp%2Fv2%2Fmedia&parent=19874"}],"curies":[{"name":"wp","href":"https:\/\/api.w.org\/{rel}","templated":true}]}}

<p>&nbsp;</p>
<p><span style="text-decoration: underline;"><strong>84069 Schierling-Pinkofen</strong></span></p>
<p>Gedenkstätte im Kirchhof. Zwei Gedenktafeln. In der Mitte ein Kreuz, auf dem im Halbrelief steht:</p>
<p><em><strong>&#8222;Für uns!&#8220;.</strong></em></p>
<p>Rechts und links je eine Säule, auf denen sich im Halbrelief ein Eisernes Kreuz befindet mit den Jahreszahlen 1914-1918 und 1939-1945. Am Fuße des Denkmals ein steinerner Helm mit Bajonet und Eichenbruch.</p>
<p>Text: Hubert<div id='gallery-1' class='gallery galleryid-19874 gallery-columns-3 gallery-size-thumbnail'><dl class='gallery-item'>
			<dt class='gallery-icon landscape'>
				<a href='http://www.denkfried.de/wp/?attachment_id=19903'><img loading="lazy" decoding="async" width="150" height="150" src="http://www.denkfried.de/wp/wp-content/uploads/2012/03/hpqscan00132-150x150.jpg" class="attachment-thumbnail size-thumbnail" alt="" /></a>
			</dt></dl><dl class='gallery-item'>
			<dt class='gallery-icon portrait'>
				<a href='http://www.denkfried.de/wp/?attachment_id=19904'><img loading="lazy" decoding="async" width="150" height="150" src="http://www.denkfried.de/wp/wp-content/uploads/2012/03/hpqscan00142-150x150.jpg" class="attachment-thumbnail size-thumbnail" alt="" /></a>
			</dt></dl><dl class='gallery-item'>
			<dt class='gallery-icon portrait'>
				<a href='http://www.denkfried.de/wp/?attachment_id=19905'><img loading="lazy" decoding="async" width="150" height="150" src="http://www.denkfried.de/wp/wp-content/uploads/2012/03/hpqscan00152-150x150.jpg" class="attachment-thumbnail size-thumbnail" alt="" /></a>
			</dt></dl><br style="clear: both" />
		</div>
</p>

<p>&nbsp; 84069 Schierling-Pinkofen Gedenkstätte im Kirchhof. Zwei Gedenktafeln. In der Mitte ein Kreuz, auf dem im Halbrelief steht: &#8222;Für uns!&#8220;. Rechts und links je eine Säule, auf denen sich im Halbrelief ein Eisernes Kreuz befindet mit den Jahreszahlen 1914-1918 und &hellip; <a href="http://www.denkfried.de/wp/?page_id=19874">Weiterlesen <span class="meta-nav">&rarr;</span></a></p>
