{"id":19444,"date":"2012-03-21T00:33:40","date_gmt":"2012-03-20T23:33:40","guid":{"rendered":"http:\/\/www.denkfried.de\/wp\/?page_id=19444"},"modified":"2012-03-21T00:33:40","modified_gmt":"2012-03-20T23:33:40","slug":"oberhinkofen","status":"publish","type":"page","link":"http:\/\/www.denkfried.de\/wp\/?page_id=19444","title":{"rendered":"Oberhinkofen"},"content":{"rendered":"<p>&nbsp;<\/p>\n<p><span style=\"text-decoration: underline;\"><strong>93083 Obertraubling-Oberhinkofen<\/strong><\/span><\/p>\n<p>Gedenkst\u00e4tte auf dem Gemeindefriedhof. Zwei Gedenktafeln an einer Betonmauer mit den Namen der Gefallenen. Winklich dazu ein gro\u00dfes Eisernes Kreuz, flankiert von zwei Granittafeln mit der Inschrift:<\/p>\n<p><em><strong>&#8222;Gedenket und Betet f\u00fcr die Opfer beider Kriege 1914-1918 u. 1939-1945&#8220;,<\/strong><\/em><\/p>\n<p>auf der zweiten Tafel:<\/p>\n<p><em><strong>&#8222;Selig sind die Toten, die im Herrn sterben. &#8211; Sie werden auferstehen&#8220;.<\/strong><\/em><\/p>\n<p>Text: Hubert<div id='gallery-1' class='gallery galleryid-19444 gallery-columns-3 gallery-size-thumbnail'><dl class='gallery-item'>\n\t\t\t<dt class='gallery-icon landscape'>\n\t\t\t\t<a href='http:\/\/www.denkfried.de\/wp\/?attachment_id=19447'><img loading=\"lazy\" decoding=\"async\" width=\"150\" height=\"150\" src=\"http:\/\/www.denkfried.de\/wp\/wp-content\/uploads\/2012\/03\/KDM-Oberhinkofen-01-150x150.jpg\" class=\"attachment-thumbnail size-thumbnail\" alt=\"\" \/><\/a>\n\t\t\t<\/dt><\/dl><dl class='gallery-item'>\n\t\t\t<dt class='gallery-icon landscape'>\n\t\t\t\t<a href='http:\/\/www.denkfried.de\/wp\/?attachment_id=19448'><img loading=\"lazy\" decoding=\"async\" width=\"150\" height=\"150\" src=\"http:\/\/www.denkfried.de\/wp\/wp-content\/uploads\/2012\/03\/KDM-Oberhinkofen-02-150x150.jpg\" class=\"attachment-thumbnail size-thumbnail\" alt=\"\" \/><\/a>\n\t\t\t<\/dt><\/dl><dl class='gallery-item'>\n\t\t\t<dt class='gallery-icon portrait'>\n\t\t\t\t<a href='http:\/\/www.denkfried.de\/wp\/?attachment_id=19449'><img loading=\"lazy\" decoding=\"async\" width=\"150\" height=\"150\" src=\"http:\/\/www.denkfried.de\/wp\/wp-content\/uploads\/2012\/03\/KDM-Oberhinkofen-03-150x150.jpg\" class=\"attachment-thumbnail size-thumbnail\" alt=\"\" \/><\/a>\n\t\t\t<\/dt><\/dl><br style=\"clear: both\" \/>\n\t\t<\/div>\n<\/p>\n","protected":false},"excerpt":{"rendered":"<p>&nbsp; 93083 Obertraubling-Oberhinkofen Gedenkst\u00e4tte auf dem Gemeindefriedhof. Zwei Gedenktafeln an einer Betonmauer mit den Namen der Gefallenen. Winklich dazu ein gro\u00dfes Eisernes Kreuz, flankiert von zwei Granittafeln mit der Inschrift: &#8222;Gedenket und Betet f\u00fcr die Opfer beider Kriege 1914-1918 u. &hellip; <a href=\"http:\/\/www.denkfried.de\/wp\/?page_id=19444\">Weiterlesen <span class=\"meta-nav\">&rarr;<\/span><\/a><\/p>\n","protected":false},"author":7,"featured_media":0,"parent":19423,"menu_order":0,"comment_status":"closed","ping_status":"open","template":"","meta":{"footnotes":""},"class_list":["post-19444","page","type-page","status-publish","hentry"],"_links":{"self":[{"href":"http:\/\/www.denkfried.de\/wp\/index.php?rest_route=\/wp\/v2\/pages\/19444","targetHints":{"allow":["GET"]}}],"collection":[{"href":"http:\/\/www.denkfried.de\/wp\/index.php?rest_route=\/wp\/v2\/pages"}],"about":[{"href":"http:\/\/www.denkfried.de\/wp\/index.php?rest_route=\/wp\/v2\/types\/page"}],"author":[{"embeddable":true,"href":"http:\/\/www.denkfried.de\/wp\/index.php?rest_route=\/wp\/v2\/users\/7"}],"replies":[{"embeddable":true,"href":"http:\/\/www.denkfried.de\/wp\/index.php?rest_route=%2Fwp%2Fv2%2Fcomments&post=19444"}],"version-history":[{"count":2,"href":"http:\/\/www.denkfried.de\/wp\/index.php?rest_route=\/wp\/v2\/pages\/19444\/revisions"}],"predecessor-version":[{"id":19451,"href":"http:\/\/www.denkfried.de\/wp\/index.php?rest_route=\/wp\/v2\/pages\/19444\/revisions\/19451"}],"up":[{"embeddable":true,"href":"http:\/\/www.denkfried.de\/wp\/index.php?rest_route=\/wp\/v2\/pages\/19423"}],"wp:attachment":[{"href":"http:\/\/www.denkfried.de\/wp\/index.php?rest_route=%2Fwp%2Fv2%2Fmedia&parent=19444"}],"curies":[{"name":"wp","href":"https:\/\/api.w.org\/{rel}","templated":true}]}}

<p>&nbsp;</p>
<p><span style="text-decoration: underline;"><strong>93083 Obertraubling-Oberhinkofen</strong></span></p>
<p>Gedenkstätte auf dem Gemeindefriedhof. Zwei Gedenktafeln an einer Betonmauer mit den Namen der Gefallenen. Winklich dazu ein großes Eisernes Kreuz, flankiert von zwei Granittafeln mit der Inschrift:</p>
<p><em><strong>&#8222;Gedenket und Betet für die Opfer beider Kriege 1914-1918 u. 1939-1945&#8220;,</strong></em></p>
<p>auf der zweiten Tafel:</p>
<p><em><strong>&#8222;Selig sind die Toten, die im Herrn sterben. &#8211; Sie werden auferstehen&#8220;.</strong></em></p>
<p>Text: Hubert<div id='gallery-1' class='gallery galleryid-19444 gallery-columns-3 gallery-size-thumbnail'><dl class='gallery-item'>
			<dt class='gallery-icon landscape'>
				<a href='http://www.denkfried.de/wp/?attachment_id=19447'><img loading="lazy" decoding="async" width="150" height="150" src="http://www.denkfried.de/wp/wp-content/uploads/2012/03/KDM-Oberhinkofen-01-150x150.jpg" class="attachment-thumbnail size-thumbnail" alt="" /></a>
			</dt></dl><dl class='gallery-item'>
			<dt class='gallery-icon landscape'>
				<a href='http://www.denkfried.de/wp/?attachment_id=19448'><img loading="lazy" decoding="async" width="150" height="150" src="http://www.denkfried.de/wp/wp-content/uploads/2012/03/KDM-Oberhinkofen-02-150x150.jpg" class="attachment-thumbnail size-thumbnail" alt="" /></a>
			</dt></dl><dl class='gallery-item'>
			<dt class='gallery-icon portrait'>
				<a href='http://www.denkfried.de/wp/?attachment_id=19449'><img loading="lazy" decoding="async" width="150" height="150" src="http://www.denkfried.de/wp/wp-content/uploads/2012/03/KDM-Oberhinkofen-03-150x150.jpg" class="attachment-thumbnail size-thumbnail" alt="" /></a>
			</dt></dl><br style="clear: both" />
		</div>
</p>

<p>&nbsp; 93083 Obertraubling-Oberhinkofen Gedenkstätte auf dem Gemeindefriedhof. Zwei Gedenktafeln an einer Betonmauer mit den Namen der Gefallenen. Winklich dazu ein großes Eisernes Kreuz, flankiert von zwei Granittafeln mit der Inschrift: &#8222;Gedenket und Betet für die Opfer beider Kriege 1914-1918 u. &hellip; <a href="http://www.denkfried.de/wp/?page_id=19444">Weiterlesen <span class="meta-nav">&rarr;</span></a></p>
