{"id":19241,"date":"2012-03-18T14:38:38","date_gmt":"2012-03-18T13:38:38","guid":{"rendered":"http:\/\/www.denkfried.de\/wp\/?page_id=19241"},"modified":"2014-05-04T01:00:02","modified_gmt":"2014-05-03T23:00:02","slug":"scheuer","status":"publish","type":"page","link":"http:\/\/www.denkfried.de\/wp\/?page_id=19241","title":{"rendered":"Scheuer"},"content":{"rendered":"<p>&nbsp;<\/p>\n<p><span style=\"text-decoration: underline;\">93085 Mintraching<strong> &#8211; Scheuer<\/strong><\/span><\/p>\n<p>Gedenkst\u00e4tte an der Au\u00dfenmauer der Kirche. \u00dcber der Tafel mit den Namen der Gefallenen ein Halbrelief mit einer Pieta, rechts und links jeweils ein Eisernes Kreuz mit Schwert und Lorbeerkranz. Darunter die Inschrift:<\/p>\n<p style=\"text-align: center;\"><strong><em>&#8222;Zu Ehren der Gefallenen aus den Weltkriegen 1914-1918 und 1939-1945&#8220;<\/em><\/strong><\/p>\n<p>Text: Hubert<\/p>\n<div id='gallery-1' class='gallery galleryid-19241 gallery-columns-4 gallery-size-thumbnail'><dl class='gallery-item'>\n\t\t\t<dt class='gallery-icon landscape'>\n\t\t\t\t<a href='http:\/\/www.denkfried.de\/wp\/?attachment_id=19243'><img loading=\"lazy\" decoding=\"async\" width=\"150\" height=\"150\" src=\"http:\/\/www.denkfried.de\/wp\/wp-content\/uploads\/2012\/03\/KDM-Scheuer01-150x150.jpg\" class=\"attachment-thumbnail size-thumbnail\" alt=\"\" \/><\/a>\n\t\t\t<\/dt><\/dl><dl class='gallery-item'>\n\t\t\t<dt class='gallery-icon portrait'>\n\t\t\t\t<a href='http:\/\/www.denkfried.de\/wp\/?attachment_id=19242'><img loading=\"lazy\" decoding=\"async\" width=\"150\" height=\"150\" src=\"http:\/\/www.denkfried.de\/wp\/wp-content\/uploads\/2012\/03\/KDM-Scheuer-150x150.jpg\" class=\"attachment-thumbnail size-thumbnail\" alt=\"\" \/><\/a>\n\t\t\t<\/dt><\/dl><dl class='gallery-item'>\n\t\t\t<dt class='gallery-icon portrait'>\n\t\t\t\t<a href='http:\/\/www.denkfried.de\/wp\/?attachment_id=19244'><img loading=\"lazy\" decoding=\"async\" width=\"150\" height=\"150\" src=\"http:\/\/www.denkfried.de\/wp\/wp-content\/uploads\/2012\/03\/KDM-Scheuer-Namen-2-150x150.jpg\" class=\"attachment-thumbnail size-thumbnail\" alt=\"\" \/><\/a>\n\t\t\t<\/dt><\/dl><dl class='gallery-item'>\n\t\t\t<dt class='gallery-icon portrait'>\n\t\t\t\t<a href='http:\/\/www.denkfried.de\/wp\/?attachment_id=19245'><img loading=\"lazy\" decoding=\"async\" width=\"150\" height=\"150\" src=\"http:\/\/www.denkfried.de\/wp\/wp-content\/uploads\/2012\/03\/KDM-Scheuer-Namen-150x150.jpg\" class=\"attachment-thumbnail size-thumbnail\" alt=\"\" \/><\/a>\n\t\t\t<\/dt><\/dl><br style=\"clear: both\" \/>\n\t\t<\/div>\n\n","protected":false},"excerpt":{"rendered":"<p>&nbsp; 93085 Mintraching &#8211; Scheuer Gedenkst\u00e4tte an der Au\u00dfenmauer der Kirche. \u00dcber der Tafel mit den Namen der Gefallenen ein Halbrelief mit einer Pieta, rechts und links jeweils ein Eisernes Kreuz mit Schwert und Lorbeerkranz. Darunter die Inschrift: &#8222;Zu Ehren &hellip; <a href=\"http:\/\/www.denkfried.de\/wp\/?page_id=19241\">Weiterlesen <span class=\"meta-nav\">&rarr;<\/span><\/a><\/p>\n","protected":false},"author":7,"featured_media":0,"parent":19215,"menu_order":0,"comment_status":"closed","ping_status":"open","template":"","meta":{"footnotes":""},"class_list":["post-19241","page","type-page","status-publish","hentry"],"_links":{"self":[{"href":"http:\/\/www.denkfried.de\/wp\/index.php?rest_route=\/wp\/v2\/pages\/19241","targetHints":{"allow":["GET"]}}],"collection":[{"href":"http:\/\/www.denkfried.de\/wp\/index.php?rest_route=\/wp\/v2\/pages"}],"about":[{"href":"http:\/\/www.denkfried.de\/wp\/index.php?rest_route=\/wp\/v2\/types\/page"}],"author":[{"embeddable":true,"href":"http:\/\/www.denkfried.de\/wp\/index.php?rest_route=\/wp\/v2\/users\/7"}],"replies":[{"embeddable":true,"href":"http:\/\/www.denkfried.de\/wp\/index.php?rest_route=%2Fwp%2Fv2%2Fcomments&post=19241"}],"version-history":[{"count":3,"href":"http:\/\/www.denkfried.de\/wp\/index.php?rest_route=\/wp\/v2\/pages\/19241\/revisions"}],"predecessor-version":[{"id":35294,"href":"http:\/\/www.denkfried.de\/wp\/index.php?rest_route=\/wp\/v2\/pages\/19241\/revisions\/35294"}],"up":[{"embeddable":true,"href":"http:\/\/www.denkfried.de\/wp\/index.php?rest_route=\/wp\/v2\/pages\/19215"}],"wp:attachment":[{"href":"http:\/\/www.denkfried.de\/wp\/index.php?rest_route=%2Fwp%2Fv2%2Fmedia&parent=19241"}],"curies":[{"name":"wp","href":"https:\/\/api.w.org\/{rel}","templated":true}]}}

<p>&nbsp;</p>
<p><span style="text-decoration: underline;">93085 Mintraching<strong> &#8211; Scheuer</strong></span></p>
<p>Gedenkstätte an der Außenmauer der Kirche. Über der Tafel mit den Namen der Gefallenen ein Halbrelief mit einer Pieta, rechts und links jeweils ein Eisernes Kreuz mit Schwert und Lorbeerkranz. Darunter die Inschrift:</p>
<p style="text-align: center;"><strong><em>&#8222;Zu Ehren der Gefallenen aus den Weltkriegen 1914-1918 und 1939-1945&#8220;</em></strong></p>
<p>Text: Hubert</p>
<div id='gallery-1' class='gallery galleryid-19241 gallery-columns-4 gallery-size-thumbnail'><dl class='gallery-item'>
			<dt class='gallery-icon landscape'>
				<a href='http://www.denkfried.de/wp/?attachment_id=19243'><img loading="lazy" decoding="async" width="150" height="150" src="http://www.denkfried.de/wp/wp-content/uploads/2012/03/KDM-Scheuer01-150x150.jpg" class="attachment-thumbnail size-thumbnail" alt="" /></a>
			</dt></dl><dl class='gallery-item'>
			<dt class='gallery-icon portrait'>
				<a href='http://www.denkfried.de/wp/?attachment_id=19242'><img loading="lazy" decoding="async" width="150" height="150" src="http://www.denkfried.de/wp/wp-content/uploads/2012/03/KDM-Scheuer-150x150.jpg" class="attachment-thumbnail size-thumbnail" alt="" /></a>
			</dt></dl><dl class='gallery-item'>
			<dt class='gallery-icon portrait'>
				<a href='http://www.denkfried.de/wp/?attachment_id=19244'><img loading="lazy" decoding="async" width="150" height="150" src="http://www.denkfried.de/wp/wp-content/uploads/2012/03/KDM-Scheuer-Namen-2-150x150.jpg" class="attachment-thumbnail size-thumbnail" alt="" /></a>
			</dt></dl><dl class='gallery-item'>
			<dt class='gallery-icon portrait'>
				<a href='http://www.denkfried.de/wp/?attachment_id=19245'><img loading="lazy" decoding="async" width="150" height="150" src="http://www.denkfried.de/wp/wp-content/uploads/2012/03/KDM-Scheuer-Namen-150x150.jpg" class="attachment-thumbnail size-thumbnail" alt="" /></a>
			</dt></dl><br style="clear: both" />
		</div>

<p>&nbsp; 93085 Mintraching &#8211; Scheuer Gedenkstätte an der Außenmauer der Kirche. Über der Tafel mit den Namen der Gefallenen ein Halbrelief mit einer Pieta, rechts und links jeweils ein Eisernes Kreuz mit Schwert und Lorbeerkranz. Darunter die Inschrift: &#8222;Zu Ehren &hellip; <a href="http://www.denkfried.de/wp/?page_id=19241">Weiterlesen <span class="meta-nav">&rarr;</span></a></p>
