{"id":16698,"date":"2011-12-28T20:00:27","date_gmt":"2011-12-28T19:00:27","guid":{"rendered":"http:\/\/www.denkfried.de\/wp\/?page_id=16698"},"modified":"2015-07-31T09:35:30","modified_gmt":"2015-07-31T07:35:30","slug":"auenkirche","status":"publish","type":"page","link":"http:\/\/www.denkfried.de\/wp\/?page_id=16698","title":{"rendered":"&#8211; Auenkirche"},"content":{"rendered":"<p>&nbsp;<\/p>\n<p><span style=\"text-decoration: underline;\"><strong>Berlin-Wilmersdorf<\/strong><\/span> Ev. Auenkirche, Wilhelmsaue 119<\/p>\n<p>Bericht und Bilder von Thomas\u00a0<a href=\"http:\/\/g-bb.jimdo.com\/\">Gefallenendenkm\u00e4ler Berlin\/Brandenburg<\/a><\/p>\n<div id='gallery-1' class='gallery galleryid-16698 gallery-columns-3 gallery-size-thumbnail'><dl class='gallery-item'>\n\t\t\t<dt class='gallery-icon portrait'>\n\t\t\t\t<a href='http:\/\/www.denkfried.de\/wp\/?attachment_id=16701'><img loading=\"lazy\" decoding=\"async\" width=\"150\" height=\"150\" src=\"http:\/\/www.denkfried.de\/wp\/wp-content\/uploads\/2011\/12\/DSCF1439-150x150.jpg\" class=\"attachment-thumbnail size-thumbnail\" alt=\"\" \/><\/a>\n\t\t\t<\/dt><\/dl><dl class='gallery-item'>\n\t\t\t<dt class='gallery-icon portrait'>\n\t\t\t\t<a href='http:\/\/www.denkfried.de\/wp\/?attachment_id=16702'><img loading=\"lazy\" decoding=\"async\" width=\"150\" height=\"150\" src=\"http:\/\/www.denkfried.de\/wp\/wp-content\/uploads\/2011\/12\/DSCF1441-150x150.jpg\" class=\"attachment-thumbnail size-thumbnail\" alt=\"\" \/><\/a>\n\t\t\t<\/dt><\/dl><dl class='gallery-item'>\n\t\t\t<dt class='gallery-icon landscape'>\n\t\t\t\t<a href='http:\/\/www.denkfried.de\/wp\/?attachment_id=16703'><img loading=\"lazy\" decoding=\"async\" width=\"150\" height=\"150\" src=\"http:\/\/www.denkfried.de\/wp\/wp-content\/uploads\/2011\/12\/DSCF1442-150x150.jpg\" class=\"attachment-thumbnail size-thumbnail\" alt=\"\" \/><\/a>\n\t\t\t<\/dt><\/dl><br style=\"clear: both\" \/><dl class='gallery-item'>\n\t\t\t<dt class='gallery-icon portrait'>\n\t\t\t\t<a href='http:\/\/www.denkfried.de\/wp\/?attachment_id=16700'><img loading=\"lazy\" decoding=\"async\" width=\"150\" height=\"150\" src=\"http:\/\/www.denkfried.de\/wp\/wp-content\/uploads\/2011\/12\/DSCF1438-150x150.jpg\" class=\"attachment-thumbnail size-thumbnail\" alt=\"\" \/><\/a>\n\t\t\t<\/dt><\/dl><dl class='gallery-item'>\n\t\t\t<dt class='gallery-icon portrait'>\n\t\t\t\t<a href='http:\/\/www.denkfried.de\/wp\/?attachment_id=16706'><img loading=\"lazy\" decoding=\"async\" width=\"150\" height=\"150\" src=\"http:\/\/www.denkfried.de\/wp\/wp-content\/uploads\/2011\/12\/DSCF1445-150x150.jpg\" class=\"attachment-thumbnail size-thumbnail\" alt=\"\" \/><\/a>\n\t\t\t<\/dt><\/dl><dl class='gallery-item'>\n\t\t\t<dt class='gallery-icon portrait'>\n\t\t\t\t<a href='http:\/\/www.denkfried.de\/wp\/?attachment_id=16705'><img loading=\"lazy\" decoding=\"async\" width=\"150\" height=\"150\" src=\"http:\/\/www.denkfried.de\/wp\/wp-content\/uploads\/2011\/12\/DSCF1444-150x150.jpg\" class=\"attachment-thumbnail size-thumbnail\" alt=\"\" \/><\/a>\n\t\t\t<\/dt><\/dl><br style=\"clear: both\" \/><dl class='gallery-item'>\n\t\t\t<dt class='gallery-icon portrait'>\n\t\t\t\t<a href='http:\/\/www.denkfried.de\/wp\/?attachment_id=16704'><img loading=\"lazy\" decoding=\"async\" width=\"150\" height=\"150\" src=\"http:\/\/www.denkfried.de\/wp\/wp-content\/uploads\/2011\/12\/DSCF1443-150x150.jpg\" class=\"attachment-thumbnail size-thumbnail\" alt=\"\" \/><\/a>\n\t\t\t<\/dt><\/dl><dl class='gallery-item'>\n\t\t\t<dt class='gallery-icon landscape'>\n\t\t\t\t<a href='http:\/\/www.denkfried.de\/wp\/?attachment_id=16707'><img loading=\"lazy\" decoding=\"async\" width=\"150\" height=\"150\" src=\"http:\/\/www.denkfried.de\/wp\/wp-content\/uploads\/2011\/12\/DSCF1450-150x150.jpg\" class=\"attachment-thumbnail size-thumbnail\" alt=\"\" \/><\/a>\n\t\t\t<\/dt><\/dl><dl class='gallery-item'>\n\t\t\t<dt class='gallery-icon portrait'>\n\t\t\t\t<a href='http:\/\/www.denkfried.de\/wp\/?attachment_id=16708'><img loading=\"lazy\" decoding=\"async\" width=\"150\" height=\"150\" src=\"http:\/\/www.denkfried.de\/wp\/wp-content\/uploads\/2011\/12\/DSCF1453-150x150.jpg\" class=\"attachment-thumbnail size-thumbnail\" alt=\"\" \/><\/a>\n\t\t\t<\/dt><\/dl><br style=\"clear: both\" \/>\n\t\t<\/div>\n\n<p><span style=\"text-decoration: underline;\"><strong>Gefallenendenkmal 1914-1918<\/strong><\/span><\/p>\n<p>Zum Gedenken an die Toten des 1. Weltkrieges wurde dieses Bild des Gekreuzigten 1922 geschaffenen von dem Wilmersdorfer Bildhauer Constantin Starck (geb. 1866 in Riga &#8211; gest. 1939 in Berlin), als Teil des Gefallenen-Denkmals, das sich in der Kirche links neben dem Altarraum befindet. Gegen Ende des 2. Weltkrieges wurde es jedoch an einer Wand im damaligen &#8222;Kirchsaal&#8220; des\u00a0benachbarten alten Gemeindehauses angebracht, wo die Gemeinde bis zur\u00a0Wiederherstellung der Kirche 1949 ihre Gottesdienste feierte; dort blieb es seither. Nachdem 1977 der Altarraum mit dem Kruzifix und dem Bronzerelief von Waldemar Otto sowie der Plastik\u00a0\u00a0von Joachim Dunkel auf dem Taufstein neugestaltet wurde, kam eine Wiederherstellung des urspr\u00fcnglichen Ensembles nicht mehr infrage. Durch seine Gr\u00f6\u00dfe h\u00e4tte das Sandsteinkruzifix die sonstigen Proportionen und auch die neu entstandenen Bez\u00fcge zwischen dem knieenden Soldaten und den beiden Kruzifixen des Altarraums zu sehr beeintr\u00e4chtigt. Nun ist es 1995, nach Abschlu\u00df der Kircheninstandsetzung, hier neben dem neugeschaffenen Durchgang vom Gemeindehaus zur Kirche angebracht worden, um die Besucher zur Besinnung einzuladen. (Text neben dem Kruzifix)<\/p>\n<p><span style=\"text-decoration: underline;\"><strong>Gedenktafel 1813-15<\/strong><\/span><\/p>\n<p>Die Tafel konnte 1897, aus der alten Dorfkirche gerettet werden.<\/p>\n<p><em><strong>Aus diesem Kirchspiel starben f\u00fcr K\u00f6nig und Vaterland:<\/strong><\/em><\/p>\n<address>Musketier Biegct Johann-Friedrich<\/address>\n<address>Landsturmmann Brand Carl-Ludwig<\/address>\n<address>Nagel Johann-Friedrich<\/address>\n<address>Musketier Noack Johann-Georg<\/address>\n<address>Musketier Paetsch Johann-Gottfried<\/address>\n<address>Reinecke Johann-Daniel<\/address>\n<address>Ulane T\u00fcbbecke Carl-Friedrich<\/address>\n<address>\u00a0<\/address>\n<p><span style=\"text-decoration: underline;\"><strong>Gedenktafel 1864, 1870<\/strong><\/span><\/p>\n<p>Die Tafel konnte 1897, aus der alten Dorfkirche gerettet werden.<\/p>\n<p><em><strong>Aus dieser Gemeinde starben den Heldentod f\u00fcr K\u00f6nig und Vaterland:<\/strong><\/em><\/p>\n<p>Wahl Christian-Franz den 18 April 1864 bei D\u00fcppel.<\/p>\n<p>Paul Ernst den 18 August 1870 bei Gravelotte.<\/p>\n<p>Daran haben wir erkannt die Liebe, da\u00df Er sein Leben f\u00fcr uns gelassen hat, und wir sollen auch das Leben f\u00fcr die Br\u00fcder lassen.<\/p>\n<p><span style=\"text-decoration: underline;\"><strong>Gedenktafel 2. Weltkrieg<\/strong><\/span><\/p>\n<address style=\"padding-left: 30px;\">Herr wieviel Blut, wieviel Schuld welcher Schrecken. 1933-1939-1945 Gequ\u00e4lte &#8211; Gemordete &#8211; Gefallene &#8211; Durch Bomben Get\u00f6tete als Lebensunwert ausgel\u00f6schte preisgegebene Juden im Widerstand Hingerichtete &#8211; Vermisste &#8211; Verschleppte &#8211; Verzweifelte &#8211; und immer neues Grauen in unserer Welt, auch noch heute aller Blut schreit zu Dir. Herr erbarme dich unserer Not und Schuld mach uns zu Boten deines Friedens.<\/address>\n<address style=\"padding-left: 30px;\">\u00a0<\/address>\n<p><span style=\"text-decoration: underline;\"><strong>Gedenkb\u00fccher 1. und 2. Weltkrieg<\/strong><\/span><\/p>\n<p>Die Gedenkb\u00fccher liegen neben den Gedenktafeln, eine f\u00fcr die Gefallenen des ersten Weltkrieges und eines f\u00fcr die Gefallenen des zweiten Weltkrieges. <strong>1914-1918<\/strong> Namensverzeichnis der im Weltkriege 1914-1918 gefallenen Br\u00fcder unserer Kirchengemeinde zu Wilmersdorf. In dem Buch sind <strong>2021 Namen<\/strong> verzeichnet, 5 Namen sind auch Gedenkbuch der Kirche Friedenau.<\/p>\n<p><strong>1939-1945<\/strong> Dieses Gedenkbuch enth\u00e4lt die Namen unsere im zweiten Weltkrieg gefallenen oder durch Feindeinwirkung umgekommenen Gemeindeglieder soweit sie uns von den Angeh\u00f6rigen bekanntgegeben wurden. Ihre Reihenfolge in diesem Buch ist durch den Tag ihres Todes bestimmt. Der amtierende Pfarrer der Auengemeinde &#8211; Berlin-Wilmersdorf im Fr\u00fchjahr 1954. Im dem Buch sind\u00a0<strong>165 Namen<\/strong> verzeichnet.<\/p>\n<p>Die Namen wurden in die Datenbanken eingepflegt.<\/p>\n","protected":false},"excerpt":{"rendered":"<p>&nbsp; Berlin-Wilmersdorf Ev. Auenkirche, Wilhelmsaue 119 Bericht und Bilder von Thomas\u00a0Gefallenendenkm\u00e4ler Berlin\/Brandenburg Gefallenendenkmal 1914-1918 Zum Gedenken an die Toten des 1. Weltkrieges wurde dieses Bild des Gekreuzigten 1922 geschaffenen von dem Wilmersdorfer Bildhauer Constantin Starck (geb. 1866 in Riga &#8211; &hellip; <a href=\"http:\/\/www.denkfried.de\/wp\/?page_id=16698\">Weiterlesen <span class=\"meta-nav\">&rarr;<\/span><\/a><\/p>\n","protected":false},"author":9,"featured_media":0,"parent":15516,"menu_order":0,"comment_status":"closed","ping_status":"open","template":"","meta":{"footnotes":""},"class_list":["post-16698","page","type-page","status-publish","hentry"],"_links":{"self":[{"href":"http:\/\/www.denkfried.de\/wp\/index.php?rest_route=\/wp\/v2\/pages\/16698","targetHints":{"allow":["GET"]}}],"collection":[{"href":"http:\/\/www.denkfried.de\/wp\/index.php?rest_route=\/wp\/v2\/pages"}],"about":[{"href":"http:\/\/www.denkfried.de\/wp\/index.php?rest_route=\/wp\/v2\/types\/page"}],"author":[{"embeddable":true,"href":"http:\/\/www.denkfried.de\/wp\/index.php?rest_route=\/wp\/v2\/users\/9"}],"replies":[{"embeddable":true,"href":"http:\/\/www.denkfried.de\/wp\/index.php?rest_route=%2Fwp%2Fv2%2Fcomments&post=16698"}],"version-history":[{"count":20,"href":"http:\/\/www.denkfried.de\/wp\/index.php?rest_route=\/wp\/v2\/pages\/16698\/revisions"}],"predecessor-version":[{"id":38855,"href":"http:\/\/www.denkfried.de\/wp\/index.php?rest_route=\/wp\/v2\/pages\/16698\/revisions\/38855"}],"up":[{"embeddable":true,"href":"http:\/\/www.denkfried.de\/wp\/index.php?rest_route=\/wp\/v2\/pages\/15516"}],"wp:attachment":[{"href":"http:\/\/www.denkfried.de\/wp\/index.php?rest_route=%2Fwp%2Fv2%2Fmedia&parent=16698"}],"curies":[{"name":"wp","href":"https:\/\/api.w.org\/{rel}","templated":true}]}}

<p>&nbsp;</p>
<p><span style="text-decoration: underline;"><strong>Berlin-Wilmersdorf</strong></span> Ev. Auenkirche, Wilhelmsaue 119</p>
<p>Bericht und Bilder von Thomas <a href="http://g-bb.jimdo.com/">Gefallenendenkmäler Berlin/Brandenburg</a></p>
<div id='gallery-1' class='gallery galleryid-16698 gallery-columns-3 gallery-size-thumbnail'><dl class='gallery-item'>
			<dt class='gallery-icon portrait'>
				<a href='http://www.denkfried.de/wp/?attachment_id=16701'><img loading="lazy" decoding="async" width="150" height="150" src="http://www.denkfried.de/wp/wp-content/uploads/2011/12/DSCF1439-150x150.jpg" class="attachment-thumbnail size-thumbnail" alt="" /></a>
			</dt></dl><dl class='gallery-item'>
			<dt class='gallery-icon portrait'>
				<a href='http://www.denkfried.de/wp/?attachment_id=16702'><img loading="lazy" decoding="async" width="150" height="150" src="http://www.denkfried.de/wp/wp-content/uploads/2011/12/DSCF1441-150x150.jpg" class="attachment-thumbnail size-thumbnail" alt="" /></a>
			</dt></dl><dl class='gallery-item'>
			<dt class='gallery-icon landscape'>
				<a href='http://www.denkfried.de/wp/?attachment_id=16703'><img loading="lazy" decoding="async" width="150" height="150" src="http://www.denkfried.de/wp/wp-content/uploads/2011/12/DSCF1442-150x150.jpg" class="attachment-thumbnail size-thumbnail" alt="" /></a>
			</dt></dl><br style="clear: both" /><dl class='gallery-item'>
			<dt class='gallery-icon portrait'>
				<a href='http://www.denkfried.de/wp/?attachment_id=16700'><img loading="lazy" decoding="async" width="150" height="150" src="http://www.denkfried.de/wp/wp-content/uploads/2011/12/DSCF1438-150x150.jpg" class="attachment-thumbnail size-thumbnail" alt="" /></a>
			</dt></dl><dl class='gallery-item'>
			<dt class='gallery-icon portrait'>
				<a href='http://www.denkfried.de/wp/?attachment_id=16706'><img loading="lazy" decoding="async" width="150" height="150" src="http://www.denkfried.de/wp/wp-content/uploads/2011/12/DSCF1445-150x150.jpg" class="attachment-thumbnail size-thumbnail" alt="" /></a>
			</dt></dl><dl class='gallery-item'>
			<dt class='gallery-icon portrait'>
				<a href='http://www.denkfried.de/wp/?attachment_id=16705'><img loading="lazy" decoding="async" width="150" height="150" src="http://www.denkfried.de/wp/wp-content/uploads/2011/12/DSCF1444-150x150.jpg" class="attachment-thumbnail size-thumbnail" alt="" /></a>
			</dt></dl><br style="clear: both" /><dl class='gallery-item'>
			<dt class='gallery-icon portrait'>
				<a href='http://www.denkfried.de/wp/?attachment_id=16704'><img loading="lazy" decoding="async" width="150" height="150" src="http://www.denkfried.de/wp/wp-content/uploads/2011/12/DSCF1443-150x150.jpg" class="attachment-thumbnail size-thumbnail" alt="" /></a>
			</dt></dl><dl class='gallery-item'>
			<dt class='gallery-icon landscape'>
				<a href='http://www.denkfried.de/wp/?attachment_id=16707'><img loading="lazy" decoding="async" width="150" height="150" src="http://www.denkfried.de/wp/wp-content/uploads/2011/12/DSCF1450-150x150.jpg" class="attachment-thumbnail size-thumbnail" alt="" /></a>
			</dt></dl><dl class='gallery-item'>
			<dt class='gallery-icon portrait'>
				<a href='http://www.denkfried.de/wp/?attachment_id=16708'><img loading="lazy" decoding="async" width="150" height="150" src="http://www.denkfried.de/wp/wp-content/uploads/2011/12/DSCF1453-150x150.jpg" class="attachment-thumbnail size-thumbnail" alt="" /></a>
			</dt></dl><br style="clear: both" />
		</div>

<p><span style="text-decoration: underline;"><strong>Gefallenendenkmal 1914-1918</strong></span></p>
<p>Zum Gedenken an die Toten des 1. Weltkrieges wurde dieses Bild des Gekreuzigten 1922 geschaffenen von dem Wilmersdorfer Bildhauer Constantin Starck (geb. 1866 in Riga &#8211; gest. 1939 in Berlin), als Teil des Gefallenen-Denkmals, das sich in der Kirche links neben dem Altarraum befindet. Gegen Ende des 2. Weltkrieges wurde es jedoch an einer Wand im damaligen &#8222;Kirchsaal&#8220; des benachbarten alten Gemeindehauses angebracht, wo die Gemeinde bis zur Wiederherstellung der Kirche 1949 ihre Gottesdienste feierte; dort blieb es seither. Nachdem 1977 der Altarraum mit dem Kruzifix und dem Bronzerelief von Waldemar Otto sowie der Plastik  von Joachim Dunkel auf dem Taufstein neugestaltet wurde, kam eine Wiederherstellung des ursprünglichen Ensembles nicht mehr infrage. Durch seine Größe hätte das Sandsteinkruzifix die sonstigen Proportionen und auch die neu entstandenen Bezüge zwischen dem knieenden Soldaten und den beiden Kruzifixen des Altarraums zu sehr beeinträchtigt. Nun ist es 1995, nach Abschluß der Kircheninstandsetzung, hier neben dem neugeschaffenen Durchgang vom Gemeindehaus zur Kirche angebracht worden, um die Besucher zur Besinnung einzuladen. (Text neben dem Kruzifix)</p>
<p><span style="text-decoration: underline;"><strong>Gedenktafel 1813-15</strong></span></p>
<p>Die Tafel konnte 1897, aus der alten Dorfkirche gerettet werden.</p>
<p><em><strong>Aus diesem Kirchspiel starben für König und Vaterland:</strong></em></p>
<address>Musketier Biegct Johann-Friedrich</address>
<address>Landsturmmann Brand Carl-Ludwig</address>
<address>Nagel Johann-Friedrich</address>
<address>Musketier Noack Johann-Georg</address>
<address>Musketier Paetsch Johann-Gottfried</address>
<address>Reinecke Johann-Daniel</address>
<address>Ulane Tübbecke Carl-Friedrich</address>
<address> </address>
<p><span style="text-decoration: underline;"><strong>Gedenktafel 1864, 1870</strong></span></p>
<p>Die Tafel konnte 1897, aus der alten Dorfkirche gerettet werden.</p>
<p><em><strong>Aus dieser Gemeinde starben den Heldentod für König und Vaterland:</strong></em></p>
<p>Wahl Christian-Franz den 18 April 1864 bei Düppel.</p>
<p>Paul Ernst den 18 August 1870 bei Gravelotte.</p>
<p>Daran haben wir erkannt die Liebe, daß Er sein Leben für uns gelassen hat, und wir sollen auch das Leben für die Brüder lassen.</p>
<p><span style="text-decoration: underline;"><strong>Gedenktafel 2. Weltkrieg</strong></span></p>
<address style="padding-left: 30px;">Herr wieviel Blut, wieviel Schuld welcher Schrecken. 1933-1939-1945 Gequälte &#8211; Gemordete &#8211; Gefallene &#8211; Durch Bomben Getötete als Lebensunwert ausgelöschte preisgegebene Juden im Widerstand Hingerichtete &#8211; Vermisste &#8211; Verschleppte &#8211; Verzweifelte &#8211; und immer neues Grauen in unserer Welt, auch noch heute aller Blut schreit zu Dir. Herr erbarme dich unserer Not und Schuld mach uns zu Boten deines Friedens.</address>
<address style="padding-left: 30px;"> </address>
<p><span style="text-decoration: underline;"><strong>Gedenkbücher 1. und 2. Weltkrieg</strong></span></p>
<p>Die Gedenkbücher liegen neben den Gedenktafeln, eine für die Gefallenen des ersten Weltkrieges und eines für die Gefallenen des zweiten Weltkrieges. <strong>1914-1918</strong> Namensverzeichnis der im Weltkriege 1914-1918 gefallenen Brüder unserer Kirchengemeinde zu Wilmersdorf. In dem Buch sind <strong>2021 Namen</strong> verzeichnet, 5 Namen sind auch Gedenkbuch der Kirche Friedenau.</p>
<p><strong>1939-1945</strong> Dieses Gedenkbuch enthält die Namen unsere im zweiten Weltkrieg gefallenen oder durch Feindeinwirkung umgekommenen Gemeindeglieder soweit sie uns von den Angehörigen bekanntgegeben wurden. Ihre Reihenfolge in diesem Buch ist durch den Tag ihres Todes bestimmt. Der amtierende Pfarrer der Auengemeinde &#8211; Berlin-Wilmersdorf im Frühjahr 1954. Im dem Buch sind <strong>165 Namen</strong> verzeichnet.</p>
<p>Die Namen wurden in die Datenbanken eingepflegt.</p>

<p>&nbsp; Berlin-Wilmersdorf Ev. Auenkirche, Wilhelmsaue 119 Bericht und Bilder von Thomas Gefallenendenkmäler Berlin/Brandenburg Gefallenendenkmal 1914-1918 Zum Gedenken an die Toten des 1. Weltkrieges wurde dieses Bild des Gekreuzigten 1922 geschaffenen von dem Wilmersdorfer Bildhauer Constantin Starck (geb. 1866 in Riga &#8211; &hellip; <a href="http://www.denkfried.de/wp/?page_id=16698">Weiterlesen <span class="meta-nav">&rarr;</span></a></p>
