{"id":1606,"date":"2011-04-09T17:13:54","date_gmt":"2011-04-09T15:13:54","guid":{"rendered":"http:\/\/www.denkfried.de\/wp\/?page_id=1606"},"modified":"2011-04-09T17:13:54","modified_gmt":"2011-04-09T15:13:54","slug":"daugavpils","status":"publish","type":"page","link":"http:\/\/www.denkfried.de\/wp\/?page_id=1606","title":{"rendered":"DAUGAVPILS"},"content":{"rendered":"<p><a rel=\"attachment wp-att-1607\" href=\"http:\/\/www.denkfried.de\/wp\/?attachment_id=1607\"><img loading=\"lazy\" decoding=\"async\" class=\"alignleft size-full wp-image-1607\" title=\"Wappen Daugavpils\" src=\"http:\/\/www.denkfried.de\/wp\/wp-content\/uploads\/2011\/04\/Wappen-Daugavpils.png\" alt=\"\" width=\"86\" height=\"104\" \/><\/a><\/p>\n<p><span style=\"text-decoration: underline; color: #ff0000;\"><strong>Daugavpils<\/strong><\/span> (D\u00fcnaburg)<\/p>\n<p>Region Lettgallen<\/p>\n<p>Kriegsgr\u00e4berst\u00e4tte<br \/>\nEinweihung:\u00a0 2004<\/p>\n<p>2.620 Bestattete<\/p>\n","protected":false},"excerpt":{"rendered":"<p>Daugavpils (D\u00fcnaburg) Region Lettgallen Kriegsgr\u00e4berst\u00e4tte Einweihung:\u00a0 2004 2.620 Bestattete<\/p>\n","protected":false},"author":2,"featured_media":0,"parent":304,"menu_order":0,"comment_status":"closed","ping_status":"open","template":"","meta":{"footnotes":""},"class_list":["post-1606","page","type-page","status-publish","hentry"],"_links":{"self":[{"href":"http:\/\/www.denkfried.de\/wp\/index.php?rest_route=\/wp\/v2\/pages\/1606","targetHints":{"allow":["GET"]}}],"collection":[{"href":"http:\/\/www.denkfried.de\/wp\/index.php?rest_route=\/wp\/v2\/pages"}],"about":[{"href":"http:\/\/www.denkfried.de\/wp\/index.php?rest_route=\/wp\/v2\/types\/page"}],"author":[{"embeddable":true,"href":"http:\/\/www.denkfried.de\/wp\/index.php?rest_route=\/wp\/v2\/users\/2"}],"replies":[{"embeddable":true,"href":"http:\/\/www.denkfried.de\/wp\/index.php?rest_route=%2Fwp%2Fv2%2Fcomments&post=1606"}],"version-history":[{"count":4,"href":"http:\/\/www.denkfried.de\/wp\/index.php?rest_route=\/wp\/v2\/pages\/1606\/revisions"}],"predecessor-version":[{"id":1611,"href":"http:\/\/www.denkfried.de\/wp\/index.php?rest_route=\/wp\/v2\/pages\/1606\/revisions\/1611"}],"up":[{"embeddable":true,"href":"http:\/\/www.denkfried.de\/wp\/index.php?rest_route=\/wp\/v2\/pages\/304"}],"wp:attachment":[{"href":"http:\/\/www.denkfried.de\/wp\/index.php?rest_route=%2Fwp%2Fv2%2Fmedia&parent=1606"}],"curies":[{"name":"wp","href":"https:\/\/api.w.org\/{rel}","templated":true}]}}

<p><a rel="attachment wp-att-1607" href="http://www.denkfried.de/wp/?attachment_id=1607"><img loading="lazy" decoding="async" class="alignleft size-full wp-image-1607" title="Wappen Daugavpils" src="http://www.denkfried.de/wp/wp-content/uploads/2011/04/Wappen-Daugavpils.png" alt="" width="86" height="104" /></a></p>
<p><span style="text-decoration: underline; color: #ff0000;"><strong>Daugavpils</strong></span> (Dünaburg)</p>
<p>Region Lettgallen</p>
<p>Kriegsgräberstätte<br />
Einweihung:  2004</p>
<p>2.620 Bestattete</p>

<p>Daugavpils (Dünaburg) Region Lettgallen Kriegsgräberstätte Einweihung:  2004 2.620 Bestattete</p>
