{"id":15419,"date":"2011-11-19T19:17:49","date_gmt":"2011-11-19T18:17:49","guid":{"rendered":"http:\/\/www.denkfried.de\/wp\/?page_id=15419"},"modified":"2015-11-22T18:59:50","modified_gmt":"2015-11-22T17:59:50","slug":"friedrichsfelde-zentralfriedhof","status":"publish","type":"page","link":"http:\/\/www.denkfried.de\/wp\/?page_id=15419","title":{"rendered":"Friedrichsfelde &#8211; Zentralfriedhof"},"content":{"rendered":"<p>&nbsp;<\/p>\n<p><strong>10365 Berlin Friedrichsfelde<\/strong> &#8211; Zentralfriedhof ,\u00a0Gudrunstra\u00dfe 20.\u00a0Auch &#8222;Sozialistenfriedhof&#8220; genannt.<\/p>\n<p>Bericht und Bilder von Thomas\u00a0<a href=\"http:\/\/g-bb.jimdo.com\/\">Gefallenendenkm\u00e4ler Berlin\/Brandenburg<\/a><\/p>\n<div id='gallery-1' class='gallery galleryid-15419 gallery-columns-4 gallery-size-thumbnail'><dl class='gallery-item'>\n\t\t\t<dt class='gallery-icon landscape'>\n\t\t\t\t<a href='http:\/\/www.denkfried.de\/wp\/?attachment_id=20399'><img loading=\"lazy\" decoding=\"async\" width=\"150\" height=\"150\" src=\"http:\/\/www.denkfried.de\/wp\/wp-content\/uploads\/2011\/11\/DSCF1567-150x150.jpg\" class=\"attachment-thumbnail size-thumbnail\" alt=\"\" aria-describedby=\"gallery-1-20399\" \/><\/a>\n\t\t\t<\/dt>\n\t\t\t\t<dd class='wp-caption-text gallery-caption' id='gallery-1-20399'>\n\t\t\t\tGedenkanlage 1914-1918\n\t\t\t\t<\/dd><\/dl><dl class='gallery-item'>\n\t\t\t<dt class='gallery-icon landscape'>\n\t\t\t\t<a href='http:\/\/www.denkfried.de\/wp\/?attachment_id=20400'><img loading=\"lazy\" decoding=\"async\" width=\"150\" height=\"150\" src=\"http:\/\/www.denkfried.de\/wp\/wp-content\/uploads\/2011\/11\/DSCF1574-150x150.jpg\" class=\"attachment-thumbnail size-thumbnail\" alt=\"\" aria-describedby=\"gallery-1-20400\" \/><\/a>\n\t\t\t<\/dt>\n\t\t\t\t<dd class='wp-caption-text gallery-caption' id='gallery-1-20400'>\n\t\t\t\tGedenkanlage 1914-1918\n\t\t\t\t<\/dd><\/dl><dl class='gallery-item'>\n\t\t\t<dt class='gallery-icon portrait'>\n\t\t\t\t<a href='http:\/\/www.denkfried.de\/wp\/?attachment_id=20398'><img loading=\"lazy\" decoding=\"async\" width=\"150\" height=\"150\" src=\"http:\/\/www.denkfried.de\/wp\/wp-content\/uploads\/2011\/11\/DSCF1566-150x150.jpg\" class=\"attachment-thumbnail size-thumbnail\" alt=\"\" aria-describedby=\"gallery-1-20398\" \/><\/a>\n\t\t\t<\/dt>\n\t\t\t\t<dd class='wp-caption-text gallery-caption' id='gallery-1-20398'>\n\t\t\t\tMassengrab 1939-1945 I\n\t\t\t\t<\/dd><\/dl><dl class='gallery-item'>\n\t\t\t<dt class='gallery-icon landscape'>\n\t\t\t\t<a href='http:\/\/www.denkfried.de\/wp\/?attachment_id=15426'><img loading=\"lazy\" decoding=\"async\" width=\"150\" height=\"150\" src=\"http:\/\/www.denkfried.de\/wp\/wp-content\/uploads\/2011\/11\/PICT00911-150x150.jpg\" class=\"attachment-thumbnail size-thumbnail\" alt=\"\" aria-describedby=\"gallery-1-15426\" \/><\/a>\n\t\t\t<\/dt>\n\t\t\t\t<dd class='wp-caption-text gallery-caption' id='gallery-1-15426'>\n\t\t\t\tKriegsgr\u00e4berfeld I\n\t\t\t\t<\/dd><\/dl><br style=\"clear: both\" \/><dl class='gallery-item'>\n\t\t\t<dt class='gallery-icon landscape'>\n\t\t\t\t<a href='http:\/\/www.denkfried.de\/wp\/?attachment_id=15425'><img loading=\"lazy\" decoding=\"async\" width=\"150\" height=\"150\" src=\"http:\/\/www.denkfried.de\/wp\/wp-content\/uploads\/2011\/11\/PICT0090-150x150.jpg\" class=\"attachment-thumbnail size-thumbnail\" alt=\"\" aria-describedby=\"gallery-1-15425\" \/><\/a>\n\t\t\t<\/dt>\n\t\t\t\t<dd class='wp-caption-text gallery-caption' id='gallery-1-15425'>\n\t\t\t\tKriegsgr\u00e4berfeld I\n\t\t\t\t<\/dd><\/dl><dl class='gallery-item'>\n\t\t\t<dt class='gallery-icon landscape'>\n\t\t\t\t<a href='http:\/\/www.denkfried.de\/wp\/?attachment_id=31101'><img loading=\"lazy\" decoding=\"async\" width=\"150\" height=\"150\" src=\"http:\/\/www.denkfried.de\/wp\/wp-content\/uploads\/2011\/11\/Friedrichsfelde-Massengrab-2-150x150.jpg\" class=\"attachment-thumbnail size-thumbnail\" alt=\"\" aria-describedby=\"gallery-1-31101\" \/><\/a>\n\t\t\t<\/dt>\n\t\t\t\t<dd class='wp-caption-text gallery-caption' id='gallery-1-31101'>\n\t\t\t\tMassengrab 1939-1945 II\n\t\t\t\t<\/dd><\/dl><dl class='gallery-item'>\n\t\t\t<dt class='gallery-icon landscape'>\n\t\t\t\t<a href='http:\/\/www.denkfried.de\/wp\/?attachment_id=31100'><img loading=\"lazy\" decoding=\"async\" width=\"150\" height=\"150\" src=\"http:\/\/www.denkfried.de\/wp\/wp-content\/uploads\/2011\/11\/Friedrichsfelde-Massengrab-150x150.jpg\" class=\"attachment-thumbnail size-thumbnail\" alt=\"\" aria-describedby=\"gallery-1-31100\" \/><\/a>\n\t\t\t<\/dt>\n\t\t\t\t<dd class='wp-caption-text gallery-caption' id='gallery-1-31100'>\n\t\t\t\tMassengrab 1939-1945 II\n\t\t\t\t<\/dd><\/dl><dl class='gallery-item'>\n\t\t\t<dt class='gallery-icon landscape'>\n\t\t\t\t<a href='http:\/\/www.denkfried.de\/wp\/?attachment_id=31102'><img loading=\"lazy\" decoding=\"async\" width=\"150\" height=\"150\" src=\"http:\/\/www.denkfried.de\/wp\/wp-content\/uploads\/2011\/11\/Kriegsgr\u00e4ber-Friedrichsfelde-150x150.jpg\" class=\"attachment-thumbnail size-thumbnail\" alt=\"\" aria-describedby=\"gallery-1-31102\" \/><\/a>\n\t\t\t<\/dt>\n\t\t\t\t<dd class='wp-caption-text gallery-caption' id='gallery-1-31102'>\n\t\t\t\tKriegsgr\u00e4berfeld 1939-1945 II\n\t\t\t\t<\/dd><\/dl><br style=\"clear: both\" \/>\n\t\t<\/div>\n\n<p><span style=\"text-decoration: underline;\"><strong>Gedenkanlage 1914-1918<\/strong><\/span><\/p>\n<p>Vor der Friedhofskapelle, sind links und rechts neben der Treppe 21 Gedenktafeln am Mauerwerk, f\u00fcr die Gefallenen des ersten Weltkriegs.<\/p>\n<p><strong>Grablage?<\/strong> Ab 1916 bis nach dem Ende des ersten Weltkrieges, wurden hier bis zu 150 Tote begraben. Einige starben entkr\u00e4ftet oder an Hunger, einige Soldaten sind ihren Wunden erlegen. Unz\u00e4hlige Zivilisten waren unter ihnen. Ein Kriegerdenkmal wurde nicht gestiftet, \u00fcber die genaure Grablage ist nichts weiter bekannt.<\/p>\n<p><span style=\"text-decoration: underline;\"><strong>Massengrab 1939-1945 I<br \/>\n<\/strong><\/span><\/p>\n<p>Im Rasen vor der Friedhofskapelle, ist rechts am Weg das Massengrab. Gut sichtbar, auf der Steinplatte sind die drei Kreuze vom Volksbund. Darunter sind die Kriegsjahre 1939-1945. Dann die Angabe, <em><strong>hier ruhen 121 deutsche Soldaten<\/strong><\/em>. Hierbei handelt es sich um angeh\u00f6rige der Wehrmacht, welche zum Kriegsende im Lazarett verstorben sind.<\/p>\n<p><span style=\"text-decoration: underline;\"><strong>Massengrab II 1939-1945<br \/>\n<\/strong><\/span><\/p>\n<p>Eine Anlage mit Massengr\u00e4bern befindet sich hier. Eine Gedenkplatte errinnert seit 1992 daran. <strong>&#8222;Hier ruhen 570 Frauen, M\u00e4nner und Kinder, die an den Folgen des zweiten Weltkrieges 1945\/46 im Oskar-Ziethen-Krankenhaus verstorben sind.&#8220;<\/strong><\/p>\n<p><span style=\"text-decoration: underline;\"><strong>Kriegsgr\u00e4berfeld I<br \/>\n<\/strong><\/span><\/p>\n<p>Vor dem Gr\u00e4berfeld ist ein Gedenkstein und gleichzeitig eine Erkl\u00e4rung.\u00a0<span style=\"font-size: small; text-align: left;\">In diesem Grabfeld haben <strong>in<\/strong> <strong>143 Gr\u00e4bern,<\/strong> <strong>Opfer von Krieg und Gewaltherrschaft ihre letzte Ruhe gefunden<\/strong>. Die Gr\u00e4ber wurden im Jahr 2003 auf Veranlassung der Senatsverwaltung f\u00fcr Stadtentwicklung von den aufgelassenen Friedh\u00f6fen Rathaus- und Plonzstra\u00dfe sowie ein Einzelgrab vom Friedhof Rummelsburger Stra\u00dfe an diesen Ort verlegt.\u00a0<\/span><span style=\"font-size: small; text-align: left;\">Die Friedhofsbesucher werden gebeten\u00a0<\/span><span style=\"font-size: small; text-align: left;\">der Toten zu gedenken und sich der\u00a0<\/span><span style=\"font-size: small; text-align: left;\">W\u00fcrde dieses Ortes entsprechend zu verhalten. Unter den 158 Toten ist der gr\u00f6\u00dfte teil Zivilisten, es blieb einer Unbekannt. Es ruhen auch zwei Gefallenen vom ersten Weltkrieg in der Anlage.<\/span><\/p>\n<p><span style=\"text-decoration: underline;\"><strong>Kriegsgr\u00e4berfeld II<\/strong><\/span><\/p>\n<p>Eine Anlage mit Einzelgr\u00e4ber befindet sich an einem Treppenaufgang, vom Eingang aus links hinter der Kapelle. Hier wurden zum Kriegsende 51 Tote begraben, unter Ihnen blieben 37 Unbekannt. Die \u00fcbernommen werden konnten starben alle am 03.02.1945, m\u00f6glicherweise sind die anderen dort auch gestorben, in der Bombennacht.<\/p>\n<p>Es konnten noch 3 weitere Gr\u00e4ber und 8 private Gedenken dokumentiert werden.<\/p>\n<p>Die Namen werden in die Datenbanken eingepflegt.<\/p>\n<p>&nbsp;<\/p>\n<p>Weiteres zum Friedhof unter: <a href=\"http:\/\/de.wikipedia.org\/wiki\/Zentralfriedhof_Friedrichsfelde\"><em>Wikipedia<\/em><\/a><\/p>\n","protected":false},"excerpt":{"rendered":"<p>&nbsp; 10365 Berlin Friedrichsfelde &#8211; Zentralfriedhof ,\u00a0Gudrunstra\u00dfe 20.\u00a0Auch &#8222;Sozialistenfriedhof&#8220; genannt. Bericht und Bilder von Thomas\u00a0Gefallenendenkm\u00e4ler Berlin\/Brandenburg Gedenkanlage 1914-1918 Vor der Friedhofskapelle, sind links und rechts neben der Treppe 21 Gedenktafeln am Mauerwerk, f\u00fcr die Gefallenen des ersten Weltkriegs. Grablage? Ab &hellip; <a href=\"http:\/\/www.denkfried.de\/wp\/?page_id=15419\">Weiterlesen <span class=\"meta-nav\">&rarr;<\/span><\/a><\/p>\n","protected":false},"author":9,"featured_media":0,"parent":26909,"menu_order":0,"comment_status":"closed","ping_status":"open","template":"","meta":{"footnotes":""},"class_list":["post-15419","page","type-page","status-publish","hentry"],"_links":{"self":[{"href":"http:\/\/www.denkfried.de\/wp\/index.php?rest_route=\/wp\/v2\/pages\/15419","targetHints":{"allow":["GET"]}}],"collection":[{"href":"http:\/\/www.denkfried.de\/wp\/index.php?rest_route=\/wp\/v2\/pages"}],"about":[{"href":"http:\/\/www.denkfried.de\/wp\/index.php?rest_route=\/wp\/v2\/types\/page"}],"author":[{"embeddable":true,"href":"http:\/\/www.denkfried.de\/wp\/index.php?rest_route=\/wp\/v2\/users\/9"}],"replies":[{"embeddable":true,"href":"http:\/\/www.denkfried.de\/wp\/index.php?rest_route=%2Fwp%2Fv2%2Fcomments&post=15419"}],"version-history":[{"count":41,"href":"http:\/\/www.denkfried.de\/wp\/index.php?rest_route=\/wp\/v2\/pages\/15419\/revisions"}],"predecessor-version":[{"id":39505,"href":"http:\/\/www.denkfried.de\/wp\/index.php?rest_route=\/wp\/v2\/pages\/15419\/revisions\/39505"}],"up":[{"embeddable":true,"href":"http:\/\/www.denkfried.de\/wp\/index.php?rest_route=\/wp\/v2\/pages\/26909"}],"wp:attachment":[{"href":"http:\/\/www.denkfried.de\/wp\/index.php?rest_route=%2Fwp%2Fv2%2Fmedia&parent=15419"}],"curies":[{"name":"wp","href":"https:\/\/api.w.org\/{rel}","templated":true}]}}

<p>&nbsp;</p>
<p><strong>10365 Berlin Friedrichsfelde</strong> &#8211; Zentralfriedhof , Gudrunstraße 20. Auch &#8222;Sozialistenfriedhof&#8220; genannt.</p>
<p>Bericht und Bilder von Thomas <a href="http://g-bb.jimdo.com/">Gefallenendenkmäler Berlin/Brandenburg</a></p>
<div id='gallery-1' class='gallery galleryid-15419 gallery-columns-4 gallery-size-thumbnail'><dl class='gallery-item'>
			<dt class='gallery-icon landscape'>
				<a href='http://www.denkfried.de/wp/?attachment_id=20399'><img loading="lazy" decoding="async" width="150" height="150" src="http://www.denkfried.de/wp/wp-content/uploads/2011/11/DSCF1567-150x150.jpg" class="attachment-thumbnail size-thumbnail" alt="" aria-describedby="gallery-1-20399" /></a>
			</dt>
				<dd class='wp-caption-text gallery-caption' id='gallery-1-20399'>
				Gedenkanlage 1914-1918
				</dd></dl><dl class='gallery-item'>
			<dt class='gallery-icon landscape'>
				<a href='http://www.denkfried.de/wp/?attachment_id=20400'><img loading="lazy" decoding="async" width="150" height="150" src="http://www.denkfried.de/wp/wp-content/uploads/2011/11/DSCF1574-150x150.jpg" class="attachment-thumbnail size-thumbnail" alt="" aria-describedby="gallery-1-20400" /></a>
			</dt>
				<dd class='wp-caption-text gallery-caption' id='gallery-1-20400'>
				Gedenkanlage 1914-1918
				</dd></dl><dl class='gallery-item'>
			<dt class='gallery-icon portrait'>
				<a href='http://www.denkfried.de/wp/?attachment_id=20398'><img loading="lazy" decoding="async" width="150" height="150" src="http://www.denkfried.de/wp/wp-content/uploads/2011/11/DSCF1566-150x150.jpg" class="attachment-thumbnail size-thumbnail" alt="" aria-describedby="gallery-1-20398" /></a>
			</dt>
				<dd class='wp-caption-text gallery-caption' id='gallery-1-20398'>
				Massengrab 1939-1945 I
				</dd></dl><dl class='gallery-item'>
			<dt class='gallery-icon landscape'>
				<a href='http://www.denkfried.de/wp/?attachment_id=15426'><img loading="lazy" decoding="async" width="150" height="150" src="http://www.denkfried.de/wp/wp-content/uploads/2011/11/PICT00911-150x150.jpg" class="attachment-thumbnail size-thumbnail" alt="" aria-describedby="gallery-1-15426" /></a>
			</dt>
				<dd class='wp-caption-text gallery-caption' id='gallery-1-15426'>
				Kriegsgräberfeld I
				</dd></dl><br style="clear: both" /><dl class='gallery-item'>
			<dt class='gallery-icon landscape'>
				<a href='http://www.denkfried.de/wp/?attachment_id=15425'><img loading="lazy" decoding="async" width="150" height="150" src="http://www.denkfried.de/wp/wp-content/uploads/2011/11/PICT0090-150x150.jpg" class="attachment-thumbnail size-thumbnail" alt="" aria-describedby="gallery-1-15425" /></a>
			</dt>
				<dd class='wp-caption-text gallery-caption' id='gallery-1-15425'>
				Kriegsgräberfeld I
				</dd></dl><dl class='gallery-item'>
			<dt class='gallery-icon landscape'>
				<a href='http://www.denkfried.de/wp/?attachment_id=31101'><img loading="lazy" decoding="async" width="150" height="150" src="http://www.denkfried.de/wp/wp-content/uploads/2011/11/Friedrichsfelde-Massengrab-2-150x150.jpg" class="attachment-thumbnail size-thumbnail" alt="" aria-describedby="gallery-1-31101" /></a>
			</dt>
				<dd class='wp-caption-text gallery-caption' id='gallery-1-31101'>
				Massengrab 1939-1945 II
				</dd></dl><dl class='gallery-item'>
			<dt class='gallery-icon landscape'>
				<a href='http://www.denkfried.de/wp/?attachment_id=31100'><img loading="lazy" decoding="async" width="150" height="150" src="http://www.denkfried.de/wp/wp-content/uploads/2011/11/Friedrichsfelde-Massengrab-150x150.jpg" class="attachment-thumbnail size-thumbnail" alt="" aria-describedby="gallery-1-31100" /></a>
			</dt>
				<dd class='wp-caption-text gallery-caption' id='gallery-1-31100'>
				Massengrab 1939-1945 II
				</dd></dl><dl class='gallery-item'>
			<dt class='gallery-icon landscape'>
				<a href='http://www.denkfried.de/wp/?attachment_id=31102'><img loading="lazy" decoding="async" width="150" height="150" src="http://www.denkfried.de/wp/wp-content/uploads/2011/11/Kriegsgräber-Friedrichsfelde-150x150.jpg" class="attachment-thumbnail size-thumbnail" alt="" aria-describedby="gallery-1-31102" /></a>
			</dt>
				<dd class='wp-caption-text gallery-caption' id='gallery-1-31102'>
				Kriegsgräberfeld 1939-1945 II
				</dd></dl><br style="clear: both" />
		</div>

<p><span style="text-decoration: underline;"><strong>Gedenkanlage 1914-1918</strong></span></p>
<p>Vor der Friedhofskapelle, sind links und rechts neben der Treppe 21 Gedenktafeln am Mauerwerk, für die Gefallenen des ersten Weltkriegs.</p>
<p><strong>Grablage?</strong> Ab 1916 bis nach dem Ende des ersten Weltkrieges, wurden hier bis zu 150 Tote begraben. Einige starben entkräftet oder an Hunger, einige Soldaten sind ihren Wunden erlegen. Unzählige Zivilisten waren unter ihnen. Ein Kriegerdenkmal wurde nicht gestiftet, über die genaure Grablage ist nichts weiter bekannt.</p>
<p><span style="text-decoration: underline;"><strong>Massengrab 1939-1945 I<br />
</strong></span></p>
<p>Im Rasen vor der Friedhofskapelle, ist rechts am Weg das Massengrab. Gut sichtbar, auf der Steinplatte sind die drei Kreuze vom Volksbund. Darunter sind die Kriegsjahre 1939-1945. Dann die Angabe, <em><strong>hier ruhen 121 deutsche Soldaten</strong></em>. Hierbei handelt es sich um angehörige der Wehrmacht, welche zum Kriegsende im Lazarett verstorben sind.</p>
<p><span style="text-decoration: underline;"><strong>Massengrab II 1939-1945<br />
</strong></span></p>
<p>Eine Anlage mit Massengräbern befindet sich hier. Eine Gedenkplatte errinnert seit 1992 daran. <strong>&#8222;Hier ruhen 570 Frauen, Männer und Kinder, die an den Folgen des zweiten Weltkrieges 1945/46 im Oskar-Ziethen-Krankenhaus verstorben sind.&#8220;</strong></p>
<p><span style="text-decoration: underline;"><strong>Kriegsgräberfeld I<br />
</strong></span></p>
<p>Vor dem Gräberfeld ist ein Gedenkstein und gleichzeitig eine Erklärung. <span style="font-size: small; text-align: left;">In diesem Grabfeld haben <strong>in</strong> <strong>143 Gräbern,</strong> <strong>Opfer von Krieg und Gewaltherrschaft ihre letzte Ruhe gefunden</strong>. Die Gräber wurden im Jahr 2003 auf Veranlassung der Senatsverwaltung für Stadtentwicklung von den aufgelassenen Friedhöfen Rathaus- und Plonzstraße sowie ein Einzelgrab vom Friedhof Rummelsburger Straße an diesen Ort verlegt. </span><span style="font-size: small; text-align: left;">Die Friedhofsbesucher werden gebeten </span><span style="font-size: small; text-align: left;">der Toten zu gedenken und sich der </span><span style="font-size: small; text-align: left;">Würde dieses Ortes entsprechend zu verhalten. Unter den 158 Toten ist der größte teil Zivilisten, es blieb einer Unbekannt. Es ruhen auch zwei Gefallenen vom ersten Weltkrieg in der Anlage.</span></p>
<p><span style="text-decoration: underline;"><strong>Kriegsgräberfeld II</strong></span></p>
<p>Eine Anlage mit Einzelgräber befindet sich an einem Treppenaufgang, vom Eingang aus links hinter der Kapelle. Hier wurden zum Kriegsende 51 Tote begraben, unter Ihnen blieben 37 Unbekannt. Die übernommen werden konnten starben alle am 03.02.1945, möglicherweise sind die anderen dort auch gestorben, in der Bombennacht.</p>
<p>Es konnten noch 3 weitere Gräber und 8 private Gedenken dokumentiert werden.</p>
<p>Die Namen werden in die Datenbanken eingepflegt.</p>
<p>&nbsp;</p>
<p>Weiteres zum Friedhof unter: <a href="http://de.wikipedia.org/wiki/Zentralfriedhof_Friedrichsfelde"><em>Wikipedia</em></a></p>

<p>&nbsp; 10365 Berlin Friedrichsfelde &#8211; Zentralfriedhof , Gudrunstraße 20. Auch &#8222;Sozialistenfriedhof&#8220; genannt. Bericht und Bilder von Thomas Gefallenendenkmäler Berlin/Brandenburg Gedenkanlage 1914-1918 Vor der Friedhofskapelle, sind links und rechts neben der Treppe 21 Gedenktafeln am Mauerwerk, für die Gefallenen des ersten Weltkriegs. Grablage? Ab &hellip; <a href="http://www.denkfried.de/wp/?page_id=15419">Weiterlesen <span class="meta-nav">&rarr;</span></a></p>
