{"id":1528,"date":"2011-04-09T13:55:43","date_gmt":"2011-04-09T11:55:43","guid":{"rendered":"http:\/\/www.denkfried.de\/wp\/?page_id=1528"},"modified":"2012-12-25T19:59:04","modified_gmt":"2012-12-25T18:59:04","slug":"feltre","status":"publish","type":"page","link":"http:\/\/www.denkfried.de\/wp\/?page_id=1528","title":{"rendered":"Feltre"},"content":{"rendered":"<p>&nbsp;<\/p>\n<p><span style=\"text-decoration: underline; color: #ff0000;\"><strong>32032 Feltre<\/strong><\/span><\/p>\n<p>Region: \u00a0Venetien Provinz: Belluno<\/p>\n<p>Auf dem Stadtfriedhof in Feltre ruhen Gefallene des 1.WK aus Italien und \u00d6sterreich.<\/p>\n<p>Die Kriegsgr\u00e4berst\u00e4tte befindet sich au\u00dferhalb von Feltre, an der Stra\u00dfe Trient-Primolano-Belluno. Bestattet sind hier 202 Deutsche, 68 \u00d6sterreicher\/Ungarn. Die Einweihung fand am 25.Mai 1939 statt. Alle in Feltre gefallene Deutschen sowie aus den Nachbarorten wurden nach dem Krieg auf die Kriegsgr\u00e4berst\u00e4tte Quero umgebettet. Nur der kleine Soldatenfriedhof in Feltre blieb unber\u00fchrt.<\/p>\n<p>Fotos stammen von Adrian u. md11, Archivbild von Thomas danke!<\/p>\n<div id='gallery-1' class='gallery galleryid-1528 gallery-columns-4 gallery-size-thumbnail'><dl class='gallery-item'>\n\t\t\t<dt class='gallery-icon landscape'>\n\t\t\t\t<a href='http:\/\/www.denkfried.de\/wp\/?attachment_id=1538'><img loading=\"lazy\" decoding=\"async\" width=\"150\" height=\"150\" src=\"http:\/\/www.denkfried.de\/wp\/wp-content\/uploads\/2011\/04\/Bild-1.03-Kopie-150x150.jpg\" class=\"attachment-thumbnail size-thumbnail\" alt=\"\" \/><\/a>\n\t\t\t<\/dt><\/dl><dl class='gallery-item'>\n\t\t\t<dt class='gallery-icon landscape'>\n\t\t\t\t<a href='http:\/\/www.denkfried.de\/wp\/?attachment_id=1529'><img loading=\"lazy\" decoding=\"async\" width=\"150\" height=\"150\" src=\"http:\/\/www.denkfried.de\/wp\/wp-content\/uploads\/2011\/04\/Bild-2.03-150x150.jpg\" class=\"attachment-thumbnail size-thumbnail\" alt=\"\" \/><\/a>\n\t\t\t<\/dt><\/dl><dl class='gallery-item'>\n\t\t\t<dt class='gallery-icon landscape'>\n\t\t\t\t<a href='http:\/\/www.denkfried.de\/wp\/?attachment_id=1533'><img loading=\"lazy\" decoding=\"async\" width=\"150\" height=\"150\" src=\"http:\/\/www.denkfried.de\/wp\/wp-content\/uploads\/2011\/04\/Bild5-Italien1-150x150.jpg\" class=\"attachment-thumbnail size-thumbnail\" alt=\"\" \/><\/a>\n\t\t\t<\/dt><\/dl><dl class='gallery-item'>\n\t\t\t<dt class='gallery-icon landscape'>\n\t\t\t\t<a href='http:\/\/www.denkfried.de\/wp\/?attachment_id=1536'><img loading=\"lazy\" decoding=\"async\" width=\"150\" height=\"150\" src=\"http:\/\/www.denkfried.de\/wp\/wp-content\/uploads\/2011\/04\/Bild7.03-150x150.jpg\" class=\"attachment-thumbnail size-thumbnail\" alt=\"\" \/><\/a>\n\t\t\t<\/dt><\/dl><br style=\"clear: both\" \/><dl class='gallery-item'>\n\t\t\t<dt class='gallery-icon landscape'>\n\t\t\t\t<a href='http:\/\/www.denkfried.de\/wp\/?attachment_id=1534'><img loading=\"lazy\" decoding=\"async\" width=\"150\" height=\"150\" src=\"http:\/\/www.denkfried.de\/wp\/wp-content\/uploads\/2011\/04\/Bild5.03-150x150.jpg\" class=\"attachment-thumbnail size-thumbnail\" alt=\"\" \/><\/a>\n\t\t\t<\/dt><\/dl><dl class='gallery-item'>\n\t\t\t<dt class='gallery-icon landscape'>\n\t\t\t\t<a href='http:\/\/www.denkfried.de\/wp\/?attachment_id=1531'><img loading=\"lazy\" decoding=\"async\" width=\"150\" height=\"150\" src=\"http:\/\/www.denkfried.de\/wp\/wp-content\/uploads\/2011\/04\/Arthur-7-150x150.jpg\" class=\"attachment-thumbnail size-thumbnail\" alt=\"\" \/><\/a>\n\t\t\t<\/dt><\/dl><dl class='gallery-item'>\n\t\t\t<dt class='gallery-icon landscape'>\n\t\t\t\t<a href='http:\/\/www.denkfried.de\/wp\/?attachment_id=1532'><img loading=\"lazy\" decoding=\"async\" width=\"150\" height=\"150\" src=\"http:\/\/www.denkfried.de\/wp\/wp-content\/uploads\/2011\/04\/Bild5-Italien-150x150.jpg\" class=\"attachment-thumbnail size-thumbnail\" alt=\"\" \/><\/a>\n\t\t\t<\/dt><\/dl><dl class='gallery-item'>\n\t\t\t<dt class='gallery-icon landscape'>\n\t\t\t\t<a href='http:\/\/www.denkfried.de\/wp\/?attachment_id=28807'><img loading=\"lazy\" decoding=\"async\" width=\"150\" height=\"150\" src=\"http:\/\/www.denkfried.de\/wp\/wp-content\/uploads\/2011\/04\/Feltre-Italien-150x150.jpg\" class=\"attachment-thumbnail size-thumbnail\" alt=\"\" \/><\/a>\n\t\t\t<\/dt><\/dl><br style=\"clear: both\" \/><dl class='gallery-item'>\n\t\t\t<dt class='gallery-icon landscape'>\n\t\t\t\t<a href='http:\/\/www.denkfried.de\/wp\/?attachment_id=1535'><img loading=\"lazy\" decoding=\"async\" width=\"150\" height=\"150\" src=\"http:\/\/www.denkfried.de\/wp\/wp-content\/uploads\/2011\/04\/Bild6.03-150x150.jpg\" class=\"attachment-thumbnail size-thumbnail\" alt=\"\" \/><\/a>\n\t\t\t<\/dt><\/dl><dl class='gallery-item'>\n\t\t\t<dt class='gallery-icon landscape'>\n\t\t\t\t<a href='http:\/\/www.denkfried.de\/wp\/?attachment_id=1537'><img loading=\"lazy\" decoding=\"async\" width=\"150\" height=\"150\" src=\"http:\/\/www.denkfried.de\/wp\/wp-content\/uploads\/2011\/04\/Bild8.03-150x150.jpg\" class=\"attachment-thumbnail size-thumbnail\" alt=\"\" \/><\/a>\n\t\t\t<\/dt><\/dl><dl class='gallery-item'>\n\t\t\t<dt class='gallery-icon landscape'>\n\t\t\t\t<a href='http:\/\/www.denkfried.de\/wp\/?attachment_id=1530'><img loading=\"lazy\" decoding=\"async\" width=\"150\" height=\"150\" src=\"http:\/\/www.denkfried.de\/wp\/wp-content\/uploads\/2011\/04\/Arthur-6-150x150.jpg\" class=\"attachment-thumbnail size-thumbnail\" alt=\"\" \/><\/a>\n\t\t\t<\/dt><\/dl>\n\t\t\t<br style='clear: both' \/>\n\t\t<\/div>\n\n<p>Hier noch ein Reisebericht von W.Adrian:<\/p>\n<p><em>Der Soldatenfriedhof liegt am Rande der wundersch\u00f6n im Piavetal gelegenen Stadt Feltre. Dieser Ort war ein wichtiger Etappenort hinter der Front, als in den letzten Monaten des Jahres 1917 die deutsche und \u00f6sterreichische Offensive an der Piave und im Gebiet des stark umk\u00e4mpften Monte Grappa und des Monte Tomba zum Stillstand gekommen war. Hier befanden sich viele Lazarette. Nicht nur in Feltre, sondern auch in vielen Nachbarorten wurden damals die die deutschen Gefallenen bestattet.Alle diese Kriegsgr\u00e4berst\u00e4tten und verstreuten Gr\u00e4ber wurden aufgelassen und die Gebeine nach Quero \u00fcberf\u00fchrt. Einzig der kleine Soldatenfriedhof Feltre mit dem Beinamen &#8222;San Paolo, nach der in der N\u00e4he gelegenen \u00a0Kirche gleichen Namens aus dem 16. Jh. benannt, blieb bestehen.<\/em><br \/>\n<em>Die Ehrenst\u00e4tte birgt 273 Gefallene, davon eine Anzahl \u00d6sterreicher.<\/em><br \/>\n<em>Dieser Friedhof liegt in einer gro\u00dfartigen landschaftlichen Umgebung, H\u00fcgel mit Landh\u00e4usern, und b\u00e4uerlichen Anwesen, Mais- und Weinfelder und bewaldete H\u00e4nge, die das weite Talbecken einrahmen. Steinkreuze aus rotbraunem Porphyr kennzeichnen die Gr\u00e4ber in der Rasenfl\u00e4che.<\/em><br \/>\n<em>Der Eingangsbau aus Kalkstein liegt von dem Zugangsweg aus gesehen auf einer niedrigen B\u00f6schung. Eine kleine steinerne Laub, die an das Eingangsgeb\u00e4ude angegliedert ist, enth\u00e4lt eine Tafel mit den Namen der hier Ruhenden. (Quelle: Faltblatt des VDK)<\/em><\/p>\n<p><em>Dieser Soldatenfriedhof machte bei unserem Besuch einen sehr gepflegten und \u00e4u\u00dferst sauberen Eindruck.<\/em><br \/>\n<em>Wer einmal hierher kommen sollte, darf sich diese Anlage nicht entgehen lassen.<\/em><\/p>\n","protected":false},"excerpt":{"rendered":"<p>&nbsp; 32032 Feltre Region: \u00a0Venetien Provinz: Belluno Auf dem Stadtfriedhof in Feltre ruhen Gefallene des 1.WK aus Italien und \u00d6sterreich. Die Kriegsgr\u00e4berst\u00e4tte befindet sich au\u00dferhalb von Feltre, an der Stra\u00dfe Trient-Primolano-Belluno. Bestattet sind hier 202 Deutsche, 68 \u00d6sterreicher\/Ungarn. Die Einweihung &hellip; <a href=\"http:\/\/www.denkfried.de\/wp\/?page_id=1528\">Weiterlesen <span class=\"meta-nav\">&rarr;<\/span><\/a><\/p>\n","protected":false},"author":2,"featured_media":0,"parent":28164,"menu_order":0,"comment_status":"closed","ping_status":"open","template":"","meta":{"footnotes":""},"class_list":["post-1528","page","type-page","status-publish","hentry"],"_links":{"self":[{"href":"http:\/\/www.denkfried.de\/wp\/index.php?rest_route=\/wp\/v2\/pages\/1528","targetHints":{"allow":["GET"]}}],"collection":[{"href":"http:\/\/www.denkfried.de\/wp\/index.php?rest_route=\/wp\/v2\/pages"}],"about":[{"href":"http:\/\/www.denkfried.de\/wp\/index.php?rest_route=\/wp\/v2\/types\/page"}],"author":[{"embeddable":true,"href":"http:\/\/www.denkfried.de\/wp\/index.php?rest_route=\/wp\/v2\/users\/2"}],"replies":[{"embeddable":true,"href":"http:\/\/www.denkfried.de\/wp\/index.php?rest_route=%2Fwp%2Fv2%2Fcomments&post=1528"}],"version-history":[{"count":9,"href":"http:\/\/www.denkfried.de\/wp\/index.php?rest_route=\/wp\/v2\/pages\/1528\/revisions"}],"predecessor-version":[{"id":28808,"href":"http:\/\/www.denkfried.de\/wp\/index.php?rest_route=\/wp\/v2\/pages\/1528\/revisions\/28808"}],"up":[{"embeddable":true,"href":"http:\/\/www.denkfried.de\/wp\/index.php?rest_route=\/wp\/v2\/pages\/28164"}],"wp:attachment":[{"href":"http:\/\/www.denkfried.de\/wp\/index.php?rest_route=%2Fwp%2Fv2%2Fmedia&parent=1528"}],"curies":[{"name":"wp","href":"https:\/\/api.w.org\/{rel}","templated":true}]}}

<p>&nbsp;</p>
<p><span style="text-decoration: underline; color: #ff0000;"><strong>32032 Feltre</strong></span></p>
<p>Region:  Venetien Provinz: Belluno</p>
<p>Auf dem Stadtfriedhof in Feltre ruhen Gefallene des 1.WK aus Italien und Österreich.</p>
<p>Die Kriegsgräberstätte befindet sich außerhalb von Feltre, an der Straße Trient-Primolano-Belluno. Bestattet sind hier 202 Deutsche, 68 Österreicher/Ungarn. Die Einweihung fand am 25.Mai 1939 statt. Alle in Feltre gefallene Deutschen sowie aus den Nachbarorten wurden nach dem Krieg auf die Kriegsgräberstätte Quero umgebettet. Nur der kleine Soldatenfriedhof in Feltre blieb unberührt.</p>
<p>Fotos stammen von Adrian u. md11, Archivbild von Thomas danke!</p>
<div id='gallery-1' class='gallery galleryid-1528 gallery-columns-4 gallery-size-thumbnail'><dl class='gallery-item'>
			<dt class='gallery-icon landscape'>
				<a href='http://www.denkfried.de/wp/?attachment_id=1538'><img loading="lazy" decoding="async" width="150" height="150" src="http://www.denkfried.de/wp/wp-content/uploads/2011/04/Bild-1.03-Kopie-150x150.jpg" class="attachment-thumbnail size-thumbnail" alt="" /></a>
			</dt></dl><dl class='gallery-item'>
			<dt class='gallery-icon landscape'>
				<a href='http://www.denkfried.de/wp/?attachment_id=1529'><img loading="lazy" decoding="async" width="150" height="150" src="http://www.denkfried.de/wp/wp-content/uploads/2011/04/Bild-2.03-150x150.jpg" class="attachment-thumbnail size-thumbnail" alt="" /></a>
			</dt></dl><dl class='gallery-item'>
			<dt class='gallery-icon landscape'>
				<a href='http://www.denkfried.de/wp/?attachment_id=1533'><img loading="lazy" decoding="async" width="150" height="150" src="http://www.denkfried.de/wp/wp-content/uploads/2011/04/Bild5-Italien1-150x150.jpg" class="attachment-thumbnail size-thumbnail" alt="" /></a>
			</dt></dl><dl class='gallery-item'>
			<dt class='gallery-icon landscape'>
				<a href='http://www.denkfried.de/wp/?attachment_id=1536'><img loading="lazy" decoding="async" width="150" height="150" src="http://www.denkfried.de/wp/wp-content/uploads/2011/04/Bild7.03-150x150.jpg" class="attachment-thumbnail size-thumbnail" alt="" /></a>
			</dt></dl><br style="clear: both" /><dl class='gallery-item'>
			<dt class='gallery-icon landscape'>
				<a href='http://www.denkfried.de/wp/?attachment_id=1534'><img loading="lazy" decoding="async" width="150" height="150" src="http://www.denkfried.de/wp/wp-content/uploads/2011/04/Bild5.03-150x150.jpg" class="attachment-thumbnail size-thumbnail" alt="" /></a>
			</dt></dl><dl class='gallery-item'>
			<dt class='gallery-icon landscape'>
				<a href='http://www.denkfried.de/wp/?attachment_id=1531'><img loading="lazy" decoding="async" width="150" height="150" src="http://www.denkfried.de/wp/wp-content/uploads/2011/04/Arthur-7-150x150.jpg" class="attachment-thumbnail size-thumbnail" alt="" /></a>
			</dt></dl><dl class='gallery-item'>
			<dt class='gallery-icon landscape'>
				<a href='http://www.denkfried.de/wp/?attachment_id=1532'><img loading="lazy" decoding="async" width="150" height="150" src="http://www.denkfried.de/wp/wp-content/uploads/2011/04/Bild5-Italien-150x150.jpg" class="attachment-thumbnail size-thumbnail" alt="" /></a>
			</dt></dl><dl class='gallery-item'>
			<dt class='gallery-icon landscape'>
				<a href='http://www.denkfried.de/wp/?attachment_id=28807'><img loading="lazy" decoding="async" width="150" height="150" src="http://www.denkfried.de/wp/wp-content/uploads/2011/04/Feltre-Italien-150x150.jpg" class="attachment-thumbnail size-thumbnail" alt="" /></a>
			</dt></dl><br style="clear: both" /><dl class='gallery-item'>
			<dt class='gallery-icon landscape'>
				<a href='http://www.denkfried.de/wp/?attachment_id=1535'><img loading="lazy" decoding="async" width="150" height="150" src="http://www.denkfried.de/wp/wp-content/uploads/2011/04/Bild6.03-150x150.jpg" class="attachment-thumbnail size-thumbnail" alt="" /></a>
			</dt></dl><dl class='gallery-item'>
			<dt class='gallery-icon landscape'>
				<a href='http://www.denkfried.de/wp/?attachment_id=1537'><img loading="lazy" decoding="async" width="150" height="150" src="http://www.denkfried.de/wp/wp-content/uploads/2011/04/Bild8.03-150x150.jpg" class="attachment-thumbnail size-thumbnail" alt="" /></a>
			</dt></dl><dl class='gallery-item'>
			<dt class='gallery-icon landscape'>
				<a href='http://www.denkfried.de/wp/?attachment_id=1530'><img loading="lazy" decoding="async" width="150" height="150" src="http://www.denkfried.de/wp/wp-content/uploads/2011/04/Arthur-6-150x150.jpg" class="attachment-thumbnail size-thumbnail" alt="" /></a>
			</dt></dl>
			<br style='clear: both' />
		</div>

<p>Hier noch ein Reisebericht von W.Adrian:</p>
<p><em>Der Soldatenfriedhof liegt am Rande der wunderschön im Piavetal gelegenen Stadt Feltre. Dieser Ort war ein wichtiger Etappenort hinter der Front, als in den letzten Monaten des Jahres 1917 die deutsche und österreichische Offensive an der Piave und im Gebiet des stark umkämpften Monte Grappa und des Monte Tomba zum Stillstand gekommen war. Hier befanden sich viele Lazarette. Nicht nur in Feltre, sondern auch in vielen Nachbarorten wurden damals die die deutschen Gefallenen bestattet.Alle diese Kriegsgräberstätten und verstreuten Gräber wurden aufgelassen und die Gebeine nach Quero überführt. Einzig der kleine Soldatenfriedhof Feltre mit dem Beinamen &#8222;San Paolo, nach der in der Nähe gelegenen  Kirche gleichen Namens aus dem 16. Jh. benannt, blieb bestehen.</em><br />
<em>Die Ehrenstätte birgt 273 Gefallene, davon eine Anzahl Österreicher.</em><br />
<em>Dieser Friedhof liegt in einer großartigen landschaftlichen Umgebung, Hügel mit Landhäusern, und bäuerlichen Anwesen, Mais- und Weinfelder und bewaldete Hänge, die das weite Talbecken einrahmen. Steinkreuze aus rotbraunem Porphyr kennzeichnen die Gräber in der Rasenfläche.</em><br />
<em>Der Eingangsbau aus Kalkstein liegt von dem Zugangsweg aus gesehen auf einer niedrigen Böschung. Eine kleine steinerne Laub, die an das Eingangsgebäude angegliedert ist, enthält eine Tafel mit den Namen der hier Ruhenden. (Quelle: Faltblatt des VDK)</em></p>
<p><em>Dieser Soldatenfriedhof machte bei unserem Besuch einen sehr gepflegten und äußerst sauberen Eindruck.</em><br />
<em>Wer einmal hierher kommen sollte, darf sich diese Anlage nicht entgehen lassen.</em></p>

<p>&nbsp; 32032 Feltre Region:  Venetien Provinz: Belluno Auf dem Stadtfriedhof in Feltre ruhen Gefallene des 1.WK aus Italien und Österreich. Die Kriegsgräberstätte befindet sich außerhalb von Feltre, an der Straße Trient-Primolano-Belluno. Bestattet sind hier 202 Deutsche, 68 Österreicher/Ungarn. Die Einweihung &hellip; <a href="http://www.denkfried.de/wp/?page_id=1528">Weiterlesen <span class="meta-nav">&rarr;</span></a></p>
