{"id":14987,"date":"2011-11-10T21:46:53","date_gmt":"2011-11-10T20:46:53","guid":{"rendered":"http:\/\/www.denkfried.de\/wp\/?page_id=14987"},"modified":"2013-10-08T16:56:14","modified_gmt":"2013-10-08T14:56:14","slug":"elsterheide-nardt","status":"publish","type":"page","link":"http:\/\/www.denkfried.de\/wp\/?page_id=14987","title":{"rendered":"&#8211; Nardt"},"content":{"rendered":"<p>&nbsp;<\/p>\n<p><span style=\"text-decoration: underline;\">02979 Elsterheide <strong>&#8211; OT Nardt<\/strong><\/span><\/p>\n<p><strong>Kriegsgr\u00e4berst\u00e4tte<\/strong><\/p>\n<p>Die Zeit zwischen 1933 und 1945 ging auch an Nardt nicht spurlos vorbei. Im Jahre 1938 wurde am Ortsrand mit dem Bau eines Kriegsgefangenenlagers f\u00fcr Offiziere begonnen. Nach Kriegsende diente es bis 1948 als Quarant\u00e4ne- und Umsiedlerlager. Der gr\u00f6\u00dfte Teil des Lagers dient heute als Sonderlandeplatz f\u00fcr Segel- und Motorflug. Ein kleinerer Teil wurde zu DDR \u2013 Zeiten als Polizeilager genutzt und ist auch noch heute erhalten. Zeuge dieses unr\u00fchmlichen Teils der Ortsgeschichte ist der Soldatenfriedhof, auf dem 553 Soldaten und \u00fcber 500 Umsiedler und Heimatvertriebene ihre letzte Ruhest\u00e4tte fanden.<br \/>\nBei Kriegsende fl\u00fcchtete ein Gro\u00dfteil der Nardter Bev\u00f6lkerung vor der anr\u00fcckenden Sowjetarmee Richtung Chemnitz. Als sie nach ca. 6 Wochen wieder heimkehrten, waren 8 Geh\u00f6fte total zerst\u00f6rt und 14 Scheunen abgebrannt.<br \/>\nWeitere Informationen gibt es hier: <a href=\"http:\/\/www.elsterhorst.de\/\" target=\"_blank\">http:\/\/www.elsterhorst.de\/<\/a><\/p>\n<p>Das Lager Elsterhorst (Nardt) bei Hoyerswerda<\/p>\n<p>09\/1939 \u2013 10\/1940 \u00a0 \u00a0 \u00a0 \u00a0 Stalag IV<br \/>\n10\/1940 \u2013 02\/1941 \u00a0 \u00a0 \u00a0 \u00a0 Stalag IV A<br \/>\n06\/1940 \u2013 02\/1945 \u00a0 \u00a0 \u00a0 \u00a0 Oflag IV D<br \/>\n04\/1945 \u2013 10\/1945 \u00a0 \u00a0 \u00a0 \u00a0 FPPL Nr. 30<br \/>\n10\/1945 \u2013 03\/1948 \u00a0 \u00a0 \u00a0 \u00a0 Durchgangs-, Quarant\u00e4ne- und Umsiedlerlager<\/p>\n<p>Der Soldaten- und Fl\u00fcchtlings\/Vertriebenen-Friedhof Nardt\/Elsterhorst liegt hinter dem Ortsausgang Nardt in Richtung Senftenberg an der B 96.<br \/>\nDie ersten deutschen Soldaten wurden Anfang August 1945 auf diesem neu angelegten Friedhof beigesetzt. Sie starben in dem nahe gelegenen Gefangenenlager. 553 Soldaten und Offiziere fanden in 177 Gr\u00e4bern ihre letzte Ruhe.<br \/>\nNach Schlie\u00dfung dieses Gefangenenlagers wurde das Gel\u00e4nde als Durchgangslager f\u00fcr Fl\u00fcchtlinge und Vertriebene genutzt. Zwischen August 1946 und November 1947 starben mehr als 500 Zivilpersonen \u2013 darunter 50 Kinder \u2013 im Lager. Auch sie fanden auf dem Friedhof ihre letzte Ruhest\u00e4tte.<br \/>\nDer Friedhof geh\u00f6rte zu den 11 Modellprojekten \u201eNeue Bundesl\u00e4nder\u201c. In den Jahren 1992 und 1993 wurde der Friedhof v\u00f6llig neu gestaltet und am 21. Mai 1993 eingeweiht. Ein Gedenkstein \u2013 gespendet von der Heimatgruppe und Zentralstelle<br \/>\nGrafschaft Glatz\/Schlesien e. V. \u2013 erinnert seit 1996 an alle Opfer von Flucht und Vertreibung.<\/p>\n<p>+++++++++++++++++++++++++++++++++++++++++++<\/p>\n<p>Die Kriegsgr\u00e4bers\u00e4tte befindet sich in unmittelbarer N\u00e4he zu Landesfeuerwehrschule Sachsen (St.-Florian-Weg 1)<\/p>\n<p>&nbsp;<\/p>\n<div id='gallery-1' class='gallery galleryid-14987 gallery-columns-4 gallery-size-thumbnail'><dl class='gallery-item'>\n\t\t\t<dt class='gallery-icon landscape'>\n\t\t\t\t<a href='http:\/\/www.denkfried.de\/wp\/?attachment_id=14992'><img loading=\"lazy\" decoding=\"async\" width=\"150\" height=\"150\" src=\"http:\/\/www.denkfried.de\/wp\/wp-content\/uploads\/2011\/11\/IMG_3432-150x150.jpg\" class=\"attachment-thumbnail size-thumbnail\" alt=\"\" aria-describedby=\"gallery-1-14992\" \/><\/a>\n\t\t\t<\/dt>\n\t\t\t\t<dd class='wp-caption-text gallery-caption' id='gallery-1-14992'>\n\t\t\t\tStandort Ehem.Gefangenenlager\n\t\t\t\t<\/dd><\/dl><dl class='gallery-item'>\n\t\t\t<dt class='gallery-icon landscape'>\n\t\t\t\t<a href='http:\/\/www.denkfried.de\/wp\/?attachment_id=14996'><img loading=\"lazy\" decoding=\"async\" width=\"150\" height=\"150\" src=\"http:\/\/www.denkfried.de\/wp\/wp-content\/uploads\/2011\/11\/P1010039-150x150.jpg\" class=\"attachment-thumbnail size-thumbnail\" alt=\"\" aria-describedby=\"gallery-1-14996\" \/><\/a>\n\t\t\t<\/dt>\n\t\t\t\t<dd class='wp-caption-text gallery-caption' id='gallery-1-14996'>\n\t\t\t\tLageplan f\u00fcr das Lager Elsterhorst\n\t\t\t\t<\/dd><\/dl><dl class='gallery-item'>\n\t\t\t<dt class='gallery-icon landscape'>\n\t\t\t\t<a href='http:\/\/www.denkfried.de\/wp\/?attachment_id=14995'><img loading=\"lazy\" decoding=\"async\" width=\"150\" height=\"150\" src=\"http:\/\/www.denkfried.de\/wp\/wp-content\/uploads\/2011\/11\/IMG_3441-150x150.jpg\" class=\"attachment-thumbnail size-thumbnail\" alt=\"\" \/><\/a>\n\t\t\t<\/dt><\/dl><dl class='gallery-item'>\n\t\t\t<dt class='gallery-icon landscape'>\n\t\t\t\t<a href='http:\/\/www.denkfried.de\/wp\/?attachment_id=15006'><img loading=\"lazy\" decoding=\"async\" width=\"150\" height=\"150\" src=\"http:\/\/www.denkfried.de\/wp\/wp-content\/uploads\/2011\/11\/Elsterheide-Nardt-19.9.2009-Bild-1-150x150.jpg\" class=\"attachment-thumbnail size-thumbnail\" alt=\"\" \/><\/a>\n\t\t\t<\/dt><\/dl><br style=\"clear: both\" \/><dl class='gallery-item'>\n\t\t\t<dt class='gallery-icon landscape'>\n\t\t\t\t<a href='http:\/\/www.denkfried.de\/wp\/?attachment_id=14994'><img loading=\"lazy\" decoding=\"async\" width=\"150\" height=\"150\" src=\"http:\/\/www.denkfried.de\/wp\/wp-content\/uploads\/2011\/11\/IMG_3439-150x150.jpg\" class=\"attachment-thumbnail size-thumbnail\" alt=\"\" \/><\/a>\n\t\t\t<\/dt><\/dl><dl class='gallery-item'>\n\t\t\t<dt class='gallery-icon landscape'>\n\t\t\t\t<a href='http:\/\/www.denkfried.de\/wp\/?attachment_id=14991'><img loading=\"lazy\" decoding=\"async\" width=\"150\" height=\"150\" src=\"http:\/\/www.denkfried.de\/wp\/wp-content\/uploads\/2011\/11\/IMG_3449-150x150.jpg\" class=\"attachment-thumbnail size-thumbnail\" alt=\"\" \/><\/a>\n\t\t\t<\/dt><\/dl><dl class='gallery-item'>\n\t\t\t<dt class='gallery-icon landscape'>\n\t\t\t\t<a href='http:\/\/www.denkfried.de\/wp\/?attachment_id=14990'><img loading=\"lazy\" decoding=\"async\" width=\"150\" height=\"150\" src=\"http:\/\/www.denkfried.de\/wp\/wp-content\/uploads\/2011\/11\/IMG_3446-150x150.jpg\" class=\"attachment-thumbnail size-thumbnail\" alt=\"\" \/><\/a>\n\t\t\t<\/dt><\/dl><dl class='gallery-item'>\n\t\t\t<dt class='gallery-icon landscape'>\n\t\t\t\t<a href='http:\/\/www.denkfried.de\/wp\/?attachment_id=14989'><img loading=\"lazy\" decoding=\"async\" width=\"150\" height=\"150\" src=\"http:\/\/www.denkfried.de\/wp\/wp-content\/uploads\/2011\/11\/IMG_3445-150x150.jpg\" class=\"attachment-thumbnail size-thumbnail\" alt=\"\" \/><\/a>\n\t\t\t<\/dt><\/dl><br style=\"clear: both\" \/><dl class='gallery-item'>\n\t\t\t<dt class='gallery-icon portrait'>\n\t\t\t\t<a href='http:\/\/www.denkfried.de\/wp\/?attachment_id=14988'><img loading=\"lazy\" decoding=\"async\" width=\"150\" height=\"150\" src=\"http:\/\/www.denkfried.de\/wp\/wp-content\/uploads\/2011\/11\/IMG_3443-150x150.jpg\" class=\"attachment-thumbnail size-thumbnail\" alt=\"\" \/><\/a>\n\t\t\t<\/dt><\/dl><dl class='gallery-item'>\n\t\t\t<dt class='gallery-icon landscape'>\n\t\t\t\t<a href='http:\/\/www.denkfried.de\/wp\/?attachment_id=14993'><img loading=\"lazy\" decoding=\"async\" width=\"150\" height=\"150\" src=\"http:\/\/www.denkfried.de\/wp\/wp-content\/uploads\/2011\/11\/IMG_3435-150x150.jpg\" class=\"attachment-thumbnail size-thumbnail\" alt=\"\" aria-describedby=\"gallery-1-14993\" \/><\/a>\n\t\t\t<\/dt>\n\t\t\t\t<dd class='wp-caption-text gallery-caption' id='gallery-1-14993'>\n\t\t\t\tDenkmal 1914-1918 u.1939-1945\n\t\t\t\t<\/dd><\/dl>\n\t\t\t<br style='clear: both' \/>\n\t\t<\/div>\n\n","protected":false},"excerpt":{"rendered":"<p>&nbsp; 02979 Elsterheide &#8211; OT Nardt Kriegsgr\u00e4berst\u00e4tte Die Zeit zwischen 1933 und 1945 ging auch an Nardt nicht spurlos vorbei. Im Jahre 1938 wurde am Ortsrand mit dem Bau eines Kriegsgefangenenlagers f\u00fcr Offiziere begonnen. Nach Kriegsende diente es bis 1948 &hellip; <a href=\"http:\/\/www.denkfried.de\/wp\/?page_id=14987\">Weiterlesen <span class=\"meta-nav\">&rarr;<\/span><\/a><\/p>\n","protected":false},"author":2,"featured_media":0,"parent":7320,"menu_order":0,"comment_status":"closed","ping_status":"open","template":"","meta":{"footnotes":""},"class_list":["post-14987","page","type-page","status-publish","hentry"],"_links":{"self":[{"href":"http:\/\/www.denkfried.de\/wp\/index.php?rest_route=\/wp\/v2\/pages\/14987","targetHints":{"allow":["GET"]}}],"collection":[{"href":"http:\/\/www.denkfried.de\/wp\/index.php?rest_route=\/wp\/v2\/pages"}],"about":[{"href":"http:\/\/www.denkfried.de\/wp\/index.php?rest_route=\/wp\/v2\/types\/page"}],"author":[{"embeddable":true,"href":"http:\/\/www.denkfried.de\/wp\/index.php?rest_route=\/wp\/v2\/users\/2"}],"replies":[{"embeddable":true,"href":"http:\/\/www.denkfried.de\/wp\/index.php?rest_route=%2Fwp%2Fv2%2Fcomments&post=14987"}],"version-history":[{"count":5,"href":"http:\/\/www.denkfried.de\/wp\/index.php?rest_route=\/wp\/v2\/pages\/14987\/revisions"}],"predecessor-version":[{"id":33247,"href":"http:\/\/www.denkfried.de\/wp\/index.php?rest_route=\/wp\/v2\/pages\/14987\/revisions\/33247"}],"up":[{"embeddable":true,"href":"http:\/\/www.denkfried.de\/wp\/index.php?rest_route=\/wp\/v2\/pages\/7320"}],"wp:attachment":[{"href":"http:\/\/www.denkfried.de\/wp\/index.php?rest_route=%2Fwp%2Fv2%2Fmedia&parent=14987"}],"curies":[{"name":"wp","href":"https:\/\/api.w.org\/{rel}","templated":true}]}}

<p>&nbsp;</p>
<p><span style="text-decoration: underline;">02979 Elsterheide <strong>&#8211; OT Nardt</strong></span></p>
<p><strong>Kriegsgräberstätte</strong></p>
<p>Die Zeit zwischen 1933 und 1945 ging auch an Nardt nicht spurlos vorbei. Im Jahre 1938 wurde am Ortsrand mit dem Bau eines Kriegsgefangenenlagers für Offiziere begonnen. Nach Kriegsende diente es bis 1948 als Quarantäne- und Umsiedlerlager. Der größte Teil des Lagers dient heute als Sonderlandeplatz für Segel- und Motorflug. Ein kleinerer Teil wurde zu DDR – Zeiten als Polizeilager genutzt und ist auch noch heute erhalten. Zeuge dieses unrühmlichen Teils der Ortsgeschichte ist der Soldatenfriedhof, auf dem 553 Soldaten und über 500 Umsiedler und Heimatvertriebene ihre letzte Ruhestätte fanden.<br />
Bei Kriegsende flüchtete ein Großteil der Nardter Bevölkerung vor der anrückenden Sowjetarmee Richtung Chemnitz. Als sie nach ca. 6 Wochen wieder heimkehrten, waren 8 Gehöfte total zerstört und 14 Scheunen abgebrannt.<br />
Weitere Informationen gibt es hier: <a href="http://www.elsterhorst.de/" target="_blank">http://www.elsterhorst.de/</a></p>
<p>Das Lager Elsterhorst (Nardt) bei Hoyerswerda</p>
<p>09/1939 – 10/1940         Stalag IV<br />
10/1940 – 02/1941         Stalag IV A<br />
06/1940 – 02/1945         Oflag IV D<br />
04/1945 – 10/1945         FPPL Nr. 30<br />
10/1945 – 03/1948         Durchgangs-, Quarantäne- und Umsiedlerlager</p>
<p>Der Soldaten- und Flüchtlings/Vertriebenen-Friedhof Nardt/Elsterhorst liegt hinter dem Ortsausgang Nardt in Richtung Senftenberg an der B 96.<br />
Die ersten deutschen Soldaten wurden Anfang August 1945 auf diesem neu angelegten Friedhof beigesetzt. Sie starben in dem nahe gelegenen Gefangenenlager. 553 Soldaten und Offiziere fanden in 177 Gräbern ihre letzte Ruhe.<br />
Nach Schließung dieses Gefangenenlagers wurde das Gelände als Durchgangslager für Flüchtlinge und Vertriebene genutzt. Zwischen August 1946 und November 1947 starben mehr als 500 Zivilpersonen – darunter 50 Kinder – im Lager. Auch sie fanden auf dem Friedhof ihre letzte Ruhestätte.<br />
Der Friedhof gehörte zu den 11 Modellprojekten „Neue Bundesländer“. In den Jahren 1992 und 1993 wurde der Friedhof völlig neu gestaltet und am 21. Mai 1993 eingeweiht. Ein Gedenkstein – gespendet von der Heimatgruppe und Zentralstelle<br />
Grafschaft Glatz/Schlesien e. V. – erinnert seit 1996 an alle Opfer von Flucht und Vertreibung.</p>
<p>+++++++++++++++++++++++++++++++++++++++++++</p>
<p>Die Kriegsgräbersätte befindet sich in unmittelbarer Nähe zu Landesfeuerwehrschule Sachsen (St.-Florian-Weg 1)</p>
<p>&nbsp;</p>
<div id='gallery-1' class='gallery galleryid-14987 gallery-columns-4 gallery-size-thumbnail'><dl class='gallery-item'>
			<dt class='gallery-icon landscape'>
				<a href='http://www.denkfried.de/wp/?attachment_id=14992'><img loading="lazy" decoding="async" width="150" height="150" src="http://www.denkfried.de/wp/wp-content/uploads/2011/11/IMG_3432-150x150.jpg" class="attachment-thumbnail size-thumbnail" alt="" aria-describedby="gallery-1-14992" /></a>
			</dt>
				<dd class='wp-caption-text gallery-caption' id='gallery-1-14992'>
				Standort Ehem.Gefangenenlager
				</dd></dl><dl class='gallery-item'>
			<dt class='gallery-icon landscape'>
				<a href='http://www.denkfried.de/wp/?attachment_id=14996'><img loading="lazy" decoding="async" width="150" height="150" src="http://www.denkfried.de/wp/wp-content/uploads/2011/11/P1010039-150x150.jpg" class="attachment-thumbnail size-thumbnail" alt="" aria-describedby="gallery-1-14996" /></a>
			</dt>
				<dd class='wp-caption-text gallery-caption' id='gallery-1-14996'>
				Lageplan für das Lager Elsterhorst
				</dd></dl><dl class='gallery-item'>
			<dt class='gallery-icon landscape'>
				<a href='http://www.denkfried.de/wp/?attachment_id=14995'><img loading="lazy" decoding="async" width="150" height="150" src="http://www.denkfried.de/wp/wp-content/uploads/2011/11/IMG_3441-150x150.jpg" class="attachment-thumbnail size-thumbnail" alt="" /></a>
			</dt></dl><dl class='gallery-item'>
			<dt class='gallery-icon landscape'>
				<a href='http://www.denkfried.de/wp/?attachment_id=15006'><img loading="lazy" decoding="async" width="150" height="150" src="http://www.denkfried.de/wp/wp-content/uploads/2011/11/Elsterheide-Nardt-19.9.2009-Bild-1-150x150.jpg" class="attachment-thumbnail size-thumbnail" alt="" /></a>
			</dt></dl><br style="clear: both" /><dl class='gallery-item'>
			<dt class='gallery-icon landscape'>
				<a href='http://www.denkfried.de/wp/?attachment_id=14994'><img loading="lazy" decoding="async" width="150" height="150" src="http://www.denkfried.de/wp/wp-content/uploads/2011/11/IMG_3439-150x150.jpg" class="attachment-thumbnail size-thumbnail" alt="" /></a>
			</dt></dl><dl class='gallery-item'>
			<dt class='gallery-icon landscape'>
				<a href='http://www.denkfried.de/wp/?attachment_id=14991'><img loading="lazy" decoding="async" width="150" height="150" src="http://www.denkfried.de/wp/wp-content/uploads/2011/11/IMG_3449-150x150.jpg" class="attachment-thumbnail size-thumbnail" alt="" /></a>
			</dt></dl><dl class='gallery-item'>
			<dt class='gallery-icon landscape'>
				<a href='http://www.denkfried.de/wp/?attachment_id=14990'><img loading="lazy" decoding="async" width="150" height="150" src="http://www.denkfried.de/wp/wp-content/uploads/2011/11/IMG_3446-150x150.jpg" class="attachment-thumbnail size-thumbnail" alt="" /></a>
			</dt></dl><dl class='gallery-item'>
			<dt class='gallery-icon landscape'>
				<a href='http://www.denkfried.de/wp/?attachment_id=14989'><img loading="lazy" decoding="async" width="150" height="150" src="http://www.denkfried.de/wp/wp-content/uploads/2011/11/IMG_3445-150x150.jpg" class="attachment-thumbnail size-thumbnail" alt="" /></a>
			</dt></dl><br style="clear: both" /><dl class='gallery-item'>
			<dt class='gallery-icon portrait'>
				<a href='http://www.denkfried.de/wp/?attachment_id=14988'><img loading="lazy" decoding="async" width="150" height="150" src="http://www.denkfried.de/wp/wp-content/uploads/2011/11/IMG_3443-150x150.jpg" class="attachment-thumbnail size-thumbnail" alt="" /></a>
			</dt></dl><dl class='gallery-item'>
			<dt class='gallery-icon landscape'>
				<a href='http://www.denkfried.de/wp/?attachment_id=14993'><img loading="lazy" decoding="async" width="150" height="150" src="http://www.denkfried.de/wp/wp-content/uploads/2011/11/IMG_3435-150x150.jpg" class="attachment-thumbnail size-thumbnail" alt="" aria-describedby="gallery-1-14993" /></a>
			</dt>
				<dd class='wp-caption-text gallery-caption' id='gallery-1-14993'>
				Denkmal 1914-1918 u.1939-1945
				</dd></dl>
			<br style='clear: both' />
		</div>

<p>&nbsp; 02979 Elsterheide &#8211; OT Nardt Kriegsgräberstätte Die Zeit zwischen 1933 und 1945 ging auch an Nardt nicht spurlos vorbei. Im Jahre 1938 wurde am Ortsrand mit dem Bau eines Kriegsgefangenenlagers für Offiziere begonnen. Nach Kriegsende diente es bis 1948 &hellip; <a href="http://www.denkfried.de/wp/?page_id=14987">Weiterlesen <span class="meta-nav">&rarr;</span></a></p>
