{"id":14978,"date":"2011-11-10T18:52:34","date_gmt":"2011-11-10T17:52:34","guid":{"rendered":"http:\/\/www.denkfried.de\/wp\/?page_id=14978"},"modified":"2015-12-28T19:57:33","modified_gmt":"2015-12-28T18:57:33","slug":"schoneberg-denkmal","status":"publish","type":"page","link":"http:\/\/www.denkfried.de\/wp\/?page_id=14978","title":{"rendered":"Denkm\u00e4ler"},"content":{"rendered":"<p>&nbsp;<\/p>\n<p><strong>10823 Berlin<\/strong> Sch\u00f6neberg Denkm\u00e4ler<\/p>\n<p>Bericht und Bilder von Thomas\u00a0<a href=\"http:\/\/g-bb.jimdo.com\/\">Gefallenendenkm\u00e4ler Berlin\/Brandenburg<\/a><\/p>\n<div id='gallery-1' class='gallery galleryid-14978 gallery-columns-4 gallery-size-thumbnail'><dl class='gallery-item'>\n\t\t\t<dt class='gallery-icon landscape'>\n\t\t\t\t<a href='http:\/\/www.denkfried.de\/wp\/?attachment_id=14771'><img loading=\"lazy\" decoding=\"async\" width=\"150\" height=\"150\" src=\"http:\/\/www.denkfried.de\/wp\/wp-content\/uploads\/2011\/11\/DSCF0019-150x150.jpg\" class=\"attachment-thumbnail size-thumbnail\" alt=\"\" \/><\/a>\n\t\t\t<\/dt><\/dl><dl class='gallery-item'>\n\t\t\t<dt class='gallery-icon portrait'>\n\t\t\t\t<a href='http:\/\/www.denkfried.de\/wp\/?attachment_id=14773'><img loading=\"lazy\" decoding=\"async\" width=\"150\" height=\"150\" src=\"http:\/\/www.denkfried.de\/wp\/wp-content\/uploads\/2011\/11\/Ehrenmal-1939-1945-Bild-2-150x150.jpg\" class=\"attachment-thumbnail size-thumbnail\" alt=\"\" \/><\/a>\n\t\t\t<\/dt><\/dl><dl class='gallery-item'>\n\t\t\t<dt class='gallery-icon landscape'>\n\t\t\t\t<a href='http:\/\/www.denkfried.de\/wp\/?attachment_id=14774'><img loading=\"lazy\" decoding=\"async\" width=\"150\" height=\"150\" src=\"http:\/\/www.denkfried.de\/wp\/wp-content\/uploads\/2011\/11\/Ehrenmal-1939-1945-Bild-3-150x150.jpg\" class=\"attachment-thumbnail size-thumbnail\" alt=\"\" \/><\/a>\n\t\t\t<\/dt><\/dl><dl class='gallery-item'>\n\t\t\t<dt class='gallery-icon landscape'>\n\t\t\t\t<a href='http:\/\/www.denkfried.de\/wp\/?attachment_id=14775'><img loading=\"lazy\" decoding=\"async\" width=\"150\" height=\"150\" src=\"http:\/\/www.denkfried.de\/wp\/wp-content\/uploads\/2011\/11\/Ehrenmal-1939-1945-Bild-5-150x150.jpg\" class=\"attachment-thumbnail size-thumbnail\" alt=\"\" \/><\/a>\n\t\t\t<\/dt><\/dl><br style=\"clear: both\" \/><dl class='gallery-item'>\n\t\t\t<dt class='gallery-icon landscape'>\n\t\t\t\t<a href='http:\/\/www.denkfried.de\/wp\/?attachment_id=16780'><img loading=\"lazy\" decoding=\"async\" width=\"150\" height=\"150\" src=\"http:\/\/www.denkfried.de\/wp\/wp-content\/uploads\/2011\/11\/DSCF1395-150x150.jpg\" class=\"attachment-thumbnail size-thumbnail\" alt=\"\" \/><\/a>\n\t\t\t<\/dt><\/dl><dl class='gallery-item'>\n\t\t\t<dt class='gallery-icon landscape'>\n\t\t\t\t<a href='http:\/\/www.denkfried.de\/wp\/?attachment_id=16779'><img loading=\"lazy\" decoding=\"async\" width=\"150\" height=\"150\" src=\"http:\/\/www.denkfried.de\/wp\/wp-content\/uploads\/2011\/11\/DSCF1394-150x150.jpg\" class=\"attachment-thumbnail size-thumbnail\" alt=\"\" \/><\/a>\n\t\t\t<\/dt><\/dl><dl class='gallery-item'>\n\t\t\t<dt class='gallery-icon landscape'>\n\t\t\t\t<a href='http:\/\/www.denkfried.de\/wp\/?attachment_id=16781'><img loading=\"lazy\" decoding=\"async\" width=\"150\" height=\"150\" src=\"http:\/\/www.denkfried.de\/wp\/wp-content\/uploads\/2011\/11\/DSCF1401-150x150.jpg\" class=\"attachment-thumbnail size-thumbnail\" alt=\"\" \/><\/a>\n\t\t\t<\/dt><\/dl><dl class='gallery-item'>\n\t\t\t<dt class='gallery-icon portrait'>\n\t\t\t\t<a href='http:\/\/www.denkfried.de\/wp\/?attachment_id=16783'><img loading=\"lazy\" decoding=\"async\" width=\"150\" height=\"150\" src=\"http:\/\/www.denkfried.de\/wp\/wp-content\/uploads\/2011\/11\/DSCF1399-150x150.jpg\" class=\"attachment-thumbnail size-thumbnail\" alt=\"\" \/><\/a>\n\t\t\t<\/dt><\/dl><br style=\"clear: both\" \/>\n\t\t<\/div>\n\n<p><span style=\"text-decoration: underline;\"><strong>Denkmal Weltkriege<\/strong><\/span><\/p>\n<p style=\"color: #333333;\">Im Bahnhof Nollendorfplatz gibt es ein Gedenkhalle f\u00fcr die Gefallenen des Ersten Weltkrieges. Eingerichtet \u00a0wurde diese Halle 1930, sp\u00e4ter wurde auch f\u00fcr die Opfer des Zweiten Weltkrieges eine Tafel angebracht.\u00a0Insgesamt sind, im s\u00fcdlichem Rundbau der Vorhalle, 18 Gedenktafeln wo 262 Gefallenen verzeichnet sind.<\/p>\n<p style=\"color: #333333; text-align: center;\"><strong>Den gefallenen der Hochbahngesellschaft zum Ged\u00e4chtnis<\/strong><\/p>\n<p style=\"color: #333333; text-align: center;\"><em><strong>Den gefallenen der Hochbahngesellschaft zum Ged\u00e4chtnis<\/strong><\/em><br \/>\n<em><strong>1939 \u2013 1945 \u00a0Zum Gedenken an die Opfer<\/strong><\/em><\/p>\n<ul>\n<li><a href=\"http:\/\/www.denkfried.de\/wp\/wp-content\/uploads\/2011\/11\/SchoenebergNollend.html\">Namensliste<\/a><\/li>\n<\/ul>\n<p><span style=\"text-decoration: underline;\"><strong>Denkmal Bombenopfer<\/strong><\/span><\/p>\n<p>Das Denkmal steht auf dem Parkplatz, vom Gel\u00e4nde des Ikea. Am \u00e4u\u00dfersten rand, auf einer Gr\u00fcnfl\u00e4che nahe des Stadtrings an der Sch\u00f6neberger Stra\u00dfe.<\/p>\n<p style=\"text-align: center;\"><em><strong>Die Toten des Bombenkrieges mahnen uns!<\/strong><\/em><\/p>\n<p style=\"text-align: center;\"><em><strong>Du darfst nicht der N\u00e4chste sein, darum k\u00e4mpfe mit uns f\u00fcr den Frieden!<\/strong><\/em><\/p>\n<p>Von unseren befragten Werksangeh\u00f6rigen waren folgende Verluste durch den letzten Krieg zu verzeichnen:<\/p>\n<address>Todesopfer: 165<\/address>\n<address>K\u00f6rperbesch\u00e4digte: 62<\/address>\n<address>Ausgebombte: 280<\/address>\n<address>Umsiedler: 11<\/address>\n<address>Vermisste: 62<\/address>\n<address>\u00a0<\/address>\n<p><span style=\"text-decoration: underline;\"><strong>Sportler Denkmal<\/strong><\/span><\/p>\n<p>Das Denkmal steht vor der alten Sporthalle Sch\u00f6neberg am\u00a0Sachsendamm 12<\/p>\n<p style=\"text-align: center;\"><em><strong>Den Toten des Deutschen Radrennsportes<\/strong><\/em><\/p>\n<p>Deutscher Radrennklub e.V. &#8211; Bund Deutscher Radfahrer<\/p>\n","protected":false},"excerpt":{"rendered":"<p>&nbsp; 10823 Berlin Sch\u00f6neberg Denkm\u00e4ler Bericht und Bilder von Thomas\u00a0Gefallenendenkm\u00e4ler Berlin\/Brandenburg Denkmal Weltkriege Im Bahnhof Nollendorfplatz gibt es ein Gedenkhalle f\u00fcr die Gefallenen des Ersten Weltkrieges. Eingerichtet \u00a0wurde diese Halle 1930, sp\u00e4ter wurde auch f\u00fcr die Opfer des Zweiten Weltkrieges &hellip; <a href=\"http:\/\/www.denkfried.de\/wp\/?page_id=14978\">Weiterlesen <span class=\"meta-nav\">&rarr;<\/span><\/a><\/p>\n","protected":false},"author":9,"featured_media":0,"parent":16742,"menu_order":0,"comment_status":"closed","ping_status":"open","template":"","meta":{"footnotes":""},"class_list":["post-14978","page","type-page","status-publish","hentry"],"_links":{"self":[{"href":"http:\/\/www.denkfried.de\/wp\/index.php?rest_route=\/wp\/v2\/pages\/14978","targetHints":{"allow":["GET"]}}],"collection":[{"href":"http:\/\/www.denkfried.de\/wp\/index.php?rest_route=\/wp\/v2\/pages"}],"about":[{"href":"http:\/\/www.denkfried.de\/wp\/index.php?rest_route=\/wp\/v2\/types\/page"}],"author":[{"embeddable":true,"href":"http:\/\/www.denkfried.de\/wp\/index.php?rest_route=\/wp\/v2\/users\/9"}],"replies":[{"embeddable":true,"href":"http:\/\/www.denkfried.de\/wp\/index.php?rest_route=%2Fwp%2Fv2%2Fcomments&post=14978"}],"version-history":[{"count":21,"href":"http:\/\/www.denkfried.de\/wp\/index.php?rest_route=\/wp\/v2\/pages\/14978\/revisions"}],"predecessor-version":[{"id":40029,"href":"http:\/\/www.denkfried.de\/wp\/index.php?rest_route=\/wp\/v2\/pages\/14978\/revisions\/40029"}],"up":[{"embeddable":true,"href":"http:\/\/www.denkfried.de\/wp\/index.php?rest_route=\/wp\/v2\/pages\/16742"}],"wp:attachment":[{"href":"http:\/\/www.denkfried.de\/wp\/index.php?rest_route=%2Fwp%2Fv2%2Fmedia&parent=14978"}],"curies":[{"name":"wp","href":"https:\/\/api.w.org\/{rel}","templated":true}]}}

Denkmäler

<p>&nbsp;</p>
<p><strong>10823 Berlin</strong> Schöneberg Denkmäler</p>
<p>Bericht und Bilder von Thomas <a href="http://g-bb.jimdo.com/">Gefallenendenkmäler Berlin/Brandenburg</a></p>
<div id='gallery-1' class='gallery galleryid-14978 gallery-columns-4 gallery-size-thumbnail'><dl class='gallery-item'>
			<dt class='gallery-icon landscape'>
				<a href='http://www.denkfried.de/wp/?attachment_id=14771'><img loading="lazy" decoding="async" width="150" height="150" src="http://www.denkfried.de/wp/wp-content/uploads/2011/11/DSCF0019-150x150.jpg" class="attachment-thumbnail size-thumbnail" alt="" /></a>
			</dt></dl><dl class='gallery-item'>
			<dt class='gallery-icon portrait'>
				<a href='http://www.denkfried.de/wp/?attachment_id=14773'><img loading="lazy" decoding="async" width="150" height="150" src="http://www.denkfried.de/wp/wp-content/uploads/2011/11/Ehrenmal-1939-1945-Bild-2-150x150.jpg" class="attachment-thumbnail size-thumbnail" alt="" /></a>
			</dt></dl><dl class='gallery-item'>
			<dt class='gallery-icon landscape'>
				<a href='http://www.denkfried.de/wp/?attachment_id=14774'><img loading="lazy" decoding="async" width="150" height="150" src="http://www.denkfried.de/wp/wp-content/uploads/2011/11/Ehrenmal-1939-1945-Bild-3-150x150.jpg" class="attachment-thumbnail size-thumbnail" alt="" /></a>
			</dt></dl><dl class='gallery-item'>
			<dt class='gallery-icon landscape'>
				<a href='http://www.denkfried.de/wp/?attachment_id=14775'><img loading="lazy" decoding="async" width="150" height="150" src="http://www.denkfried.de/wp/wp-content/uploads/2011/11/Ehrenmal-1939-1945-Bild-5-150x150.jpg" class="attachment-thumbnail size-thumbnail" alt="" /></a>
			</dt></dl><br style="clear: both" /><dl class='gallery-item'>
			<dt class='gallery-icon landscape'>
				<a href='http://www.denkfried.de/wp/?attachment_id=16780'><img loading="lazy" decoding="async" width="150" height="150" src="http://www.denkfried.de/wp/wp-content/uploads/2011/11/DSCF1395-150x150.jpg" class="attachment-thumbnail size-thumbnail" alt="" /></a>
			</dt></dl><dl class='gallery-item'>
			<dt class='gallery-icon landscape'>
				<a href='http://www.denkfried.de/wp/?attachment_id=16779'><img loading="lazy" decoding="async" width="150" height="150" src="http://www.denkfried.de/wp/wp-content/uploads/2011/11/DSCF1394-150x150.jpg" class="attachment-thumbnail size-thumbnail" alt="" /></a>
			</dt></dl><dl class='gallery-item'>
			<dt class='gallery-icon landscape'>
				<a href='http://www.denkfried.de/wp/?attachment_id=16781'><img loading="lazy" decoding="async" width="150" height="150" src="http://www.denkfried.de/wp/wp-content/uploads/2011/11/DSCF1401-150x150.jpg" class="attachment-thumbnail size-thumbnail" alt="" /></a>
			</dt></dl><dl class='gallery-item'>
			<dt class='gallery-icon portrait'>
				<a href='http://www.denkfried.de/wp/?attachment_id=16783'><img loading="lazy" decoding="async" width="150" height="150" src="http://www.denkfried.de/wp/wp-content/uploads/2011/11/DSCF1399-150x150.jpg" class="attachment-thumbnail size-thumbnail" alt="" /></a>
			</dt></dl><br style="clear: both" />
		</div>

<p><span style="text-decoration: underline;"><strong>Denkmal Weltkriege</strong></span></p>
<p style="color: #333333;">Im Bahnhof Nollendorfplatz gibt es ein Gedenkhalle für die Gefallenen des Ersten Weltkrieges. Eingerichtet  wurde diese Halle 1930, später wurde auch für die Opfer des Zweiten Weltkrieges eine Tafel angebracht. Insgesamt sind, im südlichem Rundbau der Vorhalle, 18 Gedenktafeln wo 262 Gefallenen verzeichnet sind.</p>
<p style="color: #333333; text-align: center;"><strong>Den gefallenen der Hochbahngesellschaft zum Gedächtnis</strong></p>
<p style="color: #333333; text-align: center;"><em><strong>Den gefallenen der Hochbahngesellschaft zum Gedächtnis</strong></em><br />
<em><strong>1939 – 1945  Zum Gedenken an die Opfer</strong></em></p>
<ul>
<li><a href="http://www.denkfried.de/wp/wp-content/uploads/2011/11/SchoenebergNollend.html">Namensliste</a></li>
</ul>
<p><span style="text-decoration: underline;"><strong>Denkmal Bombenopfer</strong></span></p>
<p>Das Denkmal steht auf dem Parkplatz, vom Gelände des Ikea. Am äußersten rand, auf einer Grünfläche nahe des Stadtrings an der Schöneberger Straße.</p>
<p style="text-align: center;"><em><strong>Die Toten des Bombenkrieges mahnen uns!</strong></em></p>
<p style="text-align: center;"><em><strong>Du darfst nicht der Nächste sein, darum kämpfe mit uns für den Frieden!</strong></em></p>
<p>Von unseren befragten Werksangehörigen waren folgende Verluste durch den letzten Krieg zu verzeichnen:</p>
<address>Todesopfer: 165</address>
<address>Körperbeschädigte: 62</address>
<address>Ausgebombte: 280</address>
<address>Umsiedler: 11</address>
<address>Vermisste: 62</address>
<address> </address>
<p><span style="text-decoration: underline;"><strong>Sportler Denkmal</strong></span></p>
<p>Das Denkmal steht vor der alten Sporthalle Schöneberg am Sachsendamm 12</p>
<p style="text-align: center;"><em><strong>Den Toten des Deutschen Radrennsportes</strong></em></p>
<p>Deutscher Radrennklub e.V. &#8211; Bund Deutscher Radfahrer</p>

<p>&nbsp; 10823 Berlin Schöneberg Denkmäler Bericht und Bilder von Thomas Gefallenendenkmäler Berlin/Brandenburg Denkmal Weltkriege Im Bahnhof Nollendorfplatz gibt es ein Gedenkhalle für die Gefallenen des Ersten Weltkrieges. Eingerichtet  wurde diese Halle 1930, später wurde auch für die Opfer des Zweiten Weltkrieges &hellip; <a href="http://www.denkfried.de/wp/?page_id=14978">Weiterlesen <span class="meta-nav">&rarr;</span></a></p>
