{"id":14702,"date":"2011-11-07T16:21:29","date_gmt":"2011-11-07T15:21:29","guid":{"rendered":"http:\/\/www.denkfried.de\/wp\/?page_id=14702"},"modified":"2015-12-27T21:51:19","modified_gmt":"2015-12-27T20:51:19","slug":"friedenau-kirche","status":"publish","type":"page","link":"http:\/\/www.denkfried.de\/wp\/?page_id=14702","title":{"rendered":"Kirche"},"content":{"rendered":"<p>&nbsp;<\/p>\n<p><strong>12159 Berlin Friedenau\u00a0<\/strong>Kirche zum Guten Hirten, am Friedrich-Wilhelm Platz<\/p>\n<p>Bericht und Bilder von Thomas\u00a0<a href=\"http:\/\/g-bb.jimdo.com\/\">Gefallenendenkm\u00e4ler Berlin\/Brandenburg<\/a><\/p>\n<div id='gallery-1' class='gallery galleryid-14702 gallery-columns-3 gallery-size-thumbnail'><dl class='gallery-item'>\n\t\t\t<dt class='gallery-icon portrait'>\n\t\t\t\t<a href='http:\/\/www.denkfried.de\/wp\/?attachment_id=14703'><img loading=\"lazy\" decoding=\"async\" width=\"150\" height=\"150\" src=\"http:\/\/www.denkfried.de\/wp\/wp-content\/uploads\/2011\/11\/DSCF1254-150x150.jpg\" class=\"attachment-thumbnail size-thumbnail\" alt=\"\" \/><\/a>\n\t\t\t<\/dt><\/dl><dl class='gallery-item'>\n\t\t\t<dt class='gallery-icon portrait'>\n\t\t\t\t<a href='http:\/\/www.denkfried.de\/wp\/?attachment_id=14704'><img loading=\"lazy\" decoding=\"async\" width=\"150\" height=\"150\" src=\"http:\/\/www.denkfried.de\/wp\/wp-content\/uploads\/2011\/11\/DSCF1255-150x150.jpg\" class=\"attachment-thumbnail size-thumbnail\" alt=\"\" \/><\/a>\n\t\t\t<\/dt><\/dl><dl class='gallery-item'>\n\t\t\t<dt class='gallery-icon landscape'>\n\t\t\t\t<a href='http:\/\/www.denkfried.de\/wp\/?attachment_id=14705'><img loading=\"lazy\" decoding=\"async\" width=\"150\" height=\"150\" src=\"http:\/\/www.denkfried.de\/wp\/wp-content\/uploads\/2011\/11\/DSCF12571-150x150.jpg\" class=\"attachment-thumbnail size-thumbnail\" alt=\"\" \/><\/a>\n\t\t\t<\/dt><\/dl><br style=\"clear: both\" \/><dl class='gallery-item'>\n\t\t\t<dt class='gallery-icon portrait'>\n\t\t\t\t<a href='http:\/\/www.denkfried.de\/wp\/?attachment_id=14900'><img loading=\"lazy\" decoding=\"async\" width=\"150\" height=\"150\" src=\"http:\/\/www.denkfried.de\/wp\/wp-content\/uploads\/2011\/11\/DSCF1351-150x150.jpg\" class=\"attachment-thumbnail size-thumbnail\" alt=\"\" \/><\/a>\n\t\t\t<\/dt><\/dl><dl class='gallery-item'>\n\t\t\t<dt class='gallery-icon portrait'>\n\t\t\t\t<a href='http:\/\/www.denkfried.de\/wp\/?attachment_id=14899'><img loading=\"lazy\" decoding=\"async\" width=\"150\" height=\"150\" src=\"http:\/\/www.denkfried.de\/wp\/wp-content\/uploads\/2011\/11\/DSCF1314-150x150.jpg\" class=\"attachment-thumbnail size-thumbnail\" alt=\"\" \/><\/a>\n\t\t\t<\/dt><\/dl><dl class='gallery-item'>\n\t\t\t<dt class='gallery-icon landscape'>\n\t\t\t\t<a href='http:\/\/www.denkfried.de\/wp\/?attachment_id=14901'><img loading=\"lazy\" decoding=\"async\" width=\"150\" height=\"150\" src=\"http:\/\/www.denkfried.de\/wp\/wp-content\/uploads\/2011\/11\/DSCF1347-150x150.jpg\" class=\"attachment-thumbnail size-thumbnail\" alt=\"\" \/><\/a>\n\t\t\t<\/dt><\/dl><br style=\"clear: both\" \/>\n\t\t<\/div>\n\n<p><span style=\"text-decoration: underline;\"><strong>Denkmal<\/strong><\/span><\/p>\n<address style=\"text-align: center;\"><em><strong>Zum Ged\u00e4chtnis &#8211; Unsere Gefallenen<\/strong><\/em><\/address>\n<address style=\"text-align: center;\"><em><strong>1914-1918 \u00a0 \u00a0 \u00a0 \u00a0 \u00a0 \u00a0 \u00a0 \u00a01939-1945<\/strong><\/em><\/address>\n<address style=\"text-align: center;\"><em><strong>Sei getreu bis an den Tod, so will ich dir die Krone des Lebens geben<\/strong><\/em><\/address>\n<address style=\"text-align: center;\">\u00a0<\/address>\n<p>Nach dem Ersten Weltkrieg errichtete die Gemeinde ein von\u00a0Heinrich Mi\u00dffeldt\u00a0geschaffenes Denkmal f\u00fcr ihre gefallenen. Wegen der gro\u00dfen Zahl der Gefallenen lie\u00df man den Plan fallen, Namenstafeln an den W\u00e4nden der Kirche anzubringen. Das Denkmal besteht aus einer \u00fcberlebensgro\u00dfen trauernden Frauenfigur, die \u2014 mit gefalteten H\u00e4nden kniend \u2014 auf einen vor ihr liegenden, lorbeergeschm\u00fcckten Stahlhelm blickt. In der Mitte Sockels befindet sich ein Schr\u00e4nkchen zum Aufbewahren des Ehrenbuches mit den Namen der Gefallenen.<\/p>\n<p>Das Denkmal sollte urspr\u00fcnglich in der Eingangshalle aufgestellt werden. Wegen einer Heizungsinstallation wurde dann die der Kanzel gegen\u00fcberliegende Nische hergerichtet. Das Denkmal wurde am 16. April 1921 enth\u00fcllt. Weil bei den Umbauarbeiten zur Vergr\u00f6\u00dferung des Altarraums die Nischen sp\u00e4ter zugemauert wurden, steht das Denkmal jetzt im Kirchenschiff gleich beim Eingang links an der Wand.<\/p>\n<p><span style=\"text-decoration: underline;\"><strong>Ehrenbuch<\/strong><\/span><\/p>\n<p>Das Buch liegt in einer\u00a0Vitrine, seitlich der B\u00e4nke. Das mit Leder gebunden\u00a0Buch ist au\u00dfen mit den Kriegsjahren 1914-1918. Mittig mit einem Eisernem Kreuz, welches sich in einem\u00a0Lorbeerkranz\u00a0befindet, gestaltet. Die hier Verzeichneten Kriegstoten sind mit Hand auf 36 Seiten niedergeschrieben worden. Insgesamt sind hier <strong>897 Namen<\/strong> aufgef\u00fchrt. Auf der ersten Seite, ist eine Gedenkinschrift:<\/p>\n<address style=\"text-align: center;\"><em><strong>Unseren im Weltkriege 1914 bis 1918 gefallenen Br\u00fcdern<\/strong><\/em><\/address>\n<address style=\"text-align: center;\"><em><strong>zum ehrenden Ged\u00e4chtnis und in treuer Dankbarkeit<\/strong><\/em><\/address>\n<address style=\"text-align: center;\"><em><strong>die Kirchengemeinde zum gutem Hirten Berlin-Friedenau<\/strong><\/em><\/address>\n<address style=\"text-align: center;\">\u00a0<\/address>\n<p>Die Namen im\u00a0Gedenkbuch, wurden in die <a href=\"http:\/\/s1wk.gedenk-tafel.de\/comb\/login.php\">Datenbank<\/a> eingepflegt.<\/p>\n<p>&nbsp;<\/p>\n","protected":false},"excerpt":{"rendered":"<p>&nbsp; 12159 Berlin Friedenau\u00a0Kirche zum Guten Hirten, am Friedrich-Wilhelm Platz Bericht und Bilder von Thomas\u00a0Gefallenendenkm\u00e4ler Berlin\/Brandenburg Denkmal Zum Ged\u00e4chtnis &#8211; Unsere Gefallenen 1914-1918 \u00a0 \u00a0 \u00a0 \u00a0 \u00a0 \u00a0 \u00a0 \u00a01939-1945 Sei getreu bis an den Tod, so will ich &hellip; <a href=\"http:\/\/www.denkfried.de\/wp\/?page_id=14702\">Weiterlesen <span class=\"meta-nav\">&rarr;<\/span><\/a><\/p>\n","protected":false},"author":9,"featured_media":0,"parent":16797,"menu_order":0,"comment_status":"closed","ping_status":"open","template":"","meta":{"footnotes":""},"class_list":["post-14702","page","type-page","status-publish","hentry"],"_links":{"self":[{"href":"http:\/\/www.denkfried.de\/wp\/index.php?rest_route=\/wp\/v2\/pages\/14702","targetHints":{"allow":["GET"]}}],"collection":[{"href":"http:\/\/www.denkfried.de\/wp\/index.php?rest_route=\/wp\/v2\/pages"}],"about":[{"href":"http:\/\/www.denkfried.de\/wp\/index.php?rest_route=\/wp\/v2\/types\/page"}],"author":[{"embeddable":true,"href":"http:\/\/www.denkfried.de\/wp\/index.php?rest_route=\/wp\/v2\/users\/9"}],"replies":[{"embeddable":true,"href":"http:\/\/www.denkfried.de\/wp\/index.php?rest_route=%2Fwp%2Fv2%2Fcomments&post=14702"}],"version-history":[{"count":30,"href":"http:\/\/www.denkfried.de\/wp\/index.php?rest_route=\/wp\/v2\/pages\/14702\/revisions"}],"predecessor-version":[{"id":40014,"href":"http:\/\/www.denkfried.de\/wp\/index.php?rest_route=\/wp\/v2\/pages\/14702\/revisions\/40014"}],"up":[{"embeddable":true,"href":"http:\/\/www.denkfried.de\/wp\/index.php?rest_route=\/wp\/v2\/pages\/16797"}],"wp:attachment":[{"href":"http:\/\/www.denkfried.de\/wp\/index.php?rest_route=%2Fwp%2Fv2%2Fmedia&parent=14702"}],"curies":[{"name":"wp","href":"https:\/\/api.w.org\/{rel}","templated":true}]}}

<p>&nbsp;</p>
<p><strong>12159 Berlin Friedenau </strong>Kirche zum Guten Hirten, am Friedrich-Wilhelm Platz</p>
<p>Bericht und Bilder von Thomas <a href="http://g-bb.jimdo.com/">Gefallenendenkmäler Berlin/Brandenburg</a></p>
<div id='gallery-1' class='gallery galleryid-14702 gallery-columns-3 gallery-size-thumbnail'><dl class='gallery-item'>
			<dt class='gallery-icon portrait'>
				<a href='http://www.denkfried.de/wp/?attachment_id=14703'><img loading="lazy" decoding="async" width="150" height="150" src="http://www.denkfried.de/wp/wp-content/uploads/2011/11/DSCF1254-150x150.jpg" class="attachment-thumbnail size-thumbnail" alt="" /></a>
			</dt></dl><dl class='gallery-item'>
			<dt class='gallery-icon portrait'>
				<a href='http://www.denkfried.de/wp/?attachment_id=14704'><img loading="lazy" decoding="async" width="150" height="150" src="http://www.denkfried.de/wp/wp-content/uploads/2011/11/DSCF1255-150x150.jpg" class="attachment-thumbnail size-thumbnail" alt="" /></a>
			</dt></dl><dl class='gallery-item'>
			<dt class='gallery-icon landscape'>
				<a href='http://www.denkfried.de/wp/?attachment_id=14705'><img loading="lazy" decoding="async" width="150" height="150" src="http://www.denkfried.de/wp/wp-content/uploads/2011/11/DSCF12571-150x150.jpg" class="attachment-thumbnail size-thumbnail" alt="" /></a>
			</dt></dl><br style="clear: both" /><dl class='gallery-item'>
			<dt class='gallery-icon portrait'>
				<a href='http://www.denkfried.de/wp/?attachment_id=14900'><img loading="lazy" decoding="async" width="150" height="150" src="http://www.denkfried.de/wp/wp-content/uploads/2011/11/DSCF1351-150x150.jpg" class="attachment-thumbnail size-thumbnail" alt="" /></a>
			</dt></dl><dl class='gallery-item'>
			<dt class='gallery-icon portrait'>
				<a href='http://www.denkfried.de/wp/?attachment_id=14899'><img loading="lazy" decoding="async" width="150" height="150" src="http://www.denkfried.de/wp/wp-content/uploads/2011/11/DSCF1314-150x150.jpg" class="attachment-thumbnail size-thumbnail" alt="" /></a>
			</dt></dl><dl class='gallery-item'>
			<dt class='gallery-icon landscape'>
				<a href='http://www.denkfried.de/wp/?attachment_id=14901'><img loading="lazy" decoding="async" width="150" height="150" src="http://www.denkfried.de/wp/wp-content/uploads/2011/11/DSCF1347-150x150.jpg" class="attachment-thumbnail size-thumbnail" alt="" /></a>
			</dt></dl><br style="clear: both" />
		</div>

<p><span style="text-decoration: underline;"><strong>Denkmal</strong></span></p>
<address style="text-align: center;"><em><strong>Zum Gedächtnis &#8211; Unsere Gefallenen</strong></em></address>
<address style="text-align: center;"><em><strong>1914-1918                1939-1945</strong></em></address>
<address style="text-align: center;"><em><strong>Sei getreu bis an den Tod, so will ich dir die Krone des Lebens geben</strong></em></address>
<address style="text-align: center;"> </address>
<p>Nach dem Ersten Weltkrieg errichtete die Gemeinde ein von Heinrich Mißfeldt geschaffenes Denkmal für ihre gefallenen. Wegen der großen Zahl der Gefallenen ließ man den Plan fallen, Namenstafeln an den Wänden der Kirche anzubringen. Das Denkmal besteht aus einer überlebensgroßen trauernden Frauenfigur, die — mit gefalteten Händen kniend — auf einen vor ihr liegenden, lorbeergeschmückten Stahlhelm blickt. In der Mitte Sockels befindet sich ein Schränkchen zum Aufbewahren des Ehrenbuches mit den Namen der Gefallenen.</p>
<p>Das Denkmal sollte ursprünglich in der Eingangshalle aufgestellt werden. Wegen einer Heizungsinstallation wurde dann die der Kanzel gegenüberliegende Nische hergerichtet. Das Denkmal wurde am 16. April 1921 enthüllt. Weil bei den Umbauarbeiten zur Vergrößerung des Altarraums die Nischen später zugemauert wurden, steht das Denkmal jetzt im Kirchenschiff gleich beim Eingang links an der Wand.</p>
<p><span style="text-decoration: underline;"><strong>Ehrenbuch</strong></span></p>
<p>Das Buch liegt in einer Vitrine, seitlich der Bänke. Das mit Leder gebunden Buch ist außen mit den Kriegsjahren 1914-1918. Mittig mit einem Eisernem Kreuz, welches sich in einem Lorbeerkranz befindet, gestaltet. Die hier Verzeichneten Kriegstoten sind mit Hand auf 36 Seiten niedergeschrieben worden. Insgesamt sind hier <strong>897 Namen</strong> aufgeführt. Auf der ersten Seite, ist eine Gedenkinschrift:</p>
<address style="text-align: center;"><em><strong>Unseren im Weltkriege 1914 bis 1918 gefallenen Brüdern</strong></em></address>
<address style="text-align: center;"><em><strong>zum ehrenden Gedächtnis und in treuer Dankbarkeit</strong></em></address>
<address style="text-align: center;"><em><strong>die Kirchengemeinde zum gutem Hirten Berlin-Friedenau</strong></em></address>
<address style="text-align: center;"> </address>
<p>Die Namen im Gedenkbuch, wurden in die <a href="http://s1wk.gedenk-tafel.de/comb/login.php">Datenbank</a> eingepflegt.</p>
<p>&nbsp;</p>

<p>&nbsp; 12159 Berlin Friedenau Kirche zum Guten Hirten, am Friedrich-Wilhelm Platz Bericht und Bilder von Thomas Gefallenendenkmäler Berlin/Brandenburg Denkmal Zum Gedächtnis &#8211; Unsere Gefallenen 1914-1918                1939-1945 Sei getreu bis an den Tod, so will ich &hellip; <a href="http://www.denkfried.de/wp/?page_id=14702">Weiterlesen <span class="meta-nav">&rarr;</span></a></p>
