{"id":12330,"date":"2011-10-20T22:59:24","date_gmt":"2011-10-20T20:59:24","guid":{"rendered":"http:\/\/www.denkfried.de\/wp\/?page_id=12330"},"modified":"2015-12-30T20:33:06","modified_gmt":"2015-12-30T19:33:06","slug":"treuenbrietzen-ehrenfriedhof","status":"publish","type":"page","link":"http:\/\/www.denkfried.de\/wp\/?page_id=12330","title":{"rendered":"Ehrenfriedhof"},"content":{"rendered":"<p>&nbsp;<\/p>\n<p><strong>14929\u00a0Treuenbrietzen &#8211; Ehrenfriedhof<\/strong><\/p>\n<p>Bericht und Bilder von Thomas\u00a0 <a href=\"http:\/\/g-bb.jimdo.com\/\">Gefallenendenkm\u00e4ler Berlin\/Brandenburg<\/a><\/p>\n<div id='gallery-1' class='gallery galleryid-12330 gallery-columns-3 gallery-size-thumbnail'><dl class='gallery-item'>\n\t\t\t<dt class='gallery-icon landscape'>\n\t\t\t\t<a href='http:\/\/www.denkfried.de\/wp\/?attachment_id=12334'><img loading=\"lazy\" decoding=\"async\" width=\"150\" height=\"150\" src=\"http:\/\/www.denkfried.de\/wp\/wp-content\/uploads\/2011\/10\/DSCF1171-150x150.jpg\" class=\"attachment-thumbnail size-thumbnail\" alt=\"\" \/><\/a>\n\t\t\t<\/dt><\/dl><dl class='gallery-item'>\n\t\t\t<dt class='gallery-icon landscape'>\n\t\t\t\t<a href='http:\/\/www.denkfried.de\/wp\/?attachment_id=12342'><img loading=\"lazy\" decoding=\"async\" width=\"150\" height=\"150\" src=\"http:\/\/www.denkfried.de\/wp\/wp-content\/uploads\/2011\/10\/DSCF1221-150x150.jpg\" class=\"attachment-thumbnail size-thumbnail\" alt=\"\" \/><\/a>\n\t\t\t<\/dt><\/dl><dl class='gallery-item'>\n\t\t\t<dt class='gallery-icon landscape'>\n\t\t\t\t<a href='http:\/\/www.denkfried.de\/wp\/?attachment_id=12335'><img loading=\"lazy\" decoding=\"async\" width=\"150\" height=\"150\" src=\"http:\/\/www.denkfried.de\/wp\/wp-content\/uploads\/2011\/10\/DSCF1175-150x150.jpg\" class=\"attachment-thumbnail size-thumbnail\" alt=\"\" \/><\/a>\n\t\t\t<\/dt><\/dl><br style=\"clear: both\" \/><dl class='gallery-item'>\n\t\t\t<dt class='gallery-icon landscape'>\n\t\t\t\t<a href='http:\/\/www.denkfried.de\/wp\/?attachment_id=12336'><img loading=\"lazy\" decoding=\"async\" width=\"150\" height=\"150\" src=\"http:\/\/www.denkfried.de\/wp\/wp-content\/uploads\/2011\/10\/DSCF11761-150x150.jpg\" class=\"attachment-thumbnail size-thumbnail\" alt=\"\" \/><\/a>\n\t\t\t<\/dt><\/dl><dl class='gallery-item'>\n\t\t\t<dt class='gallery-icon landscape'>\n\t\t\t\t<a href='http:\/\/www.denkfried.de\/wp\/?attachment_id=12341'><img loading=\"lazy\" decoding=\"async\" width=\"150\" height=\"150\" src=\"http:\/\/www.denkfried.de\/wp\/wp-content\/uploads\/2011\/10\/DSCF1218-150x150.jpg\" class=\"attachment-thumbnail size-thumbnail\" alt=\"\" \/><\/a>\n\t\t\t<\/dt><\/dl><dl class='gallery-item'>\n\t\t\t<dt class='gallery-icon portrait'>\n\t\t\t\t<a href='http:\/\/www.denkfried.de\/wp\/?attachment_id=12337'><img loading=\"lazy\" decoding=\"async\" width=\"150\" height=\"150\" src=\"http:\/\/www.denkfried.de\/wp\/wp-content\/uploads\/2011\/10\/DSCF11791-150x150.jpg\" class=\"attachment-thumbnail size-thumbnail\" alt=\"\" \/><\/a>\n\t\t\t<\/dt><\/dl><br style=\"clear: both\" \/><dl class='gallery-item'>\n\t\t\t<dt class='gallery-icon landscape'>\n\t\t\t\t<a href='http:\/\/www.denkfried.de\/wp\/?attachment_id=12339'><img loading=\"lazy\" decoding=\"async\" width=\"150\" height=\"150\" src=\"http:\/\/www.denkfried.de\/wp\/wp-content\/uploads\/2011\/10\/DSCF1197-150x150.jpg\" class=\"attachment-thumbnail size-thumbnail\" alt=\"\" \/><\/a>\n\t\t\t<\/dt><\/dl><dl class='gallery-item'>\n\t\t\t<dt class='gallery-icon landscape'>\n\t\t\t\t<a href='http:\/\/www.denkfried.de\/wp\/?attachment_id=12338'><img loading=\"lazy\" decoding=\"async\" width=\"150\" height=\"150\" src=\"http:\/\/www.denkfried.de\/wp\/wp-content\/uploads\/2011\/10\/DSCF1187-150x150.jpg\" class=\"attachment-thumbnail size-thumbnail\" alt=\"\" \/><\/a>\n\t\t\t<\/dt><\/dl><dl class='gallery-item'>\n\t\t\t<dt class='gallery-icon portrait'>\n\t\t\t\t<a href='http:\/\/www.denkfried.de\/wp\/?attachment_id=12340'><img loading=\"lazy\" decoding=\"async\" width=\"150\" height=\"150\" src=\"http:\/\/www.denkfried.de\/wp\/wp-content\/uploads\/2011\/10\/DSCF1217-150x150.jpg\" class=\"attachment-thumbnail size-thumbnail\" alt=\"\" \/><\/a>\n\t\t\t<\/dt><\/dl><br style=\"clear: both\" \/>\n\t\t<\/div>\n\n<p>In der J\u00fcterborger Stra\u00dfe ist ein Ehrenfriedhof.<br \/>\nEingeweiht wurde der Friedhof 1925.<\/p>\n<p>Der vordere Bereich ist f\u00fcr Tote Soldaten der Sowjetunion.<\/p>\n<p>Im hinteren Bereich sind seitlich Gr\u00e4ber von Gefallenen aus dem ersten Weltkrieg.<br \/>\nLeider sind die Gr\u00e4ber verwittert und kaum noch zu lesen.<br \/>\nEin Grab konnte ich finden, wo der Name noch zu erkennen ist.<\/p>\n<p>In der Mitte ist ein L\u00f6wendenkmal, welches f\u00fcr die Gefallenen aus dem ersten Weltkrieg ist.<\/p>\n<p><em><strong>1914-1918 Deutsches Volk O Lebe, L\u00f6wen gewaltig und Stolz wie deine Helden gestorben!<br \/>\nDu der Geisteskr\u00e4fte Gewaltigste, du L\u00f6we stolze Liebe des Vaterlandes.<\/strong><\/em><\/p>\n<p>Eine Siegess\u00e4ule steht hinter dem Gr\u00e4bern der Gefallenen.<br \/>\nSie ist f\u00fcr den Deutsch-Franz\u00f6sischen Krieg 1870-71 errichtet worden.<\/p>\n<p>Leider ist ist sehr stark besch\u00e4digt und zerst\u00f6rt.<\/p>\n<p style=\"text-align: center;\"><strong>Leuchtet ihr Namen der Teuren in Trost dem Auge der Liebe!<br \/>\nGl\u00e4nzer der Jugend ein Ziel, dass sie euch gleichet am Ruhm!<\/strong><\/p>\n<p>Auch f\u00fcr den Zweiten Weltkrieg sind hier 2 Gedenksteine.<\/p>\n<p style=\"text-align: center;\"><strong>Die Stadt Treuenbrietzen gedenkt ihrer im 2. Weltkrieg gefallenen S\u00f6hne 1939-1945<\/strong><\/p>\n<p>Hier sind am Volkstrauertag 2010, 4 Namensplatten angebracht worden.<\/p>\n<p><strong><a href=\"http:\/\/www.denkfried.de\/wp\/wp-content\/uploads\/2011\/12\/Treuenbrietzen-Ehrenfriedhof.html\">Namensliste<\/a><\/strong><\/p>\n<p>Die Erg\u00e4nzungen der gefallenen 1939-1945 wurden vom Volksbund \u00fcbernommen. Von den Gr\u00e4bern 1914-1918 konnten 2 Namen \u00fcbernommen werden.<\/p>\n","protected":false},"excerpt":{"rendered":"<p>&nbsp; 14929\u00a0Treuenbrietzen &#8211; Ehrenfriedhof Bericht und Bilder von Thomas\u00a0 Gefallenendenkm\u00e4ler Berlin\/Brandenburg In der J\u00fcterborger Stra\u00dfe ist ein Ehrenfriedhof. Eingeweiht wurde der Friedhof 1925. Der vordere Bereich ist f\u00fcr Tote Soldaten der Sowjetunion. Im hinteren Bereich sind seitlich Gr\u00e4ber von Gefallenen &hellip; <a href=\"http:\/\/www.denkfried.de\/wp\/?page_id=12330\">Weiterlesen <span class=\"meta-nav\">&rarr;<\/span><\/a><\/p>\n","protected":false},"author":9,"featured_media":0,"parent":15688,"menu_order":0,"comment_status":"closed","ping_status":"open","template":"","meta":{"footnotes":""},"class_list":["post-12330","page","type-page","status-publish","hentry"],"_links":{"self":[{"href":"http:\/\/www.denkfried.de\/wp\/index.php?rest_route=\/wp\/v2\/pages\/12330","targetHints":{"allow":["GET"]}}],"collection":[{"href":"http:\/\/www.denkfried.de\/wp\/index.php?rest_route=\/wp\/v2\/pages"}],"about":[{"href":"http:\/\/www.denkfried.de\/wp\/index.php?rest_route=\/wp\/v2\/types\/page"}],"author":[{"embeddable":true,"href":"http:\/\/www.denkfried.de\/wp\/index.php?rest_route=\/wp\/v2\/users\/9"}],"replies":[{"embeddable":true,"href":"http:\/\/www.denkfried.de\/wp\/index.php?rest_route=%2Fwp%2Fv2%2Fcomments&post=12330"}],"version-history":[{"count":10,"href":"http:\/\/www.denkfried.de\/wp\/index.php?rest_route=\/wp\/v2\/pages\/12330\/revisions"}],"predecessor-version":[{"id":40268,"href":"http:\/\/www.denkfried.de\/wp\/index.php?rest_route=\/wp\/v2\/pages\/12330\/revisions\/40268"}],"up":[{"embeddable":true,"href":"http:\/\/www.denkfried.de\/wp\/index.php?rest_route=\/wp\/v2\/pages\/15688"}],"wp:attachment":[{"href":"http:\/\/www.denkfried.de\/wp\/index.php?rest_route=%2Fwp%2Fv2%2Fmedia&parent=12330"}],"curies":[{"name":"wp","href":"https:\/\/api.w.org\/{rel}","templated":true}]}}

<p>&nbsp;</p>
<p><strong>14929 Treuenbrietzen &#8211; Ehrenfriedhof</strong></p>
<p>Bericht und Bilder von Thomas  <a href="http://g-bb.jimdo.com/">Gefallenendenkmäler Berlin/Brandenburg</a></p>
<div id='gallery-1' class='gallery galleryid-12330 gallery-columns-3 gallery-size-thumbnail'><dl class='gallery-item'>
			<dt class='gallery-icon landscape'>
				<a href='http://www.denkfried.de/wp/?attachment_id=12334'><img loading="lazy" decoding="async" width="150" height="150" src="http://www.denkfried.de/wp/wp-content/uploads/2011/10/DSCF1171-150x150.jpg" class="attachment-thumbnail size-thumbnail" alt="" /></a>
			</dt></dl><dl class='gallery-item'>
			<dt class='gallery-icon landscape'>
				<a href='http://www.denkfried.de/wp/?attachment_id=12342'><img loading="lazy" decoding="async" width="150" height="150" src="http://www.denkfried.de/wp/wp-content/uploads/2011/10/DSCF1221-150x150.jpg" class="attachment-thumbnail size-thumbnail" alt="" /></a>
			</dt></dl><dl class='gallery-item'>
			<dt class='gallery-icon landscape'>
				<a href='http://www.denkfried.de/wp/?attachment_id=12335'><img loading="lazy" decoding="async" width="150" height="150" src="http://www.denkfried.de/wp/wp-content/uploads/2011/10/DSCF1175-150x150.jpg" class="attachment-thumbnail size-thumbnail" alt="" /></a>
			</dt></dl><br style="clear: both" /><dl class='gallery-item'>
			<dt class='gallery-icon landscape'>
				<a href='http://www.denkfried.de/wp/?attachment_id=12336'><img loading="lazy" decoding="async" width="150" height="150" src="http://www.denkfried.de/wp/wp-content/uploads/2011/10/DSCF11761-150x150.jpg" class="attachment-thumbnail size-thumbnail" alt="" /></a>
			</dt></dl><dl class='gallery-item'>
			<dt class='gallery-icon landscape'>
				<a href='http://www.denkfried.de/wp/?attachment_id=12341'><img loading="lazy" decoding="async" width="150" height="150" src="http://www.denkfried.de/wp/wp-content/uploads/2011/10/DSCF1218-150x150.jpg" class="attachment-thumbnail size-thumbnail" alt="" /></a>
			</dt></dl><dl class='gallery-item'>
			<dt class='gallery-icon portrait'>
				<a href='http://www.denkfried.de/wp/?attachment_id=12337'><img loading="lazy" decoding="async" width="150" height="150" src="http://www.denkfried.de/wp/wp-content/uploads/2011/10/DSCF11791-150x150.jpg" class="attachment-thumbnail size-thumbnail" alt="" /></a>
			</dt></dl><br style="clear: both" /><dl class='gallery-item'>
			<dt class='gallery-icon landscape'>
				<a href='http://www.denkfried.de/wp/?attachment_id=12339'><img loading="lazy" decoding="async" width="150" height="150" src="http://www.denkfried.de/wp/wp-content/uploads/2011/10/DSCF1197-150x150.jpg" class="attachment-thumbnail size-thumbnail" alt="" /></a>
			</dt></dl><dl class='gallery-item'>
			<dt class='gallery-icon landscape'>
				<a href='http://www.denkfried.de/wp/?attachment_id=12338'><img loading="lazy" decoding="async" width="150" height="150" src="http://www.denkfried.de/wp/wp-content/uploads/2011/10/DSCF1187-150x150.jpg" class="attachment-thumbnail size-thumbnail" alt="" /></a>
			</dt></dl><dl class='gallery-item'>
			<dt class='gallery-icon portrait'>
				<a href='http://www.denkfried.de/wp/?attachment_id=12340'><img loading="lazy" decoding="async" width="150" height="150" src="http://www.denkfried.de/wp/wp-content/uploads/2011/10/DSCF1217-150x150.jpg" class="attachment-thumbnail size-thumbnail" alt="" /></a>
			</dt></dl><br style="clear: both" />
		</div>

<p>In der Jüterborger Straße ist ein Ehrenfriedhof.<br />
Eingeweiht wurde der Friedhof 1925.</p>
<p>Der vordere Bereich ist für Tote Soldaten der Sowjetunion.</p>
<p>Im hinteren Bereich sind seitlich Gräber von Gefallenen aus dem ersten Weltkrieg.<br />
Leider sind die Gräber verwittert und kaum noch zu lesen.<br />
Ein Grab konnte ich finden, wo der Name noch zu erkennen ist.</p>
<p>In der Mitte ist ein Löwendenkmal, welches für die Gefallenen aus dem ersten Weltkrieg ist.</p>
<p><em><strong>1914-1918 Deutsches Volk O Lebe, Löwen gewaltig und Stolz wie deine Helden gestorben!<br />
Du der Geisteskräfte Gewaltigste, du Löwe stolze Liebe des Vaterlandes.</strong></em></p>
<p>Eine Siegessäule steht hinter dem Gräbern der Gefallenen.<br />
Sie ist für den Deutsch-Französischen Krieg 1870-71 errichtet worden.</p>
<p>Leider ist ist sehr stark beschädigt und zerstört.</p>
<p style="text-align: center;"><strong>Leuchtet ihr Namen der Teuren in Trost dem Auge der Liebe!<br />
Glänzer der Jugend ein Ziel, dass sie euch gleichet am Ruhm!</strong></p>
<p>Auch für den Zweiten Weltkrieg sind hier 2 Gedenksteine.</p>
<p style="text-align: center;"><strong>Die Stadt Treuenbrietzen gedenkt ihrer im 2. Weltkrieg gefallenen Söhne 1939-1945</strong></p>
<p>Hier sind am Volkstrauertag 2010, 4 Namensplatten angebracht worden.</p>
<p><strong><a href="http://www.denkfried.de/wp/wp-content/uploads/2011/12/Treuenbrietzen-Ehrenfriedhof.html">Namensliste</a></strong></p>
<p>Die Ergänzungen der gefallenen 1939-1945 wurden vom Volksbund übernommen. Von den Gräbern 1914-1918 konnten 2 Namen übernommen werden.</p>

<p>&nbsp; 14929 Treuenbrietzen &#8211; Ehrenfriedhof Bericht und Bilder von Thomas  Gefallenendenkmäler Berlin/Brandenburg In der Jüterborger Straße ist ein Ehrenfriedhof. Eingeweiht wurde der Friedhof 1925. Der vordere Bereich ist für Tote Soldaten der Sowjetunion. Im hinteren Bereich sind seitlich Gräber von Gefallenen &hellip; <a href="http://www.denkfried.de/wp/?page_id=12330">Weiterlesen <span class="meta-nav">&rarr;</span></a></p>
