{"id":12218,"date":"2011-10-20T18:24:34","date_gmt":"2011-10-20T16:24:34","guid":{"rendered":"http:\/\/www.denkfried.de\/wp\/?page_id=12218"},"modified":"2015-12-30T21:45:34","modified_gmt":"2015-12-30T20:45:34","slug":"ludwigsfelde-ot-groben","status":"publish","type":"page","link":"http:\/\/www.denkfried.de\/wp\/?page_id=12218","title":{"rendered":"Gr\u00f6ben"},"content":{"rendered":"<p>&nbsp;<\/p>\n<p>14974 Ludwigsfelde &#8211;<strong> OT Gr\u00f6ben<\/strong><\/p>\n<p>Bericht und Bilder von Thomas\u00a0 <a href=\"http:\/\/g-bb.jimdo.com\/\">Gefallenendenkm\u00e4ler Berlin\/Brandenburg<\/a><\/p>\n<div id='gallery-1' class='gallery galleryid-12218 gallery-columns-3 gallery-size-thumbnail'><dl class='gallery-item'>\n\t\t\t<dt class='gallery-icon landscape'>\n\t\t\t\t<a href='http:\/\/www.denkfried.de\/wp\/?attachment_id=12258'><img loading=\"lazy\" decoding=\"async\" width=\"150\" height=\"150\" src=\"http:\/\/www.denkfried.de\/wp\/wp-content\/uploads\/2011\/10\/14-150x150.jpg\" class=\"attachment-thumbnail size-thumbnail\" alt=\"\" \/><\/a>\n\t\t\t<\/dt><\/dl><dl class='gallery-item'>\n\t\t\t<dt class='gallery-icon landscape'>\n\t\t\t\t<a href='http:\/\/www.denkfried.de\/wp\/?attachment_id=12259'><img loading=\"lazy\" decoding=\"async\" width=\"150\" height=\"150\" src=\"http:\/\/www.denkfried.de\/wp\/wp-content\/uploads\/2011\/10\/23-150x150.jpg\" class=\"attachment-thumbnail size-thumbnail\" alt=\"\" \/><\/a>\n\t\t\t<\/dt><\/dl><dl class='gallery-item'>\n\t\t\t<dt class='gallery-icon landscape'>\n\t\t\t\t<a href='http:\/\/www.denkfried.de\/wp\/?attachment_id=24705'><img loading=\"lazy\" decoding=\"async\" width=\"150\" height=\"150\" src=\"http:\/\/www.denkfried.de\/wp\/wp-content\/uploads\/2011\/10\/Gefallenentafel-Gr\u00f6ben-150x150.jpg\" class=\"attachment-thumbnail size-thumbnail\" alt=\"\" \/><\/a>\n\t\t\t<\/dt><\/dl><br style=\"clear: both\" \/><dl class='gallery-item'>\n\t\t\t<dt class='gallery-icon portrait'>\n\t\t\t\t<a href='http:\/\/www.denkfried.de\/wp\/?attachment_id=12264'><img loading=\"lazy\" decoding=\"async\" width=\"150\" height=\"150\" src=\"http:\/\/www.denkfried.de\/wp\/wp-content\/uploads\/2011\/10\/Tafel-ersetzen-150x150.jpg\" class=\"attachment-thumbnail size-thumbnail\" alt=\"\" \/><\/a>\n\t\t\t<\/dt><\/dl><dl class='gallery-item'>\n\t\t\t<dt class='gallery-icon landscape'>\n\t\t\t\t<a href='http:\/\/www.denkfried.de\/wp\/?attachment_id=12263'><img loading=\"lazy\" decoding=\"async\" width=\"150\" height=\"150\" src=\"http:\/\/www.denkfried.de\/wp\/wp-content\/uploads\/2011\/10\/Fritz-Engel-150x150.jpg\" class=\"attachment-thumbnail size-thumbnail\" alt=\"\" \/><\/a>\n\t\t\t<\/dt><\/dl><dl class='gallery-item'>\n\t\t\t<dt class='gallery-icon landscape'>\n\t\t\t\t<a href='http:\/\/www.denkfried.de\/wp\/?attachment_id=12260'><img loading=\"lazy\" decoding=\"async\" width=\"150\" height=\"150\" src=\"http:\/\/www.denkfried.de\/wp\/wp-content\/uploads\/2011\/10\/DSCF0029-150x150.jpg\" class=\"attachment-thumbnail size-thumbnail\" alt=\"\" \/><\/a>\n\t\t\t<\/dt><\/dl><br style=\"clear: both\" \/>\n\t\t<\/div>\n\n<p style=\"text-align: -webkit-auto;\">Gedenkstein vor der Dorfkirche<\/p>\n<p style=\"text-align: center;\"><strong><em>Zur Erinnerung an die Befreiung Preu\u00dfens 1813 &#8211; 10. M\u00e4rz 1913<\/em><\/strong><\/p>\n<p style=\"text-align: -webkit-auto;\"><span style=\"text-decoration: underline;\"><strong>Gedenktafel 1914-1918<\/strong><\/span><\/p>\n<p style=\"text-align: -webkit-auto;\"><strong><em>Aus der Kirchengemeinde Starben f\u00fcr\u00b4s Vaterland 1914 &#8211; 1919<\/em><\/strong><\/p>\n<div>\n<div>\n<address id=\"msg_31835\">Gustav Erdmann vermi\u00dft seit Dezember 1914 &#8211; Gr\u00f6ben<br \/>\nAlbert L\u00f6wendorf vermi\u00dft seit August 1915 &#8211; Gr\u00f6ben<br \/>\nGustav L\u00f6wendorf \u2020 09.04.1916 &#8211; Gr\u00f6ben<\/address>\n<address>Fritz Kappert \u2020 23.05.1916 &#8211; Gr\u00f6ben<br \/>\nHermann Lehmann \u2020 01.09.1917 &#8211; Gr\u00f6ben-Kietz<br \/>\nBernhard Schulze \u2020 02.12.1917 &#8211; J\u00fctchendorf<br \/>\nPaul Henkel \u2020 27.09.1918 &#8211; Gr\u00f6ben<br \/>\nHermann Br\u00f6sicke \u2020 09.10.1918 &#8211; Gr\u00f6ben<br \/>\nErnst Henkel \u2020 16.10.1918 &#8211; Gr\u00f6ben<br \/>\nAlbert Trebus \u2020 31.10.1918 &#8211; Gr\u00f6ben<\/address>\n<address>\u00a0<\/address>\n<address>\u00a0<\/address>\n<address><strong>Private Gr\u00e4ber 1939 &#8211; 1945 <\/strong>auf dem Friedhof<\/address>\n<address>\u00a0<\/address>\n<div id=\"msg_31835\">\n<address>Engel Fritz * 09.12.1908 vermi\u00dft 1945<br \/>\nHannemann Fritz \u2020 03.08.1943<br \/>\nPieper Erwin\u00a0 * 03.12.1925 vermi\u00dft 31.07.1944<br \/>\nRenz Kurt gefallen Dezember 1944<br \/>\nRenz Ottlilie *11.10.1897 vermi\u00dft Mai 1945<\/address>\n<address>\u00a0<\/address>\n<address>\u00a0<\/address>\n<\/div>\n<\/div>\n<\/div>\n","protected":false},"excerpt":{"rendered":"<p>&nbsp; 14974 Ludwigsfelde &#8211; OT Gr\u00f6ben Bericht und Bilder von Thomas\u00a0 Gefallenendenkm\u00e4ler Berlin\/Brandenburg Gedenkstein vor der Dorfkirche Zur Erinnerung an die Befreiung Preu\u00dfens 1813 &#8211; 10. M\u00e4rz 1913 Gedenktafel 1914-1918 Aus der Kirchengemeinde Starben f\u00fcr\u00b4s Vaterland 1914 &#8211; 1919 Gustav &hellip; <a href=\"http:\/\/www.denkfried.de\/wp\/?page_id=12218\">Weiterlesen <span class=\"meta-nav\">&rarr;<\/span><\/a><\/p>\n","protected":false},"author":9,"featured_media":0,"parent":24308,"menu_order":0,"comment_status":"closed","ping_status":"open","template":"","meta":{"footnotes":""},"class_list":["post-12218","page","type-page","status-publish","hentry"],"_links":{"self":[{"href":"http:\/\/www.denkfried.de\/wp\/index.php?rest_route=\/wp\/v2\/pages\/12218","targetHints":{"allow":["GET"]}}],"collection":[{"href":"http:\/\/www.denkfried.de\/wp\/index.php?rest_route=\/wp\/v2\/pages"}],"about":[{"href":"http:\/\/www.denkfried.de\/wp\/index.php?rest_route=\/wp\/v2\/types\/page"}],"author":[{"embeddable":true,"href":"http:\/\/www.denkfried.de\/wp\/index.php?rest_route=\/wp\/v2\/users\/9"}],"replies":[{"embeddable":true,"href":"http:\/\/www.denkfried.de\/wp\/index.php?rest_route=%2Fwp%2Fv2%2Fcomments&post=12218"}],"version-history":[{"count":18,"href":"http:\/\/www.denkfried.de\/wp\/index.php?rest_route=\/wp\/v2\/pages\/12218\/revisions"}],"predecessor-version":[{"id":40318,"href":"http:\/\/www.denkfried.de\/wp\/index.php?rest_route=\/wp\/v2\/pages\/12218\/revisions\/40318"}],"up":[{"embeddable":true,"href":"http:\/\/www.denkfried.de\/wp\/index.php?rest_route=\/wp\/v2\/pages\/24308"}],"wp:attachment":[{"href":"http:\/\/www.denkfried.de\/wp\/index.php?rest_route=%2Fwp%2Fv2%2Fmedia&parent=12218"}],"curies":[{"name":"wp","href":"https:\/\/api.w.org\/{rel}","templated":true}]}}

Gröben

<p>&nbsp;</p>
<p>14974 Ludwigsfelde &#8211;<strong> OT Gröben</strong></p>
<p>Bericht und Bilder von Thomas  <a href="http://g-bb.jimdo.com/">Gefallenendenkmäler Berlin/Brandenburg</a></p>
<div id='gallery-1' class='gallery galleryid-12218 gallery-columns-3 gallery-size-thumbnail'><dl class='gallery-item'>
			<dt class='gallery-icon landscape'>
				<a href='http://www.denkfried.de/wp/?attachment_id=12258'><img loading="lazy" decoding="async" width="150" height="150" src="http://www.denkfried.de/wp/wp-content/uploads/2011/10/14-150x150.jpg" class="attachment-thumbnail size-thumbnail" alt="" /></a>
			</dt></dl><dl class='gallery-item'>
			<dt class='gallery-icon landscape'>
				<a href='http://www.denkfried.de/wp/?attachment_id=12259'><img loading="lazy" decoding="async" width="150" height="150" src="http://www.denkfried.de/wp/wp-content/uploads/2011/10/23-150x150.jpg" class="attachment-thumbnail size-thumbnail" alt="" /></a>
			</dt></dl><dl class='gallery-item'>
			<dt class='gallery-icon landscape'>
				<a href='http://www.denkfried.de/wp/?attachment_id=24705'><img loading="lazy" decoding="async" width="150" height="150" src="http://www.denkfried.de/wp/wp-content/uploads/2011/10/Gefallenentafel-Gröben-150x150.jpg" class="attachment-thumbnail size-thumbnail" alt="" /></a>
			</dt></dl><br style="clear: both" /><dl class='gallery-item'>
			<dt class='gallery-icon portrait'>
				<a href='http://www.denkfried.de/wp/?attachment_id=12264'><img loading="lazy" decoding="async" width="150" height="150" src="http://www.denkfried.de/wp/wp-content/uploads/2011/10/Tafel-ersetzen-150x150.jpg" class="attachment-thumbnail size-thumbnail" alt="" /></a>
			</dt></dl><dl class='gallery-item'>
			<dt class='gallery-icon landscape'>
				<a href='http://www.denkfried.de/wp/?attachment_id=12263'><img loading="lazy" decoding="async" width="150" height="150" src="http://www.denkfried.de/wp/wp-content/uploads/2011/10/Fritz-Engel-150x150.jpg" class="attachment-thumbnail size-thumbnail" alt="" /></a>
			</dt></dl><dl class='gallery-item'>
			<dt class='gallery-icon landscape'>
				<a href='http://www.denkfried.de/wp/?attachment_id=12260'><img loading="lazy" decoding="async" width="150" height="150" src="http://www.denkfried.de/wp/wp-content/uploads/2011/10/DSCF0029-150x150.jpg" class="attachment-thumbnail size-thumbnail" alt="" /></a>
			</dt></dl><br style="clear: both" />
		</div>

<p style="text-align: -webkit-auto;">Gedenkstein vor der Dorfkirche</p>
<p style="text-align: center;"><strong><em>Zur Erinnerung an die Befreiung Preußens 1813 &#8211; 10. März 1913</em></strong></p>
<p style="text-align: -webkit-auto;"><span style="text-decoration: underline;"><strong>Gedenktafel 1914-1918</strong></span></p>
<p style="text-align: -webkit-auto;"><strong><em>Aus der Kirchengemeinde Starben für´s Vaterland 1914 &#8211; 1919</em></strong></p>
<div>
<div>
<address id="msg_31835">Gustav Erdmann vermißt seit Dezember 1914 &#8211; Gröben<br />
Albert Löwendorf vermißt seit August 1915 &#8211; Gröben<br />
Gustav Löwendorf † 09.04.1916 &#8211; Gröben</address>
<address>Fritz Kappert † 23.05.1916 &#8211; Gröben<br />
Hermann Lehmann † 01.09.1917 &#8211; Gröben-Kietz<br />
Bernhard Schulze † 02.12.1917 &#8211; Jütchendorf<br />
Paul Henkel † 27.09.1918 &#8211; Gröben<br />
Hermann Brösicke † 09.10.1918 &#8211; Gröben<br />
Ernst Henkel † 16.10.1918 &#8211; Gröben<br />
Albert Trebus † 31.10.1918 &#8211; Gröben</address>
<address> </address>
<address> </address>
<address><strong>Private Gräber 1939 &#8211; 1945 </strong>auf dem Friedhof</address>
<address> </address>
<div id="msg_31835">
<address>Engel Fritz * 09.12.1908 vermißt 1945<br />
Hannemann Fritz † 03.08.1943<br />
Pieper Erwin  * 03.12.1925 vermißt 31.07.1944<br />
Renz Kurt gefallen Dezember 1944<br />
Renz Ottlilie *11.10.1897 vermißt Mai 1945</address>
<address> </address>
<address> </address>
</div>
</div>
</div>

<p>&nbsp; 14974 Ludwigsfelde &#8211; OT Gröben Bericht und Bilder von Thomas  Gefallenendenkmäler Berlin/Brandenburg Gedenkstein vor der Dorfkirche Zur Erinnerung an die Befreiung Preußens 1813 &#8211; 10. März 1913 Gedenktafel 1914-1918 Aus der Kirchengemeinde Starben für´s Vaterland 1914 &#8211; 1919 Gustav &hellip; <a href="http://www.denkfried.de/wp/?page_id=12218">Weiterlesen <span class="meta-nav">&rarr;</span></a></p>
