{"id":11750,"date":"2011-10-17T21:35:54","date_gmt":"2011-10-17T19:35:54","guid":{"rendered":"http:\/\/www.denkfried.de\/wp\/?page_id=11750"},"modified":"2015-12-27T17:10:35","modified_gmt":"2015-12-27T16:10:35","slug":"boddeken","status":"publish","type":"page","link":"http:\/\/www.denkfried.de\/wp\/?page_id=11750","title":{"rendered":"B\u00f6ddeken"},"content":{"rendered":"<p>&nbsp;<\/p>\n<p><span style=\"text-decoration: underline;\"><strong>33142 B\u00fcren-B\u00f6ddeken<\/strong><\/span><\/p>\n<p>Bericht und Bilder von Thomas\u00a0<a href=\"http:\/\/g-bb.jimdo.com\/\">Gefallenendenkm\u00e4ler Berlin\/Brandenburg<\/a><\/p>\n<p>Der Ehrenfriedhof liegt in eine Waldlichtung, er wurde am 23. August 1953 eingeweiht.<\/p>\n<div id='gallery-1' class='gallery galleryid-11750 gallery-columns-4 gallery-size-thumbnail'><dl class='gallery-item'>\n\t\t\t<dt class='gallery-icon landscape'>\n\t\t\t\t<a href='http:\/\/www.denkfried.de\/wp\/?attachment_id=11763'><img loading=\"lazy\" decoding=\"async\" width=\"150\" height=\"150\" src=\"http:\/\/www.denkfried.de\/wp\/wp-content\/uploads\/2011\/10\/B\u00f6ddeken-1-150x150.jpg\" class=\"attachment-thumbnail size-thumbnail\" alt=\"\" \/><\/a>\n\t\t\t<\/dt><\/dl><dl class='gallery-item'>\n\t\t\t<dt class='gallery-icon landscape'>\n\t\t\t\t<a href='http:\/\/www.denkfried.de\/wp\/?attachment_id=11759'><img loading=\"lazy\" decoding=\"async\" width=\"150\" height=\"150\" src=\"http:\/\/www.denkfried.de\/wp\/wp-content\/uploads\/2011\/10\/B\u00f6ddeken-2-150x150.jpg\" class=\"attachment-thumbnail size-thumbnail\" alt=\"\" \/><\/a>\n\t\t\t<\/dt><\/dl><dl class='gallery-item'>\n\t\t\t<dt class='gallery-icon landscape'>\n\t\t\t\t<a href='http:\/\/www.denkfried.de\/wp\/?attachment_id=11761'><img loading=\"lazy\" decoding=\"async\" width=\"150\" height=\"150\" src=\"http:\/\/www.denkfried.de\/wp\/wp-content\/uploads\/2011\/10\/B\u00f6ddeken-3-150x150.jpg\" class=\"attachment-thumbnail size-thumbnail\" alt=\"\" \/><\/a>\n\t\t\t<\/dt><\/dl><dl class='gallery-item'>\n\t\t\t<dt class='gallery-icon landscape'>\n\t\t\t\t<a href='http:\/\/www.denkfried.de\/wp\/?attachment_id=11764'><img loading=\"lazy\" decoding=\"async\" width=\"150\" height=\"150\" src=\"http:\/\/www.denkfried.de\/wp\/wp-content\/uploads\/2011\/10\/B\u00f6ddeken-4-150x150.jpg\" class=\"attachment-thumbnail size-thumbnail\" alt=\"\" \/><\/a>\n\t\t\t<\/dt><\/dl><br style=\"clear: both\" \/><dl class='gallery-item'>\n\t\t\t<dt class='gallery-icon landscape'>\n\t\t\t\t<a href='http:\/\/www.denkfried.de\/wp\/?attachment_id=11760'><img loading=\"lazy\" decoding=\"async\" width=\"150\" height=\"150\" src=\"http:\/\/www.denkfried.de\/wp\/wp-content\/uploads\/2011\/10\/B\u00f6ddeken-5-150x150.jpg\" class=\"attachment-thumbnail size-thumbnail\" alt=\"\" \/><\/a>\n\t\t\t<\/dt><\/dl><dl class='gallery-item'>\n\t\t\t<dt class='gallery-icon landscape'>\n\t\t\t\t<a href='http:\/\/www.denkfried.de\/wp\/?attachment_id=11766'><img loading=\"lazy\" decoding=\"async\" width=\"150\" height=\"150\" src=\"http:\/\/www.denkfried.de\/wp\/wp-content\/uploads\/2011\/10\/B\u00f6ddeken-6-150x150.jpg\" class=\"attachment-thumbnail size-thumbnail\" alt=\"\" \/><\/a>\n\t\t\t<\/dt><\/dl><dl class='gallery-item'>\n\t\t\t<dt class='gallery-icon landscape'>\n\t\t\t\t<a href='http:\/\/www.denkfried.de\/wp\/?attachment_id=11765'><img loading=\"lazy\" decoding=\"async\" width=\"150\" height=\"150\" src=\"http:\/\/www.denkfried.de\/wp\/wp-content\/uploads\/2011\/10\/B\u00f6ddeken-7-150x150.jpg\" class=\"attachment-thumbnail size-thumbnail\" alt=\"\" \/><\/a>\n\t\t\t<\/dt><\/dl><dl class='gallery-item'>\n\t\t\t<dt class='gallery-icon landscape'>\n\t\t\t\t<a href='http:\/\/www.denkfried.de\/wp\/?attachment_id=11762'><img loading=\"lazy\" decoding=\"async\" width=\"150\" height=\"150\" src=\"http:\/\/www.denkfried.de\/wp\/wp-content\/uploads\/2011\/10\/B\u00f6ddeken-8-150x150.jpg\" class=\"attachment-thumbnail size-thumbnail\" alt=\"\" \/><\/a>\n\t\t\t<\/dt><\/dl><br style=\"clear: both\" \/>\n\t\t<\/div>\n\n<p>Der Friedhof hat, ebenso wie der nahe gelegene Ort, seinen Namen von dem freiweltlichen adeligen Damenstift &#8222;B\u00fcdiken&#8220;, das im Jahre 837 n. Chr. von Meinolph, dem Sohn eines s\u00e4chsischen Edelings, gegr\u00fcndet wurde. Er ist auch Namenspatron der unweit gelegenen Meinolphus-Kapelle, dem Erbbegr\u00e4bnis der Familie von Mallinckrodt, die dem ehemaligen Kreis B\u00fcren das Wiesental \u00fcberlie\u00df, in welchem mittlerweile 465 Gefallene begraben wurden.<\/p>\n<p>Bei den auf dem Ehrenfriedhof bestatteten Toten handelt es sich fast ausnahmslos um Opfer der K\u00e4mpfe in den letzten Tagen des 2. Weltkrieges. Ihre Gr\u00e4ber lagen zun\u00e4chst auf kleinen Dorffriedh\u00f6fen, auf \u00c4ckern und an Wegr\u00e4ndern. Zur Sicherung des dauernden Ruherechtes wurden sie aus den Kreisen Paderborn, B\u00fcren und Warburg in dieser besonderen Gr\u00e4berst\u00e4tte zur letzten Ruhe gebettet, unter ihnen auch 13 Gefallene des Weltkrieges 1914\/18.<\/p>\n<p>Nach und nach gab es Zubettungen, laut Angaben des Volksbundes ruhen hier <strong>472 Kriegstote<\/strong>. Es konnten 389 Namen (13\/ 1 WK) dokumentiert werden, demnach blieben 83 Unbekannt.<\/p>\n<p>Seit November 1978 besteht im Eingangsbereich des Ehrenfriedhofs ein Mahnmal, das an die Opfer von Krieg und Vertreibung, der Judenverfolgung und des Konzentrationslagers Niederhagen erinnert.<\/p>\n<p>Am Eingang ist ein Buch mit Gr\u00e4berverzeichnis. Die Namen wurden in die Datenbank eingepflegt.<\/p>\n","protected":false},"excerpt":{"rendered":"<p>&nbsp; 33142 B\u00fcren-B\u00f6ddeken Bericht und Bilder von Thomas\u00a0Gefallenendenkm\u00e4ler Berlin\/Brandenburg Der Ehrenfriedhof liegt in eine Waldlichtung, er wurde am 23. August 1953 eingeweiht. Der Friedhof hat, ebenso wie der nahe gelegene Ort, seinen Namen von dem freiweltlichen adeligen Damenstift &#8222;B\u00fcdiken&#8220;, das &hellip; <a href=\"http:\/\/www.denkfried.de\/wp\/?page_id=11750\">Weiterlesen <span class=\"meta-nav\">&rarr;<\/span><\/a><\/p>\n","protected":false},"author":9,"featured_media":0,"parent":11731,"menu_order":0,"comment_status":"closed","ping_status":"open","template":"","meta":{"footnotes":""},"class_list":["post-11750","page","type-page","status-publish","hentry"],"_links":{"self":[{"href":"http:\/\/www.denkfried.de\/wp\/index.php?rest_route=\/wp\/v2\/pages\/11750","targetHints":{"allow":["GET"]}}],"collection":[{"href":"http:\/\/www.denkfried.de\/wp\/index.php?rest_route=\/wp\/v2\/pages"}],"about":[{"href":"http:\/\/www.denkfried.de\/wp\/index.php?rest_route=\/wp\/v2\/types\/page"}],"author":[{"embeddable":true,"href":"http:\/\/www.denkfried.de\/wp\/index.php?rest_route=\/wp\/v2\/users\/9"}],"replies":[{"embeddable":true,"href":"http:\/\/www.denkfried.de\/wp\/index.php?rest_route=%2Fwp%2Fv2%2Fcomments&post=11750"}],"version-history":[{"count":20,"href":"http:\/\/www.denkfried.de\/wp\/index.php?rest_route=\/wp\/v2\/pages\/11750\/revisions"}],"predecessor-version":[{"id":39844,"href":"http:\/\/www.denkfried.de\/wp\/index.php?rest_route=\/wp\/v2\/pages\/11750\/revisions\/39844"}],"up":[{"embeddable":true,"href":"http:\/\/www.denkfried.de\/wp\/index.php?rest_route=\/wp\/v2\/pages\/11731"}],"wp:attachment":[{"href":"http:\/\/www.denkfried.de\/wp\/index.php?rest_route=%2Fwp%2Fv2%2Fmedia&parent=11750"}],"curies":[{"name":"wp","href":"https:\/\/api.w.org\/{rel}","templated":true}]}}

Böddeken

<p>&nbsp;</p>
<p><span style="text-decoration: underline;"><strong>33142 Büren-Böddeken</strong></span></p>
<p>Bericht und Bilder von Thomas <a href="http://g-bb.jimdo.com/">Gefallenendenkmäler Berlin/Brandenburg</a></p>
<p>Der Ehrenfriedhof liegt in eine Waldlichtung, er wurde am 23. August 1953 eingeweiht.</p>
<div id='gallery-1' class='gallery galleryid-11750 gallery-columns-4 gallery-size-thumbnail'><dl class='gallery-item'>
			<dt class='gallery-icon landscape'>
				<a href='http://www.denkfried.de/wp/?attachment_id=11763'><img loading="lazy" decoding="async" width="150" height="150" src="http://www.denkfried.de/wp/wp-content/uploads/2011/10/Böddeken-1-150x150.jpg" class="attachment-thumbnail size-thumbnail" alt="" /></a>
			</dt></dl><dl class='gallery-item'>
			<dt class='gallery-icon landscape'>
				<a href='http://www.denkfried.de/wp/?attachment_id=11759'><img loading="lazy" decoding="async" width="150" height="150" src="http://www.denkfried.de/wp/wp-content/uploads/2011/10/Böddeken-2-150x150.jpg" class="attachment-thumbnail size-thumbnail" alt="" /></a>
			</dt></dl><dl class='gallery-item'>
			<dt class='gallery-icon landscape'>
				<a href='http://www.denkfried.de/wp/?attachment_id=11761'><img loading="lazy" decoding="async" width="150" height="150" src="http://www.denkfried.de/wp/wp-content/uploads/2011/10/Böddeken-3-150x150.jpg" class="attachment-thumbnail size-thumbnail" alt="" /></a>
			</dt></dl><dl class='gallery-item'>
			<dt class='gallery-icon landscape'>
				<a href='http://www.denkfried.de/wp/?attachment_id=11764'><img loading="lazy" decoding="async" width="150" height="150" src="http://www.denkfried.de/wp/wp-content/uploads/2011/10/Böddeken-4-150x150.jpg" class="attachment-thumbnail size-thumbnail" alt="" /></a>
			</dt></dl><br style="clear: both" /><dl class='gallery-item'>
			<dt class='gallery-icon landscape'>
				<a href='http://www.denkfried.de/wp/?attachment_id=11760'><img loading="lazy" decoding="async" width="150" height="150" src="http://www.denkfried.de/wp/wp-content/uploads/2011/10/Böddeken-5-150x150.jpg" class="attachment-thumbnail size-thumbnail" alt="" /></a>
			</dt></dl><dl class='gallery-item'>
			<dt class='gallery-icon landscape'>
				<a href='http://www.denkfried.de/wp/?attachment_id=11766'><img loading="lazy" decoding="async" width="150" height="150" src="http://www.denkfried.de/wp/wp-content/uploads/2011/10/Böddeken-6-150x150.jpg" class="attachment-thumbnail size-thumbnail" alt="" /></a>
			</dt></dl><dl class='gallery-item'>
			<dt class='gallery-icon landscape'>
				<a href='http://www.denkfried.de/wp/?attachment_id=11765'><img loading="lazy" decoding="async" width="150" height="150" src="http://www.denkfried.de/wp/wp-content/uploads/2011/10/Böddeken-7-150x150.jpg" class="attachment-thumbnail size-thumbnail" alt="" /></a>
			</dt></dl><dl class='gallery-item'>
			<dt class='gallery-icon landscape'>
				<a href='http://www.denkfried.de/wp/?attachment_id=11762'><img loading="lazy" decoding="async" width="150" height="150" src="http://www.denkfried.de/wp/wp-content/uploads/2011/10/Böddeken-8-150x150.jpg" class="attachment-thumbnail size-thumbnail" alt="" /></a>
			</dt></dl><br style="clear: both" />
		</div>

<p>Der Friedhof hat, ebenso wie der nahe gelegene Ort, seinen Namen von dem freiweltlichen adeligen Damenstift &#8222;Büdiken&#8220;, das im Jahre 837 n. Chr. von Meinolph, dem Sohn eines sächsischen Edelings, gegründet wurde. Er ist auch Namenspatron der unweit gelegenen Meinolphus-Kapelle, dem Erbbegräbnis der Familie von Mallinckrodt, die dem ehemaligen Kreis Büren das Wiesental überließ, in welchem mittlerweile 465 Gefallene begraben wurden.</p>
<p>Bei den auf dem Ehrenfriedhof bestatteten Toten handelt es sich fast ausnahmslos um Opfer der Kämpfe in den letzten Tagen des 2. Weltkrieges. Ihre Gräber lagen zunächst auf kleinen Dorffriedhöfen, auf Äckern und an Wegrändern. Zur Sicherung des dauernden Ruherechtes wurden sie aus den Kreisen Paderborn, Büren und Warburg in dieser besonderen Gräberstätte zur letzten Ruhe gebettet, unter ihnen auch 13 Gefallene des Weltkrieges 1914/18.</p>
<p>Nach und nach gab es Zubettungen, laut Angaben des Volksbundes ruhen hier <strong>472 Kriegstote</strong>. Es konnten 389 Namen (13/ 1 WK) dokumentiert werden, demnach blieben 83 Unbekannt.</p>
<p>Seit November 1978 besteht im Eingangsbereich des Ehrenfriedhofs ein Mahnmal, das an die Opfer von Krieg und Vertreibung, der Judenverfolgung und des Konzentrationslagers Niederhagen erinnert.</p>
<p>Am Eingang ist ein Buch mit Gräberverzeichnis. Die Namen wurden in die Datenbank eingepflegt.</p>

<p>&nbsp; 33142 Büren-Böddeken Bericht und Bilder von Thomas Gefallenendenkmäler Berlin/Brandenburg Der Ehrenfriedhof liegt in eine Waldlichtung, er wurde am 23. August 1953 eingeweiht. Der Friedhof hat, ebenso wie der nahe gelegene Ort, seinen Namen von dem freiweltlichen adeligen Damenstift &#8222;Büdiken&#8220;, das &hellip; <a href="http://www.denkfried.de/wp/?page_id=11750">Weiterlesen <span class="meta-nav">&rarr;</span></a></p>
