{"id":11617,"date":"2011-10-01T22:47:00","date_gmt":"2011-10-01T20:47:00","guid":{"rendered":"http:\/\/www.denkfried.de\/wp\/?page_id=11617"},"modified":"2014-05-03T23:54:52","modified_gmt":"2014-05-03T21:54:52","slug":"sarching","status":"publish","type":"page","link":"http:\/\/www.denkfried.de\/wp\/?page_id=11617","title":{"rendered":"Sarching"},"content":{"rendered":"<p>&nbsp;<\/p>\n<p><span style=\"text-decoration: underline;\">93092 Barbing<strong> &#8211; Sarching<\/strong><\/span><\/p>\n<p><strong>DENKMAL<\/strong><\/p>\n<p><strong>1870-1871: <\/strong>Denkmal an der Kirchmauer f\u00fcr die gefallenen Krieger des Krieges 1870-1871.<\/p>\n<p><strong>1914-1918: <\/strong>Denkmal auf dem Dorfplatz. Eine aus wei\u00dfem Stein bestehende S\u00e4ule, die einen liegenden bayerischen L\u00f6wen tr\u00e4gt. Auf der Vorderseite ein Eisernes Kreuz mit der Inschrift:<\/p>\n<p><em><strong> &#8222;Denkmal frommer Erinnerung an die im Weltkrieg 1914-1918 gestorbenen Soldaten aus Sarching.In dankbarer Liebe gewidmet von der Gemeinde&#8220;.<\/strong><\/em><\/p>\n<p><strong>1939-1945:<\/strong>Das Denkmal der Gefallenen des zweiten Weltkrieges steht auf einer Mauer neben dem Denkmal des ersten Weltkrieges.Darunter die Inschrift:<\/p>\n<p><em><strong>\u00a0\u00a0\u00a0\u00a0\u00a0\u00a0\u00a0\u00a0\u00a0\u00a0\u00a0\u00a0\u00a0\u00a0\u00a0\u00a0\u00a0\u00a0\u00a0\u00a0\u00a0\u00a0\u00a0\u00a0\u00a0\u00a0\u00a0\u00a0\u00a0\u00a0\u00a0\u00a0\u00a0\u00a0\u00a0\u00a0\u00a0\u00a0\u00a0\u00a0\u00a0\u00a0\u00a0\u00a0\u00a0\u00a0\u00a0\u00a0\u00a0\u00a0\u00a0\u00a0\u00a0\u00a0\u00a0\u00a0\u00a0\u00a0\u00a0\u00a0\u00a0 &#8222;1939-45&#8220;<\/strong><\/em><\/p>\n<p>Es zeigt ein gro\u00dfes Eisernes Kreuz, in den Kreuzwinkeln findet sich jeweils ein Eichenbruch. Die Namen der Gefallenen sind fortlaufend im Eisernen Kreuz aufgef\u00fchrt.<\/p>\n<p>Text:Hubert<\/p>\n<div id='gallery-1' class='gallery galleryid-11617 gallery-columns-4 gallery-size-thumbnail'><dl class='gallery-item'>\n\t\t\t<dt class='gallery-icon landscape'>\n\t\t\t\t<a href='http:\/\/www.denkfried.de\/wp\/?attachment_id=16002'><img loading=\"lazy\" decoding=\"async\" width=\"150\" height=\"150\" src=\"http:\/\/www.denkfried.de\/wp\/wp-content\/uploads\/2011\/10\/KDM-Barbing-Sarching-01-150x150.jpg\" class=\"attachment-thumbnail size-thumbnail\" alt=\"\" \/><\/a>\n\t\t\t<\/dt><\/dl><dl class='gallery-item'>\n\t\t\t<dt class='gallery-icon portrait'>\n\t\t\t\t<a href='http:\/\/www.denkfried.de\/wp\/?attachment_id=16003'><img loading=\"lazy\" decoding=\"async\" width=\"150\" height=\"150\" src=\"http:\/\/www.denkfried.de\/wp\/wp-content\/uploads\/2011\/10\/KDM-Barbing-Sarching-02-150x150.jpg\" class=\"attachment-thumbnail size-thumbnail\" alt=\"\" \/><\/a>\n\t\t\t<\/dt><\/dl><dl class='gallery-item'>\n\t\t\t<dt class='gallery-icon portrait'>\n\t\t\t\t<a href='http:\/\/www.denkfried.de\/wp\/?attachment_id=16004'><img loading=\"lazy\" decoding=\"async\" width=\"150\" height=\"150\" src=\"http:\/\/www.denkfried.de\/wp\/wp-content\/uploads\/2011\/10\/KDM-Barbing-Sarching-03-150x150.jpg\" class=\"attachment-thumbnail size-thumbnail\" alt=\"\" \/><\/a>\n\t\t\t<\/dt><\/dl><dl class='gallery-item'>\n\t\t\t<dt class='gallery-icon portrait'>\n\t\t\t\t<a href='http:\/\/www.denkfried.de\/wp\/?attachment_id=16005'><img loading=\"lazy\" decoding=\"async\" width=\"150\" height=\"150\" src=\"http:\/\/www.denkfried.de\/wp\/wp-content\/uploads\/2011\/10\/KDM-Barbing-Sarching-04-150x150.jpg\" class=\"attachment-thumbnail size-thumbnail\" alt=\"\" \/><\/a>\n\t\t\t<\/dt><\/dl><br style=\"clear: both\" \/><dl class='gallery-item'>\n\t\t\t<dt class='gallery-icon landscape'>\n\t\t\t\t<a href='http:\/\/www.denkfried.de\/wp\/?attachment_id=16006'><img loading=\"lazy\" decoding=\"async\" width=\"150\" height=\"150\" src=\"http:\/\/www.denkfried.de\/wp\/wp-content\/uploads\/2011\/10\/KDM-Barbing-Sarching-05-150x150.jpg\" class=\"attachment-thumbnail size-thumbnail\" alt=\"\" \/><\/a>\n\t\t\t<\/dt><\/dl><dl class='gallery-item'>\n\t\t\t<dt class='gallery-icon landscape'>\n\t\t\t\t<a href='http:\/\/www.denkfried.de\/wp\/?attachment_id=16008'><img loading=\"lazy\" decoding=\"async\" width=\"150\" height=\"150\" src=\"http:\/\/www.denkfried.de\/wp\/wp-content\/uploads\/2011\/10\/KDM-Barbing-Sarching-Bild-150x150.jpg\" class=\"attachment-thumbnail size-thumbnail\" alt=\"\" \/><\/a>\n\t\t\t<\/dt><\/dl><dl class='gallery-item'>\n\t\t\t<dt class='gallery-icon portrait'>\n\t\t\t\t<a href='http:\/\/www.denkfried.de\/wp\/?attachment_id=16007'><img loading=\"lazy\" decoding=\"async\" width=\"150\" height=\"150\" src=\"http:\/\/www.denkfried.de\/wp\/wp-content\/uploads\/2011\/10\/KDM-Barbing-Sarching-70-71-150x150.jpg\" class=\"attachment-thumbnail size-thumbnail\" alt=\"\" \/><\/a>\n\t\t\t<\/dt><\/dl>\n\t\t\t<br style='clear: both' \/>\n\t\t<\/div>\n\n<p>&nbsp;<\/p>\n","protected":false},"excerpt":{"rendered":"<p>&nbsp; 93092 Barbing &#8211; Sarching DENKMAL 1870-1871: Denkmal an der Kirchmauer f\u00fcr die gefallenen Krieger des Krieges 1870-1871. 1914-1918: Denkmal auf dem Dorfplatz. Eine aus wei\u00dfem Stein bestehende S\u00e4ule, die einen liegenden bayerischen L\u00f6wen tr\u00e4gt. Auf der Vorderseite ein Eisernes &hellip; <a href=\"http:\/\/www.denkfried.de\/wp\/?page_id=11617\">Weiterlesen <span class=\"meta-nav\">&rarr;<\/span><\/a><\/p>\n","protected":false},"author":2,"featured_media":0,"parent":11602,"menu_order":0,"comment_status":"closed","ping_status":"open","template":"","meta":{"footnotes":""},"class_list":["post-11617","page","type-page","status-publish","hentry"],"_links":{"self":[{"href":"http:\/\/www.denkfried.de\/wp\/index.php?rest_route=\/wp\/v2\/pages\/11617","targetHints":{"allow":["GET"]}}],"collection":[{"href":"http:\/\/www.denkfried.de\/wp\/index.php?rest_route=\/wp\/v2\/pages"}],"about":[{"href":"http:\/\/www.denkfried.de\/wp\/index.php?rest_route=\/wp\/v2\/types\/page"}],"author":[{"embeddable":true,"href":"http:\/\/www.denkfried.de\/wp\/index.php?rest_route=\/wp\/v2\/users\/2"}],"replies":[{"embeddable":true,"href":"http:\/\/www.denkfried.de\/wp\/index.php?rest_route=%2Fwp%2Fv2%2Fcomments&post=11617"}],"version-history":[{"count":8,"href":"http:\/\/www.denkfried.de\/wp\/index.php?rest_route=\/wp\/v2\/pages\/11617\/revisions"}],"predecessor-version":[{"id":35272,"href":"http:\/\/www.denkfried.de\/wp\/index.php?rest_route=\/wp\/v2\/pages\/11617\/revisions\/35272"}],"up":[{"embeddable":true,"href":"http:\/\/www.denkfried.de\/wp\/index.php?rest_route=\/wp\/v2\/pages\/11602"}],"wp:attachment":[{"href":"http:\/\/www.denkfried.de\/wp\/index.php?rest_route=%2Fwp%2Fv2%2Fmedia&parent=11617"}],"curies":[{"name":"wp","href":"https:\/\/api.w.org\/{rel}","templated":true}]}}

<p>&nbsp;</p>
<p><span style="text-decoration: underline;">93092 Barbing<strong> &#8211; Sarching</strong></span></p>
<p><strong>DENKMAL</strong></p>
<p><strong>1870-1871: </strong>Denkmal an der Kirchmauer für die gefallenen Krieger des Krieges 1870-1871.</p>
<p><strong>1914-1918: </strong>Denkmal auf dem Dorfplatz. Eine aus weißem Stein bestehende Säule, die einen liegenden bayerischen Löwen trägt. Auf der Vorderseite ein Eisernes Kreuz mit der Inschrift:</p>
<p><em><strong> &#8222;Denkmal frommer Erinnerung an die im Weltkrieg 1914-1918 gestorbenen Soldaten aus Sarching.In dankbarer Liebe gewidmet von der Gemeinde&#8220;.</strong></em></p>
<p><strong>1939-1945:</strong>Das Denkmal der Gefallenen des zweiten Weltkrieges steht auf einer Mauer neben dem Denkmal des ersten Weltkrieges.Darunter die Inschrift:</p>
<p><em><strong>                                                              &#8222;1939-45&#8220;</strong></em></p>
<p>Es zeigt ein großes Eisernes Kreuz, in den Kreuzwinkeln findet sich jeweils ein Eichenbruch. Die Namen der Gefallenen sind fortlaufend im Eisernen Kreuz aufgeführt.</p>
<p>Text:Hubert</p>
<div id='gallery-1' class='gallery galleryid-11617 gallery-columns-4 gallery-size-thumbnail'><dl class='gallery-item'>
			<dt class='gallery-icon landscape'>
				<a href='http://www.denkfried.de/wp/?attachment_id=16002'><img loading="lazy" decoding="async" width="150" height="150" src="http://www.denkfried.de/wp/wp-content/uploads/2011/10/KDM-Barbing-Sarching-01-150x150.jpg" class="attachment-thumbnail size-thumbnail" alt="" /></a>
			</dt></dl><dl class='gallery-item'>
			<dt class='gallery-icon portrait'>
				<a href='http://www.denkfried.de/wp/?attachment_id=16003'><img loading="lazy" decoding="async" width="150" height="150" src="http://www.denkfried.de/wp/wp-content/uploads/2011/10/KDM-Barbing-Sarching-02-150x150.jpg" class="attachment-thumbnail size-thumbnail" alt="" /></a>
			</dt></dl><dl class='gallery-item'>
			<dt class='gallery-icon portrait'>
				<a href='http://www.denkfried.de/wp/?attachment_id=16004'><img loading="lazy" decoding="async" width="150" height="150" src="http://www.denkfried.de/wp/wp-content/uploads/2011/10/KDM-Barbing-Sarching-03-150x150.jpg" class="attachment-thumbnail size-thumbnail" alt="" /></a>
			</dt></dl><dl class='gallery-item'>
			<dt class='gallery-icon portrait'>
				<a href='http://www.denkfried.de/wp/?attachment_id=16005'><img loading="lazy" decoding="async" width="150" height="150" src="http://www.denkfried.de/wp/wp-content/uploads/2011/10/KDM-Barbing-Sarching-04-150x150.jpg" class="attachment-thumbnail size-thumbnail" alt="" /></a>
			</dt></dl><br style="clear: both" /><dl class='gallery-item'>
			<dt class='gallery-icon landscape'>
				<a href='http://www.denkfried.de/wp/?attachment_id=16006'><img loading="lazy" decoding="async" width="150" height="150" src="http://www.denkfried.de/wp/wp-content/uploads/2011/10/KDM-Barbing-Sarching-05-150x150.jpg" class="attachment-thumbnail size-thumbnail" alt="" /></a>
			</dt></dl><dl class='gallery-item'>
			<dt class='gallery-icon landscape'>
				<a href='http://www.denkfried.de/wp/?attachment_id=16008'><img loading="lazy" decoding="async" width="150" height="150" src="http://www.denkfried.de/wp/wp-content/uploads/2011/10/KDM-Barbing-Sarching-Bild-150x150.jpg" class="attachment-thumbnail size-thumbnail" alt="" /></a>
			</dt></dl><dl class='gallery-item'>
			<dt class='gallery-icon portrait'>
				<a href='http://www.denkfried.de/wp/?attachment_id=16007'><img loading="lazy" decoding="async" width="150" height="150" src="http://www.denkfried.de/wp/wp-content/uploads/2011/10/KDM-Barbing-Sarching-70-71-150x150.jpg" class="attachment-thumbnail size-thumbnail" alt="" /></a>
			</dt></dl>
			<br style='clear: both' />
		</div>

<p>&nbsp;</p>

<p>&nbsp; 93092 Barbing &#8211; Sarching DENKMAL 1870-1871: Denkmal an der Kirchmauer für die gefallenen Krieger des Krieges 1870-1871. 1914-1918: Denkmal auf dem Dorfplatz. Eine aus weißem Stein bestehende Säule, die einen liegenden bayerischen Löwen trägt. Auf der Vorderseite ein Eisernes &hellip; <a href="http://www.denkfried.de/wp/?page_id=11617">Weiterlesen <span class="meta-nav">&rarr;</span></a></p>
