{"id":10474,"date":"2011-07-25T22:03:54","date_gmt":"2011-07-25T20:03:54","guid":{"rendered":"http:\/\/www.denkfried.de\/wp\/?page_id=10474"},"modified":"2011-07-25T22:03:54","modified_gmt":"2011-07-25T20:03:54","slug":"chemnitz-zentrum","status":"publish","type":"page","link":"http:\/\/www.denkfried.de\/wp\/?page_id=10474","title":{"rendered":"Chemnitz-Zentrum"},"content":{"rendered":"<p>&nbsp;<\/p>\n<p><span style=\"text-decoration: underline;\"><strong>09111 Chemnitz-Zentrum<\/strong><\/span>, Theresenstra\u00dfe 2<\/p>\n<p>Jugendkirche St.Johannis<\/p>\n<p>Die erste Kirche wurde vermutlich zwischen 1254 und 1264 erbaut. Sie wurde mehrfach zerst\u00f6rt und umgebaut.<\/p>\n<p>An der Kirche befand sich auch der Friedhof. 1874 wurde ein neuer eingeweiht und der alte geschlossen. Die vorhandenen Gr\u00e4ber wurden aber bis 1884 weiter genutzt. 1896 wird eine Teilfl\u00e4che an die Stadt Chemnitz verkauft und seither als Park genutzt. Daraus erkl\u00e4rt sich auch die noch vorhandenen Gr\u00e4ber der Soldaten aus dem Kriege 1870\/71.<\/p>\n<p><em>Hier noch ein Bericht und Fotos von md11 anl\u00e4\u00dflich eines Besuches.<\/em><\/p>\n<p><em>&#8222;Hinter der Jugendkirche von St.Johannis in Chemnitz,Theresenstra\u00dfe 2 befindet sich eine Parkanlage.Die Parkanlage befindet sich zwischen der Theresenstra\u00dfe und der Zschopauerstra\u00dfe.Vorne gibt es einen Spielplatz und ganz hinten befinden sich 9 Soldatengr\u00e4ber und in der Mitte befinden sich noch drei Gr\u00e4ber.Es muss hier fr\u00fcher ein ehemaliger Soldatenfriedhof hier gewesen sein.&#8220;<\/em><\/p>\n<div id='gallery-1' class='gallery galleryid-10474 gallery-columns-4 gallery-size-thumbnail'><dl class='gallery-item'>\n\t\t\t<dt class='gallery-icon portrait'>\n\t\t\t\t<a href='http:\/\/www.denkfried.de\/wp\/?attachment_id=10477'><img loading=\"lazy\" decoding=\"async\" width=\"150\" height=\"150\" src=\"http:\/\/www.denkfried.de\/wp\/wp-content\/uploads\/2011\/07\/C1-150x150.jpg\" class=\"attachment-thumbnail size-thumbnail\" alt=\"\" \/><\/a>\n\t\t\t<\/dt><\/dl><dl class='gallery-item'>\n\t\t\t<dt class='gallery-icon landscape'>\n\t\t\t\t<a href='http:\/\/www.denkfried.de\/wp\/?attachment_id=10478'><img loading=\"lazy\" decoding=\"async\" width=\"150\" height=\"150\" src=\"http:\/\/www.denkfried.de\/wp\/wp-content\/uploads\/2011\/07\/C3-150x150.jpg\" class=\"attachment-thumbnail size-thumbnail\" alt=\"\" \/><\/a>\n\t\t\t<\/dt><\/dl><dl class='gallery-item'>\n\t\t\t<dt class='gallery-icon portrait'>\n\t\t\t\t<a href='http:\/\/www.denkfried.de\/wp\/?attachment_id=10479'><img loading=\"lazy\" decoding=\"async\" width=\"150\" height=\"150\" src=\"http:\/\/www.denkfried.de\/wp\/wp-content\/uploads\/2011\/07\/C4-150x150.jpg\" class=\"attachment-thumbnail size-thumbnail\" alt=\"\" \/><\/a>\n\t\t\t<\/dt><\/dl><dl class='gallery-item'>\n\t\t\t<dt class='gallery-icon portrait'>\n\t\t\t\t<a href='http:\/\/www.denkfried.de\/wp\/?attachment_id=10480'><img loading=\"lazy\" decoding=\"async\" width=\"150\" height=\"150\" src=\"http:\/\/www.denkfried.de\/wp\/wp-content\/uploads\/2011\/07\/C5-150x150.jpg\" class=\"attachment-thumbnail size-thumbnail\" alt=\"\" \/><\/a>\n\t\t\t<\/dt><\/dl><br style=\"clear: both\" \/><dl class='gallery-item'>\n\t\t\t<dt class='gallery-icon portrait'>\n\t\t\t\t<a href='http:\/\/www.denkfried.de\/wp\/?attachment_id=10481'><img loading=\"lazy\" decoding=\"async\" width=\"150\" height=\"150\" src=\"http:\/\/www.denkfried.de\/wp\/wp-content\/uploads\/2011\/07\/C6-150x150.jpg\" class=\"attachment-thumbnail size-thumbnail\" alt=\"\" \/><\/a>\n\t\t\t<\/dt><\/dl><dl class='gallery-item'>\n\t\t\t<dt class='gallery-icon portrait'>\n\t\t\t\t<a href='http:\/\/www.denkfried.de\/wp\/?attachment_id=10482'><img loading=\"lazy\" decoding=\"async\" width=\"150\" height=\"150\" src=\"http:\/\/www.denkfried.de\/wp\/wp-content\/uploads\/2011\/07\/C9-150x150.jpg\" class=\"attachment-thumbnail size-thumbnail\" alt=\"\" \/><\/a>\n\t\t\t<\/dt><\/dl><dl class='gallery-item'>\n\t\t\t<dt class='gallery-icon portrait'>\n\t\t\t\t<a href='http:\/\/www.denkfried.de\/wp\/?attachment_id=10475'><img loading=\"lazy\" decoding=\"async\" width=\"150\" height=\"150\" src=\"http:\/\/www.denkfried.de\/wp\/wp-content\/uploads\/2011\/07\/C10-150x150.jpg\" class=\"attachment-thumbnail size-thumbnail\" alt=\"\" \/><\/a>\n\t\t\t<\/dt><\/dl><dl class='gallery-item'>\n\t\t\t<dt class='gallery-icon portrait'>\n\t\t\t\t<a href='http:\/\/www.denkfried.de\/wp\/?attachment_id=10476'><img loading=\"lazy\" decoding=\"async\" width=\"150\" height=\"150\" src=\"http:\/\/www.denkfried.de\/wp\/wp-content\/uploads\/2011\/07\/C13-150x150.jpg\" class=\"attachment-thumbnail size-thumbnail\" alt=\"\" \/><\/a>\n\t\t\t<\/dt><\/dl><br style=\"clear: both\" \/>\n\t\t<\/div>\n\n<p>Theodor Emil Eisentraut\u00a0 05.11.1848\u00a0\u00a0\u00a0 \/\u00a0 15.11.1870 im Lazarett<\/p>\n<p>August Kaulig\u00a0\u00a0\u00a0\u00a0\u00a0\u00a0\u00a0\u00a0\u00a0\u00a0\u00a0\u00a0\u00a0\u00a0\u00a0\u00a0\u00a0\u00a0\u00a0\u00a0 03.04.1945\u00a0 \/\u00a0\u00a0 07.11.1870 im Lazarett<\/p>\n<p>Joh.Wilh.Martin Bohne\u00a0\u00a0\u00a0\u00a0 02.02.1845\u00a0 \/\u00a0\u00a0 17.10.1870 im Lazarett<\/p>\n<p>Gustav Herkwitz\u00a0\u00a0\u00a0\u00a0\u00a0\u00a0\u00a0\u00a0\u00a0\u00a0\u00a0\u00a0\u00a0\u00a0\u00a0 23.05.1843\u00a0 \/\u00a0 05.10.1870 im Lazarett<\/p>\n<p>Friedr.Wilh.Balczuhn\u00a0\u00a0\u00a0\u00a0\u00a0\u00a0\u00a0\u00a0 14.03.1846\u00a0 \/\u00a0 27.01.1871\u00a0 im Lazarett<\/p>\n<p>Joh.Gottlieb Kopp\u00a0\u00a0\u00a0\u00a0\u00a0\u00a0\u00a0\u00a0\u00a0\u00a0\u00a0\u00a0\u00a0\u00a0 03.09.1847\u00a0 \/\u00a0 25.05.1871 im Lazarett<\/p>\n<p>Heinrich Weigt\u00a0\u00a0\u00a0\u00a0\u00a0\u00a0\u00a0\u00a0\u00a0\u00a0\u00a0\u00a0\u00a0\u00a0\u00a0\u00a0\u00a0\u00a0\u00a0\u00a0 17.11.1849 \u00a0 \/ 14.10.1870\u00a0 im Lazarett<\/p>\n<p>August Klose\u00a0\u00a0\u00a0\u00a0\u00a0\u00a0\u00a0\u00a0\u00a0\u00a0\u00a0\u00a0\u00a0\u00a0\u00a0\u00a0\u00a0\u00a0\u00a0\u00a0\u00a0\u00a0\u00a0 08.07.1845 \u00a0 \/ 09.11.1870 im Lazarett<\/p>\n<p>Andr\u00e9 Grangeon\u00a0\u00a0\u00a0\u00a0\u00a0\u00a0\u00a0\u00a0\u00a0\u00a0\u00a0\u00a0\u00a0\u00a0\u00a0\u00a0\u00a0\u00a0\u00a0\u00a0\u00a0\u00a0\u00a0\u00a0\u00a0\u00a0 1845\u00a0\u00a0\u00a0 \/\u00a0 04.10.1870 im Lazarett<\/p>\n<p>&nbsp;<\/p>\n","protected":false},"excerpt":{"rendered":"<p>&nbsp; 09111 Chemnitz-Zentrum, Theresenstra\u00dfe 2 Jugendkirche St.Johannis Die erste Kirche wurde vermutlich zwischen 1254 und 1264 erbaut. Sie wurde mehrfach zerst\u00f6rt und umgebaut. An der Kirche befand sich auch der Friedhof. 1874 wurde ein neuer eingeweiht und der alte geschlossen. &hellip; <a href=\"http:\/\/www.denkfried.de\/wp\/?page_id=10474\">Weiterlesen <span class=\"meta-nav\">&rarr;<\/span><\/a><\/p>\n","protected":false},"author":2,"featured_media":0,"parent":7634,"menu_order":0,"comment_status":"closed","ping_status":"open","template":"","meta":{"footnotes":""},"class_list":["post-10474","page","type-page","status-publish","hentry"],"_links":{"self":[{"href":"http:\/\/www.denkfried.de\/wp\/index.php?rest_route=\/wp\/v2\/pages\/10474","targetHints":{"allow":["GET"]}}],"collection":[{"href":"http:\/\/www.denkfried.de\/wp\/index.php?rest_route=\/wp\/v2\/pages"}],"about":[{"href":"http:\/\/www.denkfried.de\/wp\/index.php?rest_route=\/wp\/v2\/types\/page"}],"author":[{"embeddable":true,"href":"http:\/\/www.denkfried.de\/wp\/index.php?rest_route=\/wp\/v2\/users\/2"}],"replies":[{"embeddable":true,"href":"http:\/\/www.denkfried.de\/wp\/index.php?rest_route=%2Fwp%2Fv2%2Fcomments&post=10474"}],"version-history":[{"count":3,"href":"http:\/\/www.denkfried.de\/wp\/index.php?rest_route=\/wp\/v2\/pages\/10474\/revisions"}],"predecessor-version":[{"id":10485,"href":"http:\/\/www.denkfried.de\/wp\/index.php?rest_route=\/wp\/v2\/pages\/10474\/revisions\/10485"}],"up":[{"embeddable":true,"href":"http:\/\/www.denkfried.de\/wp\/index.php?rest_route=\/wp\/v2\/pages\/7634"}],"wp:attachment":[{"href":"http:\/\/www.denkfried.de\/wp\/index.php?rest_route=%2Fwp%2Fv2%2Fmedia&parent=10474"}],"curies":[{"name":"wp","href":"https:\/\/api.w.org\/{rel}","templated":true}]}}

<p>&nbsp;</p>
<p><span style="text-decoration: underline;"><strong>09111 Chemnitz-Zentrum</strong></span>, Theresenstraße 2</p>
<p>Jugendkirche St.Johannis</p>
<p>Die erste Kirche wurde vermutlich zwischen 1254 und 1264 erbaut. Sie wurde mehrfach zerstört und umgebaut.</p>
<p>An der Kirche befand sich auch der Friedhof. 1874 wurde ein neuer eingeweiht und der alte geschlossen. Die vorhandenen Gräber wurden aber bis 1884 weiter genutzt. 1896 wird eine Teilfläche an die Stadt Chemnitz verkauft und seither als Park genutzt. Daraus erklärt sich auch die noch vorhandenen Gräber der Soldaten aus dem Kriege 1870/71.</p>
<p><em>Hier noch ein Bericht und Fotos von md11 anläßlich eines Besuches.</em></p>
<p><em>&#8222;Hinter der Jugendkirche von St.Johannis in Chemnitz,Theresenstraße 2 befindet sich eine Parkanlage.Die Parkanlage befindet sich zwischen der Theresenstraße und der Zschopauerstraße.Vorne gibt es einen Spielplatz und ganz hinten befinden sich 9 Soldatengräber und in der Mitte befinden sich noch drei Gräber.Es muss hier früher ein ehemaliger Soldatenfriedhof hier gewesen sein.&#8220;</em></p>
<div id='gallery-1' class='gallery galleryid-10474 gallery-columns-4 gallery-size-thumbnail'><dl class='gallery-item'>
			<dt class='gallery-icon portrait'>
				<a href='http://www.denkfried.de/wp/?attachment_id=10477'><img loading="lazy" decoding="async" width="150" height="150" src="http://www.denkfried.de/wp/wp-content/uploads/2011/07/C1-150x150.jpg" class="attachment-thumbnail size-thumbnail" alt="" /></a>
			</dt></dl><dl class='gallery-item'>
			<dt class='gallery-icon landscape'>
				<a href='http://www.denkfried.de/wp/?attachment_id=10478'><img loading="lazy" decoding="async" width="150" height="150" src="http://www.denkfried.de/wp/wp-content/uploads/2011/07/C3-150x150.jpg" class="attachment-thumbnail size-thumbnail" alt="" /></a>
			</dt></dl><dl class='gallery-item'>
			<dt class='gallery-icon portrait'>
				<a href='http://www.denkfried.de/wp/?attachment_id=10479'><img loading="lazy" decoding="async" width="150" height="150" src="http://www.denkfried.de/wp/wp-content/uploads/2011/07/C4-150x150.jpg" class="attachment-thumbnail size-thumbnail" alt="" /></a>
			</dt></dl><dl class='gallery-item'>
			<dt class='gallery-icon portrait'>
				<a href='http://www.denkfried.de/wp/?attachment_id=10480'><img loading="lazy" decoding="async" width="150" height="150" src="http://www.denkfried.de/wp/wp-content/uploads/2011/07/C5-150x150.jpg" class="attachment-thumbnail size-thumbnail" alt="" /></a>
			</dt></dl><br style="clear: both" /><dl class='gallery-item'>
			<dt class='gallery-icon portrait'>
				<a href='http://www.denkfried.de/wp/?attachment_id=10481'><img loading="lazy" decoding="async" width="150" height="150" src="http://www.denkfried.de/wp/wp-content/uploads/2011/07/C6-150x150.jpg" class="attachment-thumbnail size-thumbnail" alt="" /></a>
			</dt></dl><dl class='gallery-item'>
			<dt class='gallery-icon portrait'>
				<a href='http://www.denkfried.de/wp/?attachment_id=10482'><img loading="lazy" decoding="async" width="150" height="150" src="http://www.denkfried.de/wp/wp-content/uploads/2011/07/C9-150x150.jpg" class="attachment-thumbnail size-thumbnail" alt="" /></a>
			</dt></dl><dl class='gallery-item'>
			<dt class='gallery-icon portrait'>
				<a href='http://www.denkfried.de/wp/?attachment_id=10475'><img loading="lazy" decoding="async" width="150" height="150" src="http://www.denkfried.de/wp/wp-content/uploads/2011/07/C10-150x150.jpg" class="attachment-thumbnail size-thumbnail" alt="" /></a>
			</dt></dl><dl class='gallery-item'>
			<dt class='gallery-icon portrait'>
				<a href='http://www.denkfried.de/wp/?attachment_id=10476'><img loading="lazy" decoding="async" width="150" height="150" src="http://www.denkfried.de/wp/wp-content/uploads/2011/07/C13-150x150.jpg" class="attachment-thumbnail size-thumbnail" alt="" /></a>
			</dt></dl><br style="clear: both" />
		</div>

<p>Theodor Emil Eisentraut  05.11.1848    /  15.11.1870 im Lazarett</p>
<p>August Kaulig                     03.04.1945  /   07.11.1870 im Lazarett</p>
<p>Joh.Wilh.Martin Bohne     02.02.1845  /   17.10.1870 im Lazarett</p>
<p>Gustav Herkwitz                23.05.1843  /  05.10.1870 im Lazarett</p>
<p>Friedr.Wilh.Balczuhn         14.03.1846  /  27.01.1871  im Lazarett</p>
<p>Joh.Gottlieb Kopp               03.09.1847  /  25.05.1871 im Lazarett</p>
<p>Heinrich Weigt                     17.11.1849   / 14.10.1870  im Lazarett</p>
<p>August Klose                        08.07.1845   / 09.11.1870 im Lazarett</p>
<p>André Grangeon                           1845    /  04.10.1870 im Lazarett</p>
<p>&nbsp;</p>

<p>&nbsp; 09111 Chemnitz-Zentrum, Theresenstraße 2 Jugendkirche St.Johannis Die erste Kirche wurde vermutlich zwischen 1254 und 1264 erbaut. Sie wurde mehrfach zerstört und umgebaut. An der Kirche befand sich auch der Friedhof. 1874 wurde ein neuer eingeweiht und der alte geschlossen. &hellip; <a href="http://www.denkfried.de/wp/?page_id=10474">Weiterlesen <span class="meta-nav">&rarr;</span></a></p>
