{"id":10460,"date":"2011-07-25T20:49:09","date_gmt":"2011-07-25T18:49:09","guid":{"rendered":"http:\/\/www.denkfried.de\/wp\/?page_id=10460"},"modified":"2015-12-27T19:24:38","modified_gmt":"2015-12-27T18:24:38","slug":"gatow","status":"publish","type":"page","link":"http:\/\/www.denkfried.de\/wp\/?page_id=10460","title":{"rendered":"Gatow"},"content":{"rendered":"<p>&nbsp;<\/p>\n<p><strong>14089 Berlin-Gatow <\/strong>Dorfkirchhof,\u00a0Alt-Gatow 32-38<\/p>\n<p>Bericht und Bilder von Thomas\u00a0<a href=\"http:\/\/g-bb.jimdo.com\/\">Gefallenendenkm\u00e4ler Berlin\/Brandenburg<\/a><\/p>\n<div id='gallery-1' class='gallery galleryid-10460 gallery-columns-4 gallery-size-thumbnail'><dl class='gallery-item'>\n\t\t\t<dt class='gallery-icon landscape'>\n\t\t\t\t<a href='http:\/\/www.denkfried.de\/wp\/?attachment_id=36355'><img loading=\"lazy\" decoding=\"async\" width=\"150\" height=\"150\" src=\"http:\/\/www.denkfried.de\/wp\/wp-content\/uploads\/2011\/07\/Berlin-Gatow-Gedenkstein-1870-71-1-150x150.jpg\" class=\"attachment-thumbnail size-thumbnail\" alt=\"\" \/><\/a>\n\t\t\t<\/dt><\/dl><dl class='gallery-item'>\n\t\t\t<dt class='gallery-icon landscape'>\n\t\t\t\t<a href='http:\/\/www.denkfried.de\/wp\/?attachment_id=36354'><img loading=\"lazy\" decoding=\"async\" width=\"150\" height=\"150\" src=\"http:\/\/www.denkfried.de\/wp\/wp-content\/uploads\/2011\/07\/Berlin-Gatow-Gedenkstein-1870-71-150x150.jpg\" class=\"attachment-thumbnail size-thumbnail\" alt=\"\" \/><\/a>\n\t\t\t<\/dt><\/dl><dl class='gallery-item'>\n\t\t\t<dt class='gallery-icon landscape'>\n\t\t\t\t<a href='http:\/\/www.denkfried.de\/wp\/?attachment_id=36356'><img loading=\"lazy\" decoding=\"async\" width=\"150\" height=\"150\" src=\"http:\/\/www.denkfried.de\/wp\/wp-content\/uploads\/2011\/07\/Berlin-Gatow-Kriegerdenkmal-150x150.jpg\" class=\"attachment-thumbnail size-thumbnail\" alt=\"\" \/><\/a>\n\t\t\t<\/dt><\/dl><dl class='gallery-item'>\n\t\t\t<dt class='gallery-icon landscape'>\n\t\t\t\t<a href='http:\/\/www.denkfried.de\/wp\/?attachment_id=36357'><img loading=\"lazy\" decoding=\"async\" width=\"150\" height=\"150\" src=\"http:\/\/www.denkfried.de\/wp\/wp-content\/uploads\/2011\/07\/Berlin-Gatow-Kriegerdenkmal-1-150x150.jpg\" class=\"attachment-thumbnail size-thumbnail\" alt=\"\" \/><\/a>\n\t\t\t<\/dt><\/dl><br style=\"clear: both\" \/><dl class='gallery-item'>\n\t\t\t<dt class='gallery-icon portrait'>\n\t\t\t\t<a href='http:\/\/www.denkfried.de\/wp\/?attachment_id=10468'><img loading=\"lazy\" decoding=\"async\" width=\"150\" height=\"150\" src=\"http:\/\/www.denkfried.de\/wp\/wp-content\/uploads\/2011\/07\/Tafel-1914-1918-Bild-1-150x150.jpg\" class=\"attachment-thumbnail size-thumbnail\" alt=\"\" \/><\/a>\n\t\t\t<\/dt><\/dl><dl class='gallery-item'>\n\t\t\t<dt class='gallery-icon portrait'>\n\t\t\t\t<a href='http:\/\/www.denkfried.de\/wp\/?attachment_id=10461'><img loading=\"lazy\" decoding=\"async\" width=\"150\" height=\"150\" src=\"http:\/\/www.denkfried.de\/wp\/wp-content\/uploads\/2011\/07\/Tafel-1914-1918-Bild-2-150x150.jpg\" class=\"attachment-thumbnail size-thumbnail\" alt=\"\" \/><\/a>\n\t\t\t<\/dt><\/dl><dl class='gallery-item'>\n\t\t\t<dt class='gallery-icon landscape'>\n\t\t\t\t<a href='http:\/\/www.denkfried.de\/wp\/?attachment_id=10463'><img loading=\"lazy\" decoding=\"async\" width=\"150\" height=\"150\" src=\"http:\/\/www.denkfried.de\/wp\/wp-content\/uploads\/2011\/07\/Ehrenfeld-1939-1945-Bild-32-150x150.jpg\" class=\"attachment-thumbnail size-thumbnail\" alt=\"\" \/><\/a>\n\t\t\t<\/dt><\/dl><dl class='gallery-item'>\n\t\t\t<dt class='gallery-icon landscape'>\n\t\t\t\t<a href='http:\/\/www.denkfried.de\/wp\/?attachment_id=10462'><img loading=\"lazy\" decoding=\"async\" width=\"150\" height=\"150\" src=\"http:\/\/www.denkfried.de\/wp\/wp-content\/uploads\/2011\/07\/Ehrenfeld-1939-1945-Bild-12-150x150.jpg\" class=\"attachment-thumbnail size-thumbnail\" alt=\"\" \/><\/a>\n\t\t\t<\/dt><\/dl><br style=\"clear: both\" \/>\n\t\t<\/div>\n\n<p><span style=\"text-decoration: underline;\"><strong>1813-15<\/strong><\/span><\/p>\n<p>In der Kirche befindet oder befand sich eine Gedenktafel, mit folgende Inschrift:<\/p>\n<address style=\"text-align: center;\"><em><strong>Im Freiheitskrieg fiel vor Paris am<\/strong><\/em><\/address>\n<address style=\"text-align: center;\"><em><strong>30. M\u00e4rz 1813 Joachim Parnemann<\/strong><\/em><\/address>\n<address style=\"text-align: center;\">\u00a0<\/address>\n<p>Der Himmel hilft, die H\u00f6lle mu\u00df uns weichen! Drauf, wackeres Volk! Drauf, ruft die Freiheit, drauf! Hoch schl\u00e4gt dein Herz, hoch wachsen deine Eichen, was k\u00fcmmern dich die H\u00fcgel deiner Leichen? Hoch pflanze da die Freiheitsfahne auf! Doch stehst du dann, mein Volk, bekr\u00e4nzt vom Gl\u00fccke, in deiner Vorzeit heilgem Siegerglanz: Vergi\u00df der treuen Toten nichtund schm\u00fccke auch unsere Urne mit einem Eichenkranz!<\/p>\n<p><span style=\"text-decoration: underline;\"><strong>1870-71<\/strong><\/span><\/p>\n<p>Vor dem Kirchhof liegt ein Stein, einst den Gefallenen Kriegern vom deutsch-franz\u00f6sischen Krieg gewidmet. Das eine Gedenktafel angebracht war, ist noch zu erkennen. Der Stein war einst vor der Feuerwehr aufgestellt. M\u00f6glicherweise wurde er 1959\u00a0nach\u00a0der Stra\u00dfenverbreiterung hierher umgestellt. Zu diesem Zeitpunkt war auch die Gedenktafel noch am Stein. Quelle: <a href=\"http:\/\/www.berlin-kladow.de\/\">berlin-kladow.de<\/a>\u00a0Auf der Gedenktafel war folgende Inschrift:<\/p>\n<address style=\"text-align: center;\"><em><strong>Zum Andenken an die<\/strong><\/em><\/address>\n<address style=\"text-align: center;\"><em><strong>glorreichen Siege in<\/strong><\/em><\/address>\n<address style=\"text-align: center;\"><em><strong>Frankreich in den Jahren<\/strong><\/em><\/address>\n<address style=\"text-align: center;\"><em><strong>1870 und 1871<\/strong><\/em><\/address>\n<address style=\"text-align: center;\">\u00a0<\/address>\n<p><span style=\"text-decoration: underline;\"><strong>1914-1918<\/strong><\/span><\/p>\n<p>Im Eingangsbereich zum Friedhof ist in der Friedhofsmauer innen eine Relief-Abbildung.\u00a0Eingeweiht wurde es am 12. Juli 1925.\u00a0Es handelt sich um eine Darstellung zweier um eine Grabstelle mit Kreuz versammelter Engel in einer Kartusche. Folgende Inschrift ist zu Lesen:<\/p>\n<address style=\"text-align: center;\"><strong><em>Geschichte verzeichne die Taten der Helden<\/em><\/strong><\/address>\n<address style=\"text-align: center;\"><strong><em>und Frieden o schm\u00fcck der Gefallenen Grab<\/em><\/strong><\/address>\n<address style=\"text-align: center;\">\u00a0<\/address>\n<p>Gegen\u00fcber findet sich an der Au\u00dfenmauer der Kirche eine Tafel, welche die Namen von 26 Gefallenen auff\u00fchrt. Diese Tafel hing einst an der Au\u00dfenmauer der Feuerwehr. Eine weitere Gedenktafel befand oder befindet(?) sich noch an der Treppe in der Vorhalle der Kirche. Folgende Inschrift war hier \u00fcber den Namen:<\/p>\n<address style=\"text-align: center;\"><em><strong>Auf da\u00df wir Leben<\/strong><\/em><\/address>\n<address style=\"text-align: center;\"><em><strong>starben im Weltkrieg 1914-1918<\/strong><\/em><\/address>\n<address style=\"text-align: center;\">\u00a0<\/address>\n<p><span style=\"font-style: italic;\">Auf beiden Gedenktafeln, sind die selben Namen verzeichnet.\u00a0<\/span><\/p>\n<p><span style=\"text-decoration: underline;\"><strong>1939-1945<\/strong><\/span><\/p>\n<p>Auf dem Kirchhof sind <strong>20 Kriegsgr\u00e4ber<\/strong>\u00a0verteilt zu finden, unter ihnen blieben drei Unbekannt. Einige wurden zusammen gebetet weitere ruhen noch an Familengr\u00e4bern. Es konnten auch noch 7 private Gedenken dokumentiert werden.<\/p>\n<p>Die Namen wurden in die Datenbanken eingepflegt.<\/p>\n<p>&nbsp;<\/p>\n","protected":false},"excerpt":{"rendered":"<p>&nbsp; 14089 Berlin-Gatow Dorfkirchhof,\u00a0Alt-Gatow 32-38 Bericht und Bilder von Thomas\u00a0Gefallenendenkm\u00e4ler Berlin\/Brandenburg 1813-15 In der Kirche befindet oder befand sich eine Gedenktafel, mit folgende Inschrift: Im Freiheitskrieg fiel vor Paris am 30. M\u00e4rz 1813 Joachim Parnemann \u00a0 Der Himmel hilft, die &hellip; <a href=\"http:\/\/www.denkfried.de\/wp\/?page_id=10460\">Weiterlesen <span class=\"meta-nav\">&rarr;<\/span><\/a><\/p>\n","protected":false},"author":2,"featured_media":0,"parent":4568,"menu_order":0,"comment_status":"closed","ping_status":"open","template":"","meta":{"footnotes":""},"class_list":["post-10460","page","type-page","status-publish","hentry"],"_links":{"self":[{"href":"http:\/\/www.denkfried.de\/wp\/index.php?rest_route=\/wp\/v2\/pages\/10460","targetHints":{"allow":["GET"]}}],"collection":[{"href":"http:\/\/www.denkfried.de\/wp\/index.php?rest_route=\/wp\/v2\/pages"}],"about":[{"href":"http:\/\/www.denkfried.de\/wp\/index.php?rest_route=\/wp\/v2\/types\/page"}],"author":[{"embeddable":true,"href":"http:\/\/www.denkfried.de\/wp\/index.php?rest_route=\/wp\/v2\/users\/2"}],"replies":[{"embeddable":true,"href":"http:\/\/www.denkfried.de\/wp\/index.php?rest_route=%2Fwp%2Fv2%2Fcomments&post=10460"}],"version-history":[{"count":23,"href":"http:\/\/www.denkfried.de\/wp\/index.php?rest_route=\/wp\/v2\/pages\/10460\/revisions"}],"predecessor-version":[{"id":39899,"href":"http:\/\/www.denkfried.de\/wp\/index.php?rest_route=\/wp\/v2\/pages\/10460\/revisions\/39899"}],"up":[{"embeddable":true,"href":"http:\/\/www.denkfried.de\/wp\/index.php?rest_route=\/wp\/v2\/pages\/4568"}],"wp:attachment":[{"href":"http:\/\/www.denkfried.de\/wp\/index.php?rest_route=%2Fwp%2Fv2%2Fmedia&parent=10460"}],"curies":[{"name":"wp","href":"https:\/\/api.w.org\/{rel}","templated":true}]}}

<p>&nbsp;</p>
<p><strong>14089 Berlin-Gatow </strong>Dorfkirchhof, Alt-Gatow 32-38</p>
<p>Bericht und Bilder von Thomas <a href="http://g-bb.jimdo.com/">Gefallenendenkmäler Berlin/Brandenburg</a></p>
<div id='gallery-1' class='gallery galleryid-10460 gallery-columns-4 gallery-size-thumbnail'><dl class='gallery-item'>
			<dt class='gallery-icon landscape'>
				<a href='http://www.denkfried.de/wp/?attachment_id=36355'><img loading="lazy" decoding="async" width="150" height="150" src="http://www.denkfried.de/wp/wp-content/uploads/2011/07/Berlin-Gatow-Gedenkstein-1870-71-1-150x150.jpg" class="attachment-thumbnail size-thumbnail" alt="" /></a>
			</dt></dl><dl class='gallery-item'>
			<dt class='gallery-icon landscape'>
				<a href='http://www.denkfried.de/wp/?attachment_id=36354'><img loading="lazy" decoding="async" width="150" height="150" src="http://www.denkfried.de/wp/wp-content/uploads/2011/07/Berlin-Gatow-Gedenkstein-1870-71-150x150.jpg" class="attachment-thumbnail size-thumbnail" alt="" /></a>
			</dt></dl><dl class='gallery-item'>
			<dt class='gallery-icon landscape'>
				<a href='http://www.denkfried.de/wp/?attachment_id=36356'><img loading="lazy" decoding="async" width="150" height="150" src="http://www.denkfried.de/wp/wp-content/uploads/2011/07/Berlin-Gatow-Kriegerdenkmal-150x150.jpg" class="attachment-thumbnail size-thumbnail" alt="" /></a>
			</dt></dl><dl class='gallery-item'>
			<dt class='gallery-icon landscape'>
				<a href='http://www.denkfried.de/wp/?attachment_id=36357'><img loading="lazy" decoding="async" width="150" height="150" src="http://www.denkfried.de/wp/wp-content/uploads/2011/07/Berlin-Gatow-Kriegerdenkmal-1-150x150.jpg" class="attachment-thumbnail size-thumbnail" alt="" /></a>
			</dt></dl><br style="clear: both" /><dl class='gallery-item'>
			<dt class='gallery-icon portrait'>
				<a href='http://www.denkfried.de/wp/?attachment_id=10468'><img loading="lazy" decoding="async" width="150" height="150" src="http://www.denkfried.de/wp/wp-content/uploads/2011/07/Tafel-1914-1918-Bild-1-150x150.jpg" class="attachment-thumbnail size-thumbnail" alt="" /></a>
			</dt></dl><dl class='gallery-item'>
			<dt class='gallery-icon portrait'>
				<a href='http://www.denkfried.de/wp/?attachment_id=10461'><img loading="lazy" decoding="async" width="150" height="150" src="http://www.denkfried.de/wp/wp-content/uploads/2011/07/Tafel-1914-1918-Bild-2-150x150.jpg" class="attachment-thumbnail size-thumbnail" alt="" /></a>
			</dt></dl><dl class='gallery-item'>
			<dt class='gallery-icon landscape'>
				<a href='http://www.denkfried.de/wp/?attachment_id=10463'><img loading="lazy" decoding="async" width="150" height="150" src="http://www.denkfried.de/wp/wp-content/uploads/2011/07/Ehrenfeld-1939-1945-Bild-32-150x150.jpg" class="attachment-thumbnail size-thumbnail" alt="" /></a>
			</dt></dl><dl class='gallery-item'>
			<dt class='gallery-icon landscape'>
				<a href='http://www.denkfried.de/wp/?attachment_id=10462'><img loading="lazy" decoding="async" width="150" height="150" src="http://www.denkfried.de/wp/wp-content/uploads/2011/07/Ehrenfeld-1939-1945-Bild-12-150x150.jpg" class="attachment-thumbnail size-thumbnail" alt="" /></a>
			</dt></dl><br style="clear: both" />
		</div>

<p><span style="text-decoration: underline;"><strong>1813-15</strong></span></p>
<p>In der Kirche befindet oder befand sich eine Gedenktafel, mit folgende Inschrift:</p>
<address style="text-align: center;"><em><strong>Im Freiheitskrieg fiel vor Paris am</strong></em></address>
<address style="text-align: center;"><em><strong>30. März 1813 Joachim Parnemann</strong></em></address>
<address style="text-align: center;"> </address>
<p>Der Himmel hilft, die Hölle muß uns weichen! Drauf, wackeres Volk! Drauf, ruft die Freiheit, drauf! Hoch schlägt dein Herz, hoch wachsen deine Eichen, was kümmern dich die Hügel deiner Leichen? Hoch pflanze da die Freiheitsfahne auf! Doch stehst du dann, mein Volk, bekränzt vom Glücke, in deiner Vorzeit heilgem Siegerglanz: Vergiß der treuen Toten nichtund schmücke auch unsere Urne mit einem Eichenkranz!</p>
<p><span style="text-decoration: underline;"><strong>1870-71</strong></span></p>
<p>Vor dem Kirchhof liegt ein Stein, einst den Gefallenen Kriegern vom deutsch-französischen Krieg gewidmet. Das eine Gedenktafel angebracht war, ist noch zu erkennen. Der Stein war einst vor der Feuerwehr aufgestellt. Möglicherweise wurde er 1959 nach der Straßenverbreiterung hierher umgestellt. Zu diesem Zeitpunkt war auch die Gedenktafel noch am Stein. Quelle: <a href="http://www.berlin-kladow.de/">berlin-kladow.de</a> Auf der Gedenktafel war folgende Inschrift:</p>
<address style="text-align: center;"><em><strong>Zum Andenken an die</strong></em></address>
<address style="text-align: center;"><em><strong>glorreichen Siege in</strong></em></address>
<address style="text-align: center;"><em><strong>Frankreich in den Jahren</strong></em></address>
<address style="text-align: center;"><em><strong>1870 und 1871</strong></em></address>
<address style="text-align: center;"> </address>
<p><span style="text-decoration: underline;"><strong>1914-1918</strong></span></p>
<p>Im Eingangsbereich zum Friedhof ist in der Friedhofsmauer innen eine Relief-Abbildung. Eingeweiht wurde es am 12. Juli 1925. Es handelt sich um eine Darstellung zweier um eine Grabstelle mit Kreuz versammelter Engel in einer Kartusche. Folgende Inschrift ist zu Lesen:</p>
<address style="text-align: center;"><strong><em>Geschichte verzeichne die Taten der Helden</em></strong></address>
<address style="text-align: center;"><strong><em>und Frieden o schmück der Gefallenen Grab</em></strong></address>
<address style="text-align: center;"> </address>
<p>Gegenüber findet sich an der Außenmauer der Kirche eine Tafel, welche die Namen von 26 Gefallenen aufführt. Diese Tafel hing einst an der Außenmauer der Feuerwehr. Eine weitere Gedenktafel befand oder befindet(?) sich noch an der Treppe in der Vorhalle der Kirche. Folgende Inschrift war hier über den Namen:</p>
<address style="text-align: center;"><em><strong>Auf daß wir Leben</strong></em></address>
<address style="text-align: center;"><em><strong>starben im Weltkrieg 1914-1918</strong></em></address>
<address style="text-align: center;"> </address>
<p><span style="font-style: italic;">Auf beiden Gedenktafeln, sind die selben Namen verzeichnet. </span></p>
<p><span style="text-decoration: underline;"><strong>1939-1945</strong></span></p>
<p>Auf dem Kirchhof sind <strong>20 Kriegsgräber</strong> verteilt zu finden, unter ihnen blieben drei Unbekannt. Einige wurden zusammen gebetet weitere ruhen noch an Familengräbern. Es konnten auch noch 7 private Gedenken dokumentiert werden.</p>
<p>Die Namen wurden in die Datenbanken eingepflegt.</p>
<p>&nbsp;</p>

<p>&nbsp; 14089 Berlin-Gatow Dorfkirchhof, Alt-Gatow 32-38 Bericht und Bilder von Thomas Gefallenendenkmäler Berlin/Brandenburg 1813-15 In der Kirche befindet oder befand sich eine Gedenktafel, mit folgende Inschrift: Im Freiheitskrieg fiel vor Paris am 30. März 1813 Joachim Parnemann   Der Himmel hilft, die &hellip; <a href="http://www.denkfried.de/wp/?page_id=10460">Weiterlesen <span class="meta-nav">&rarr;</span></a></p>
