{"id":10374,"date":"2011-07-23T16:04:31","date_gmt":"2011-07-23T14:04:31","guid":{"rendered":"http:\/\/www.denkfried.de\/wp\/?page_id=10374"},"modified":"2015-07-31T09:28:50","modified_gmt":"2015-07-31T07:28:50","slug":"westend","status":"publish","type":"page","link":"http:\/\/www.denkfried.de\/wp\/?page_id=10374","title":{"rendered":"&#8211; Heerstra\u00dfe"},"content":{"rendered":"<p>&nbsp;<\/p>\n<p><strong>Berlin-Westend<\/strong> Friedhof Heerstra\u00dfe, Trakehner Allee 1<\/p>\n<p>Bericht und Fotos von Thomas\u00a0<a href=\"http:\/\/g-bb.jimdo.com\/\">Gefallenendenkm\u00e4ler Berlin\/Brandenburg<\/a><\/p>\n<div id='gallery-1' class='gallery galleryid-10374 gallery-columns-3 gallery-size-thumbnail'><dl class='gallery-item'>\n\t\t\t<dt class='gallery-icon landscape'>\n\t\t\t\t<a href='http:\/\/www.denkfried.de\/wp\/?attachment_id=10379'><img loading=\"lazy\" decoding=\"async\" width=\"150\" height=\"150\" src=\"http:\/\/www.denkfried.de\/wp\/wp-content\/uploads\/2011\/07\/Heerstra\u00dfe3-150x150.jpg\" class=\"attachment-thumbnail size-thumbnail\" alt=\"\" \/><\/a>\n\t\t\t<\/dt><\/dl><dl class='gallery-item'>\n\t\t\t<dt class='gallery-icon portrait'>\n\t\t\t\t<a href='http:\/\/www.denkfried.de\/wp\/?attachment_id=10380'><img loading=\"lazy\" decoding=\"async\" width=\"150\" height=\"150\" src=\"http:\/\/www.denkfried.de\/wp\/wp-content\/uploads\/2011\/07\/Heerstra\u00dfe4-150x150.jpg\" class=\"attachment-thumbnail size-thumbnail\" alt=\"\" \/><\/a>\n\t\t\t<\/dt><\/dl><dl class='gallery-item'>\n\t\t\t<dt class='gallery-icon landscape'>\n\t\t\t\t<a href='http:\/\/www.denkfried.de\/wp\/?attachment_id=34791'><img loading=\"lazy\" decoding=\"async\" width=\"150\" height=\"150\" src=\"http:\/\/www.denkfried.de\/wp\/wp-content\/uploads\/2011\/07\/Berlin-Heerstra\u00dfe-Unbekannte-Soldaten-150x150.jpg\" class=\"attachment-thumbnail size-thumbnail\" alt=\"\" \/><\/a>\n\t\t\t<\/dt><\/dl><br style=\"clear: both\" \/><dl class='gallery-item'>\n\t\t\t<dt class='gallery-icon landscape'>\n\t\t\t\t<a href='http:\/\/www.denkfried.de\/wp\/?attachment_id=34790'><img loading=\"lazy\" decoding=\"async\" width=\"150\" height=\"150\" src=\"http:\/\/www.denkfried.de\/wp\/wp-content\/uploads\/2011\/07\/Berlin-Heerstra\u00dfe-Kriegsgr\u00e4ber-150x150.jpg\" class=\"attachment-thumbnail size-thumbnail\" alt=\"\" \/><\/a>\n\t\t\t<\/dt><\/dl><dl class='gallery-item'>\n\t\t\t<dt class='gallery-icon landscape'>\n\t\t\t\t<a href='http:\/\/www.denkfried.de\/wp\/?attachment_id=10382'><img loading=\"lazy\" decoding=\"async\" width=\"150\" height=\"150\" src=\"http:\/\/www.denkfried.de\/wp\/wp-content\/uploads\/2011\/07\/Heerstra\u00dfe6-150x150.jpg\" class=\"attachment-thumbnail size-thumbnail\" alt=\"\" \/><\/a>\n\t\t\t<\/dt><\/dl><dl class='gallery-item'>\n\t\t\t<dt class='gallery-icon portrait'>\n\t\t\t\t<a href='http:\/\/www.denkfried.de\/wp\/?attachment_id=34794'><img loading=\"lazy\" decoding=\"async\" width=\"150\" height=\"150\" src=\"http:\/\/www.denkfried.de\/wp\/wp-content\/uploads\/2011\/07\/Berlin-Westend-privates-Grab-150x150.jpg\" class=\"attachment-thumbnail size-thumbnail\" alt=\"\" \/><\/a>\n\t\t\t<\/dt><\/dl><br style=\"clear: both\" \/><dl class='gallery-item'>\n\t\t\t<dt class='gallery-icon landscape'>\n\t\t\t\t<a href='http:\/\/www.denkfried.de\/wp\/?attachment_id=34792'><img loading=\"lazy\" decoding=\"async\" width=\"150\" height=\"150\" src=\"http:\/\/www.denkfried.de\/wp\/wp-content\/uploads\/2011\/07\/Berlin-Westend-Gabst\u00e4tte-Heestra\u00dfe-3-150x150.jpg\" class=\"attachment-thumbnail size-thumbnail\" alt=\"\" \/><\/a>\n\t\t\t<\/dt><\/dl><dl class='gallery-item'>\n\t\t\t<dt class='gallery-icon portrait'>\n\t\t\t\t<a href='http:\/\/www.denkfried.de\/wp\/?attachment_id=34795'><img loading=\"lazy\" decoding=\"async\" width=\"150\" height=\"150\" src=\"http:\/\/www.denkfried.de\/wp\/wp-content\/uploads\/2011\/07\/Berlin-Westend-Gabst\u00e4tte-Heestra\u00dfe-150x150.jpg\" class=\"attachment-thumbnail size-thumbnail\" alt=\"\" \/><\/a>\n\t\t\t<\/dt><\/dl><dl class='gallery-item'>\n\t\t\t<dt class='gallery-icon landscape'>\n\t\t\t\t<a href='http:\/\/www.denkfried.de\/wp\/?attachment_id=34814'><img loading=\"lazy\" decoding=\"async\" width=\"150\" height=\"150\" src=\"http:\/\/www.denkfried.de\/wp\/wp-content\/uploads\/2011\/07\/Berlin-Friedhof-Heerstra\u00dfe-QR-Code-150x150.jpg\" class=\"attachment-thumbnail size-thumbnail\" alt=\"\" \/><\/a>\n\t\t\t<\/dt><\/dl><br style=\"clear: both\" \/>\n\t\t<\/div>\n\n<p>Der Friedhof befindet sich nicht, wie der Name vermuten lassen k\u00f6nnte, an der Heerstra\u00dfe,\u00a0sondern an der Trakehner Allee, in der N\u00e4he des Olympiastadions. Unmittelbar nach dem Zweiten Weltkrieg, am 13. Mai 1945, wurde der Friedhof auf der \u00f6stlichen Seeseite erweitert. Die Fl\u00e4che wurde damals dringend ben\u00f6tigt, um die Kriegstoten beerdigen zu k\u00f6nnen.<\/p>\n<p>Hier gibt es ein gro\u00dfes Ehrenfeld, und ein kleines Feld f\u00fcr <strong>1342 Kriegstote<\/strong> aus dem Zweiten Weltkrieg. Unter den Toten blieben 380 Namenlos, bei weiteren 45 fehlte bei meinem Besuch der Grabstein. Am kleinem Feld befinden sich am Hauptweg, drei kleine Steine, mit der Aufschrift: <strong>Soldatengr\u00e4ber. <\/strong>Auf dem gr\u00f6\u00dfen Grabfeld befindet sich ein Steinkreuz, zentral der Anlage ohne Aufschrift.<strong><br \/>\n<\/strong><\/p>\n<p>Die Namen wurden in die Datenbank eingepflegt. Es konnte noch ein privates Grab und ein privates Gedenken dokumentiert werden.<\/p>\n<p><strong>Gemeinschaftsgrabst\u00e4tte<\/strong><\/p>\n<p>Eine Anlage f\u00fcr Gemeinschaftsgr\u00e4ber, befindet sich im hinteren Friedhofsareal. Baubeginn war am Volkstrauertag, 15. November 2009. Unterst\u00fctzt vom Volksbund kann hier jeder bestattet werden, Von den Geb\u00fchren geht ein Teil an die Pflege und weitere Arbeiten des Volksbundes. Inschrift am Gedenkstein:<\/p>\n<address style=\"text-align: center;\"><em><strong>Grabst\u00e4tte<\/strong><\/em><\/address>\n<address style=\"text-align: center;\"><em><strong>Volksbund<\/strong><\/em><\/address>\n<address style=\"text-align: center;\"><em><strong>Deutscher<\/strong><\/em><\/address>\n<address style=\"text-align: center;\"><em><strong>Kriegsgr\u00e4ber<\/strong><\/em><\/address>\n<address style=\"text-align: center;\"><em><strong>F\u00fcrsorge<\/strong><\/em><\/address>\n<address style=\"text-align: center;\">\u00a0<\/address>\n<p>Seitlich ist ein QR-Code angebracht wenn man diese abscannt, kommt die Erkl\u00e4rung zur Anlage. QR Code: <a href=\"http:\/\/www.gemeinschaftsgrabstaette.de\/\">Gemeinschaftsgrabst\u00e4tte.de<\/a><\/p>\n<p>&nbsp;<\/p>\n","protected":false},"excerpt":{"rendered":"<p>&nbsp; Berlin-Westend Friedhof Heerstra\u00dfe, Trakehner Allee 1 Bericht und Fotos von Thomas\u00a0Gefallenendenkm\u00e4ler Berlin\/Brandenburg Der Friedhof befindet sich nicht, wie der Name vermuten lassen k\u00f6nnte, an der Heerstra\u00dfe,\u00a0sondern an der Trakehner Allee, in der N\u00e4he des Olympiastadions. Unmittelbar nach dem Zweiten &hellip; <a href=\"http:\/\/www.denkfried.de\/wp\/?page_id=10374\">Weiterlesen <span class=\"meta-nav\">&rarr;<\/span><\/a><\/p>\n","protected":false},"author":2,"featured_media":0,"parent":15527,"menu_order":0,"comment_status":"closed","ping_status":"open","template":"","meta":{"footnotes":""},"class_list":["post-10374","page","type-page","status-publish","hentry"],"_links":{"self":[{"href":"http:\/\/www.denkfried.de\/wp\/index.php?rest_route=\/wp\/v2\/pages\/10374","targetHints":{"allow":["GET"]}}],"collection":[{"href":"http:\/\/www.denkfried.de\/wp\/index.php?rest_route=\/wp\/v2\/pages"}],"about":[{"href":"http:\/\/www.denkfried.de\/wp\/index.php?rest_route=\/wp\/v2\/types\/page"}],"author":[{"embeddable":true,"href":"http:\/\/www.denkfried.de\/wp\/index.php?rest_route=\/wp\/v2\/users\/2"}],"replies":[{"embeddable":true,"href":"http:\/\/www.denkfried.de\/wp\/index.php?rest_route=%2Fwp%2Fv2%2Fcomments&post=10374"}],"version-history":[{"count":27,"href":"http:\/\/www.denkfried.de\/wp\/index.php?rest_route=\/wp\/v2\/pages\/10374\/revisions"}],"predecessor-version":[{"id":38852,"href":"http:\/\/www.denkfried.de\/wp\/index.php?rest_route=\/wp\/v2\/pages\/10374\/revisions\/38852"}],"up":[{"embeddable":true,"href":"http:\/\/www.denkfried.de\/wp\/index.php?rest_route=\/wp\/v2\/pages\/15527"}],"wp:attachment":[{"href":"http:\/\/www.denkfried.de\/wp\/index.php?rest_route=%2Fwp%2Fv2%2Fmedia&parent=10374"}],"curies":[{"name":"wp","href":"https:\/\/api.w.org\/{rel}","templated":true}]}}

&#8211; Heerstraße

<p>&nbsp;</p>
<p><strong>Berlin-Westend</strong> Friedhof Heerstraße, Trakehner Allee 1</p>
<p>Bericht und Fotos von Thomas <a href="http://g-bb.jimdo.com/">Gefallenendenkmäler Berlin/Brandenburg</a></p>
<div id='gallery-1' class='gallery galleryid-10374 gallery-columns-3 gallery-size-thumbnail'><dl class='gallery-item'>
			<dt class='gallery-icon landscape'>
				<a href='http://www.denkfried.de/wp/?attachment_id=10379'><img loading="lazy" decoding="async" width="150" height="150" src="http://www.denkfried.de/wp/wp-content/uploads/2011/07/Heerstraße3-150x150.jpg" class="attachment-thumbnail size-thumbnail" alt="" /></a>
			</dt></dl><dl class='gallery-item'>
			<dt class='gallery-icon portrait'>
				<a href='http://www.denkfried.de/wp/?attachment_id=10380'><img loading="lazy" decoding="async" width="150" height="150" src="http://www.denkfried.de/wp/wp-content/uploads/2011/07/Heerstraße4-150x150.jpg" class="attachment-thumbnail size-thumbnail" alt="" /></a>
			</dt></dl><dl class='gallery-item'>
			<dt class='gallery-icon landscape'>
				<a href='http://www.denkfried.de/wp/?attachment_id=34791'><img loading="lazy" decoding="async" width="150" height="150" src="http://www.denkfried.de/wp/wp-content/uploads/2011/07/Berlin-Heerstraße-Unbekannte-Soldaten-150x150.jpg" class="attachment-thumbnail size-thumbnail" alt="" /></a>
			</dt></dl><br style="clear: both" /><dl class='gallery-item'>
			<dt class='gallery-icon landscape'>
				<a href='http://www.denkfried.de/wp/?attachment_id=34790'><img loading="lazy" decoding="async" width="150" height="150" src="http://www.denkfried.de/wp/wp-content/uploads/2011/07/Berlin-Heerstraße-Kriegsgräber-150x150.jpg" class="attachment-thumbnail size-thumbnail" alt="" /></a>
			</dt></dl><dl class='gallery-item'>
			<dt class='gallery-icon landscape'>
				<a href='http://www.denkfried.de/wp/?attachment_id=10382'><img loading="lazy" decoding="async" width="150" height="150" src="http://www.denkfried.de/wp/wp-content/uploads/2011/07/Heerstraße6-150x150.jpg" class="attachment-thumbnail size-thumbnail" alt="" /></a>
			</dt></dl><dl class='gallery-item'>
			<dt class='gallery-icon portrait'>
				<a href='http://www.denkfried.de/wp/?attachment_id=34794'><img loading="lazy" decoding="async" width="150" height="150" src="http://www.denkfried.de/wp/wp-content/uploads/2011/07/Berlin-Westend-privates-Grab-150x150.jpg" class="attachment-thumbnail size-thumbnail" alt="" /></a>
			</dt></dl><br style="clear: both" /><dl class='gallery-item'>
			<dt class='gallery-icon landscape'>
				<a href='http://www.denkfried.de/wp/?attachment_id=34792'><img loading="lazy" decoding="async" width="150" height="150" src="http://www.denkfried.de/wp/wp-content/uploads/2011/07/Berlin-Westend-Gabstätte-Heestraße-3-150x150.jpg" class="attachment-thumbnail size-thumbnail" alt="" /></a>
			</dt></dl><dl class='gallery-item'>
			<dt class='gallery-icon portrait'>
				<a href='http://www.denkfried.de/wp/?attachment_id=34795'><img loading="lazy" decoding="async" width="150" height="150" src="http://www.denkfried.de/wp/wp-content/uploads/2011/07/Berlin-Westend-Gabstätte-Heestraße-150x150.jpg" class="attachment-thumbnail size-thumbnail" alt="" /></a>
			</dt></dl><dl class='gallery-item'>
			<dt class='gallery-icon landscape'>
				<a href='http://www.denkfried.de/wp/?attachment_id=34814'><img loading="lazy" decoding="async" width="150" height="150" src="http://www.denkfried.de/wp/wp-content/uploads/2011/07/Berlin-Friedhof-Heerstraße-QR-Code-150x150.jpg" class="attachment-thumbnail size-thumbnail" alt="" /></a>
			</dt></dl><br style="clear: both" />
		</div>

<p>Der Friedhof befindet sich nicht, wie der Name vermuten lassen könnte, an der Heerstraße, sondern an der Trakehner Allee, in der Nähe des Olympiastadions. Unmittelbar nach dem Zweiten Weltkrieg, am 13. Mai 1945, wurde der Friedhof auf der östlichen Seeseite erweitert. Die Fläche wurde damals dringend benötigt, um die Kriegstoten beerdigen zu können.</p>
<p>Hier gibt es ein großes Ehrenfeld, und ein kleines Feld für <strong>1342 Kriegstote</strong> aus dem Zweiten Weltkrieg. Unter den Toten blieben 380 Namenlos, bei weiteren 45 fehlte bei meinem Besuch der Grabstein. Am kleinem Feld befinden sich am Hauptweg, drei kleine Steine, mit der Aufschrift: <strong>Soldatengräber. </strong>Auf dem größen Grabfeld befindet sich ein Steinkreuz, zentral der Anlage ohne Aufschrift.<strong><br />
</strong></p>
<p>Die Namen wurden in die Datenbank eingepflegt. Es konnte noch ein privates Grab und ein privates Gedenken dokumentiert werden.</p>
<p><strong>Gemeinschaftsgrabstätte</strong></p>
<p>Eine Anlage für Gemeinschaftsgräber, befindet sich im hinteren Friedhofsareal. Baubeginn war am Volkstrauertag, 15. November 2009. Unterstützt vom Volksbund kann hier jeder bestattet werden, Von den Gebühren geht ein Teil an die Pflege und weitere Arbeiten des Volksbundes. Inschrift am Gedenkstein:</p>
<address style="text-align: center;"><em><strong>Grabstätte</strong></em></address>
<address style="text-align: center;"><em><strong>Volksbund</strong></em></address>
<address style="text-align: center;"><em><strong>Deutscher</strong></em></address>
<address style="text-align: center;"><em><strong>Kriegsgräber</strong></em></address>
<address style="text-align: center;"><em><strong>Fürsorge</strong></em></address>
<address style="text-align: center;"> </address>
<p>Seitlich ist ein QR-Code angebracht wenn man diese abscannt, kommt die Erklärung zur Anlage. QR Code: <a href="http://www.gemeinschaftsgrabstaette.de/">Gemeinschaftsgrabstätte.de</a></p>
<p>&nbsp;</p>

<p>&nbsp; Berlin-Westend Friedhof Heerstraße, Trakehner Allee 1 Bericht und Fotos von Thomas Gefallenendenkmäler Berlin/Brandenburg Der Friedhof befindet sich nicht, wie der Name vermuten lassen könnte, an der Heerstraße, sondern an der Trakehner Allee, in der Nähe des Olympiastadions. Unmittelbar nach dem Zweiten &hellip; <a href="http://www.denkfried.de/wp/?page_id=10374">Weiterlesen <span class="meta-nav">&rarr;</span></a></p>
