{"id":10098,"date":"2011-07-19T14:45:24","date_gmt":"2011-07-19T12:45:24","guid":{"rendered":"http:\/\/www.denkfried.de\/wp\/?page_id=10098"},"modified":"2011-07-19T14:45:24","modified_gmt":"2011-07-19T12:45:24","slug":"frasnoy-62","status":"publish","type":"page","link":"http:\/\/www.denkfried.de\/wp\/?page_id=10098","title":{"rendered":"Frasnoy  (62)"},"content":{"rendered":"<p>&nbsp;<\/p>\n<p><span style=\"text-decoration: underline;\"><strong>59530 Frasnoy<\/strong><\/span><\/p>\n<p><em>Aus dem Reisebericht von Hubert M. :<\/em><\/p>\n<p><em>&#8222;Eine neue Tour beginnt mit dem deutschen Soldatenfriedhof Frasnoy 1.W.K., Nr.62 nordwestlich von Frasnoy. Auf diesem nach dem Krieg von den franz\u00f6sischen Milit\u00e4rbeh\u00f6rden angelegten Friedhof sind 4470 deutsche Gefallene aus 81 Gemeinden im Umkreis von 20 km beigesetzt worden. Die H\u00e4lfte der Soldaten kam aus einem von der Truppe angelegten Friedhof von Valenciennes. Auch ein Russe wurde hier bestattet. Im gemeinsamen Kameradengrab ruhen 1439 Soldaten von denen nur 84 namentlich bekannt sind. Nach dem Zweiten Weltkrieg begr\u00fcnte der Volksbund die Gr\u00e4ber und pflanzte Str\u00e4ucher und fasste das Kameradengrab mit Steinen ein, renovierte das von der Truppe geschaffene Denkmal mit dem Kopf eines trauernden Soldaten. 1970 wurden die Holzkreuze durch welche aus Metall ausgetauscht.&#8220;<\/em><\/p>\n<p><em>Bilder vom 17.02.2006<\/em><\/p>\n<div id='gallery-1' class='gallery galleryid-10098 gallery-columns-3 gallery-size-thumbnail'><dl class='gallery-item'>\n\t\t\t<dt class='gallery-icon landscape'>\n\t\t\t\t<a href='http:\/\/www.denkfried.de\/wp\/?attachment_id=10101'><img loading=\"lazy\" decoding=\"async\" width=\"150\" height=\"150\" src=\"http:\/\/www.denkfried.de\/wp\/wp-content\/uploads\/2011\/07\/Frasnoy-Eingang-01-150x150.jpg\" class=\"attachment-thumbnail size-thumbnail\" alt=\"\" \/><\/a>\n\t\t\t<\/dt><\/dl><dl class='gallery-item'>\n\t\t\t<dt class='gallery-icon landscape'>\n\t\t\t\t<a href='http:\/\/www.denkfried.de\/wp\/?attachment_id=10104'><img loading=\"lazy\" decoding=\"async\" width=\"150\" height=\"150\" src=\"http:\/\/www.denkfried.de\/wp\/wp-content\/uploads\/2011\/07\/Frasnoy-Hinweisplatte-02-150x150.jpg\" class=\"attachment-thumbnail size-thumbnail\" alt=\"\" \/><\/a>\n\t\t\t<\/dt><\/dl><dl class='gallery-item'>\n\t\t\t<dt class='gallery-icon landscape'>\n\t\t\t\t<a href='http:\/\/www.denkfried.de\/wp\/?attachment_id=10107'><img loading=\"lazy\" decoding=\"async\" width=\"150\" height=\"150\" src=\"http:\/\/www.denkfried.de\/wp\/wp-content\/uploads\/2011\/07\/Frasnoy-Ansicht-Grabkreuze-04-150x150.jpg\" class=\"attachment-thumbnail size-thumbnail\" alt=\"\" \/><\/a>\n\t\t\t<\/dt><\/dl><br style=\"clear: both\" \/><dl class='gallery-item'>\n\t\t\t<dt class='gallery-icon landscape'>\n\t\t\t\t<a href='http:\/\/www.denkfried.de\/wp\/?attachment_id=10103'><img loading=\"lazy\" decoding=\"async\" width=\"150\" height=\"150\" src=\"http:\/\/www.denkfried.de\/wp\/wp-content\/uploads\/2011\/07\/Frasnoy-Grabstein-aus-Gr\u00fcnderzeit-07-150x150.jpg\" class=\"attachment-thumbnail size-thumbnail\" alt=\"\" \/><\/a>\n\t\t\t<\/dt><\/dl><dl class='gallery-item'>\n\t\t\t<dt class='gallery-icon portrait'>\n\t\t\t\t<a href='http:\/\/www.denkfried.de\/wp\/?attachment_id=10105'><img loading=\"lazy\" decoding=\"async\" width=\"150\" height=\"150\" src=\"http:\/\/www.denkfried.de\/wp\/wp-content\/uploads\/2011\/07\/Frasnoy-Luftschiffer-08-150x150.jpg\" class=\"attachment-thumbnail size-thumbnail\" alt=\"\" \/><\/a>\n\t\t\t<\/dt><\/dl><dl class='gallery-item'>\n\t\t\t<dt class='gallery-icon portrait'>\n\t\t\t\t<a href='http:\/\/www.denkfried.de\/wp\/?attachment_id=10106'><img loading=\"lazy\" decoding=\"async\" width=\"150\" height=\"150\" src=\"http:\/\/www.denkfried.de\/wp\/wp-content\/uploads\/2011\/07\/Frasnoy-Russengrab-09-150x150.jpg\" class=\"attachment-thumbnail size-thumbnail\" alt=\"\" \/><\/a>\n\t\t\t<\/dt><\/dl><br style=\"clear: both\" \/><dl class='gallery-item'>\n\t\t\t<dt class='gallery-icon landscape'>\n\t\t\t\t<a href='http:\/\/www.denkfried.de\/wp\/?attachment_id=10102'><img loading=\"lazy\" decoding=\"async\" width=\"150\" height=\"150\" src=\"http:\/\/www.denkfried.de\/wp\/wp-content\/uploads\/2011\/07\/Frasnoy-Gedenkplatte-Kameradengrab-010-150x150.jpg\" class=\"attachment-thumbnail size-thumbnail\" alt=\"\" \/><\/a>\n\t\t\t<\/dt><\/dl><dl class='gallery-item'>\n\t\t\t<dt class='gallery-icon landscape'>\n\t\t\t\t<a href='http:\/\/www.denkfried.de\/wp\/?attachment_id=10100'><img loading=\"lazy\" decoding=\"async\" width=\"150\" height=\"150\" src=\"http:\/\/www.denkfried.de\/wp\/wp-content\/uploads\/2011\/07\/Frasnoy-Ehrenmal-von-der-Truppe-geschaffen-011-150x150.jpg\" class=\"attachment-thumbnail size-thumbnail\" alt=\"\" \/><\/a>\n\t\t\t<\/dt><\/dl><dl class='gallery-item'>\n\t\t\t<dt class='gallery-icon landscape'>\n\t\t\t\t<a href='http:\/\/www.denkfried.de\/wp\/?attachment_id=10099'><img loading=\"lazy\" decoding=\"async\" width=\"150\" height=\"150\" src=\"http:\/\/www.denkfried.de\/wp\/wp-content\/uploads\/2011\/07\/Frasnoy-Blick-\u00fcber-Kameradengrab-012-150x150.jpg\" class=\"attachment-thumbnail size-thumbnail\" alt=\"\" \/><\/a>\n\t\t\t<\/dt><\/dl><br style=\"clear: both\" \/>\n\t\t<\/div>\n\n","protected":false},"excerpt":{"rendered":"<p>&nbsp; 59530 Frasnoy Aus dem Reisebericht von Hubert M. : &#8222;Eine neue Tour beginnt mit dem deutschen Soldatenfriedhof Frasnoy 1.W.K., Nr.62 nordwestlich von Frasnoy. Auf diesem nach dem Krieg von den franz\u00f6sischen Milit\u00e4rbeh\u00f6rden angelegten Friedhof sind 4470 deutsche Gefallene aus &hellip; <a href=\"http:\/\/www.denkfried.de\/wp\/?page_id=10098\">Weiterlesen <span class=\"meta-nav\">&rarr;<\/span><\/a><\/p>\n","protected":false},"author":2,"featured_media":0,"parent":8271,"menu_order":0,"comment_status":"closed","ping_status":"open","template":"","meta":{"footnotes":""},"class_list":["post-10098","page","type-page","status-publish","hentry"],"_links":{"self":[{"href":"http:\/\/www.denkfried.de\/wp\/index.php?rest_route=\/wp\/v2\/pages\/10098","targetHints":{"allow":["GET"]}}],"collection":[{"href":"http:\/\/www.denkfried.de\/wp\/index.php?rest_route=\/wp\/v2\/pages"}],"about":[{"href":"http:\/\/www.denkfried.de\/wp\/index.php?rest_route=\/wp\/v2\/types\/page"}],"author":[{"embeddable":true,"href":"http:\/\/www.denkfried.de\/wp\/index.php?rest_route=\/wp\/v2\/users\/2"}],"replies":[{"embeddable":true,"href":"http:\/\/www.denkfried.de\/wp\/index.php?rest_route=%2Fwp%2Fv2%2Fcomments&post=10098"}],"version-history":[{"count":2,"href":"http:\/\/www.denkfried.de\/wp\/index.php?rest_route=\/wp\/v2\/pages\/10098\/revisions"}],"predecessor-version":[{"id":10109,"href":"http:\/\/www.denkfried.de\/wp\/index.php?rest_route=\/wp\/v2\/pages\/10098\/revisions\/10109"}],"up":[{"embeddable":true,"href":"http:\/\/www.denkfried.de\/wp\/index.php?rest_route=\/wp\/v2\/pages\/8271"}],"wp:attachment":[{"href":"http:\/\/www.denkfried.de\/wp\/index.php?rest_route=%2Fwp%2Fv2%2Fmedia&parent=10098"}],"curies":[{"name":"wp","href":"https:\/\/api.w.org\/{rel}","templated":true}]}}

<p>&nbsp;</p>
<p><span style="text-decoration: underline;"><strong>59530 Frasnoy</strong></span></p>
<p><em>Aus dem Reisebericht von Hubert M. :</em></p>
<p><em>&#8222;Eine neue Tour beginnt mit dem deutschen Soldatenfriedhof Frasnoy 1.W.K., Nr.62 nordwestlich von Frasnoy. Auf diesem nach dem Krieg von den französischen Militärbehörden angelegten Friedhof sind 4470 deutsche Gefallene aus 81 Gemeinden im Umkreis von 20 km beigesetzt worden. Die Hälfte der Soldaten kam aus einem von der Truppe angelegten Friedhof von Valenciennes. Auch ein Russe wurde hier bestattet. Im gemeinsamen Kameradengrab ruhen 1439 Soldaten von denen nur 84 namentlich bekannt sind. Nach dem Zweiten Weltkrieg begrünte der Volksbund die Gräber und pflanzte Sträucher und fasste das Kameradengrab mit Steinen ein, renovierte das von der Truppe geschaffene Denkmal mit dem Kopf eines trauernden Soldaten. 1970 wurden die Holzkreuze durch welche aus Metall ausgetauscht.&#8220;</em></p>
<p><em>Bilder vom 17.02.2006</em></p>
<div id='gallery-1' class='gallery galleryid-10098 gallery-columns-3 gallery-size-thumbnail'><dl class='gallery-item'>
			<dt class='gallery-icon landscape'>
				<a href='http://www.denkfried.de/wp/?attachment_id=10101'><img loading="lazy" decoding="async" width="150" height="150" src="http://www.denkfried.de/wp/wp-content/uploads/2011/07/Frasnoy-Eingang-01-150x150.jpg" class="attachment-thumbnail size-thumbnail" alt="" /></a>
			</dt></dl><dl class='gallery-item'>
			<dt class='gallery-icon landscape'>
				<a href='http://www.denkfried.de/wp/?attachment_id=10104'><img loading="lazy" decoding="async" width="150" height="150" src="http://www.denkfried.de/wp/wp-content/uploads/2011/07/Frasnoy-Hinweisplatte-02-150x150.jpg" class="attachment-thumbnail size-thumbnail" alt="" /></a>
			</dt></dl><dl class='gallery-item'>
			<dt class='gallery-icon landscape'>
				<a href='http://www.denkfried.de/wp/?attachment_id=10107'><img loading="lazy" decoding="async" width="150" height="150" src="http://www.denkfried.de/wp/wp-content/uploads/2011/07/Frasnoy-Ansicht-Grabkreuze-04-150x150.jpg" class="attachment-thumbnail size-thumbnail" alt="" /></a>
			</dt></dl><br style="clear: both" /><dl class='gallery-item'>
			<dt class='gallery-icon landscape'>
				<a href='http://www.denkfried.de/wp/?attachment_id=10103'><img loading="lazy" decoding="async" width="150" height="150" src="http://www.denkfried.de/wp/wp-content/uploads/2011/07/Frasnoy-Grabstein-aus-Gründerzeit-07-150x150.jpg" class="attachment-thumbnail size-thumbnail" alt="" /></a>
			</dt></dl><dl class='gallery-item'>
			<dt class='gallery-icon portrait'>
				<a href='http://www.denkfried.de/wp/?attachment_id=10105'><img loading="lazy" decoding="async" width="150" height="150" src="http://www.denkfried.de/wp/wp-content/uploads/2011/07/Frasnoy-Luftschiffer-08-150x150.jpg" class="attachment-thumbnail size-thumbnail" alt="" /></a>
			</dt></dl><dl class='gallery-item'>
			<dt class='gallery-icon portrait'>
				<a href='http://www.denkfried.de/wp/?attachment_id=10106'><img loading="lazy" decoding="async" width="150" height="150" src="http://www.denkfried.de/wp/wp-content/uploads/2011/07/Frasnoy-Russengrab-09-150x150.jpg" class="attachment-thumbnail size-thumbnail" alt="" /></a>
			</dt></dl><br style="clear: both" /><dl class='gallery-item'>
			<dt class='gallery-icon landscape'>
				<a href='http://www.denkfried.de/wp/?attachment_id=10102'><img loading="lazy" decoding="async" width="150" height="150" src="http://www.denkfried.de/wp/wp-content/uploads/2011/07/Frasnoy-Gedenkplatte-Kameradengrab-010-150x150.jpg" class="attachment-thumbnail size-thumbnail" alt="" /></a>
			</dt></dl><dl class='gallery-item'>
			<dt class='gallery-icon landscape'>
				<a href='http://www.denkfried.de/wp/?attachment_id=10100'><img loading="lazy" decoding="async" width="150" height="150" src="http://www.denkfried.de/wp/wp-content/uploads/2011/07/Frasnoy-Ehrenmal-von-der-Truppe-geschaffen-011-150x150.jpg" class="attachment-thumbnail size-thumbnail" alt="" /></a>
			</dt></dl><dl class='gallery-item'>
			<dt class='gallery-icon landscape'>
				<a href='http://www.denkfried.de/wp/?attachment_id=10099'><img loading="lazy" decoding="async" width="150" height="150" src="http://www.denkfried.de/wp/wp-content/uploads/2011/07/Frasnoy-Blick-über-Kameradengrab-012-150x150.jpg" class="attachment-thumbnail size-thumbnail" alt="" /></a>
			</dt></dl><br style="clear: both" />
		</div>

<p>&nbsp; 59530 Frasnoy Aus dem Reisebericht von Hubert M. : &#8222;Eine neue Tour beginnt mit dem deutschen Soldatenfriedhof Frasnoy 1.W.K., Nr.62 nordwestlich von Frasnoy. Auf diesem nach dem Krieg von den französischen Militärbehörden angelegten Friedhof sind 4470 deutsche Gefallene aus &hellip; <a href="http://www.denkfried.de/wp/?page_id=10098">Weiterlesen <span class="meta-nav">&rarr;</span></a></p>
