{"id":34657,"date":"2014-03-08T18:20:10","date_gmt":"2014-03-08T17:20:10","guid":{"rendered":"http:\/\/www.denkfried.de\/wp\/wp-content\/uploads\/2011\/11\/Friedhof-Berlin-Pl\u00f6tzensee-Kriegsgr\u00e4berfeld.jpg"},"modified":"2014-03-08T18:20:10","modified_gmt":"2014-03-08T17:20:10","slug":"friedhof-berlin-ploetzensee-kriegsgraeberfeld","status":"inherit","type":"attachment","link":"http:\/\/www.denkfried.de\/wp\/?attachment_id=34657","title":{"rendered":"Friedhof Berlin Pl\u00f6tzensee Kriegsgr\u00e4berfeld"},"author":9,"featured_media":0,"comment_status":"closed","ping_status":"open","template":"","meta":[],"class_list":["post-34657","attachment","type-attachment","status-inherit","hentry"],"description":{"rendered":"<p class=\"attachment\"><a href='http:\/\/www.denkfried.de\/wp\/wp-content\/uploads\/2011\/11\/Friedhof-Berlin-Pl\u00f6tzensee-Kriegsgr\u00e4berfeld.jpg'><img loading=\"lazy\" decoding=\"async\" width=\"300\" height=\"198\" src=\"http:\/\/www.denkfried.de\/wp\/wp-content\/uploads\/2011\/11\/Friedhof-Berlin-Pl\u00f6tzensee-Kriegsgr\u00e4berfeld-300x198.jpg\" class=\"attachment-medium size-medium\" alt=\"\" srcset=\"http:\/\/www.denkfried.de\/wp\/wp-content\/uploads\/2011\/11\/Friedhof-Berlin-Pl\u00f6tzensee-Kriegsgr\u00e4berfeld-300x198.jpg 300w, http:\/\/www.denkfried.de\/wp\/wp-content\/uploads\/2011\/11\/Friedhof-Berlin-Pl\u00f6tzensee-Kriegsgr\u00e4berfeld.jpg 720w\" sizes=\"auto, (max-width: 300px) 100vw, 300px\" \/><\/a><\/p>\n"},"caption":{"rendered":""},"alt_text":"","media_type":"image","mime_type":"image\/jpeg","media_details":{"width":720,"height":477,"file":"2011\/11\/Friedhof-Berlin-Pl\u00f6tzensee-Kriegsgr\u00e4berfeld.jpg","sizes":{"thumbnail":{"file":"Friedhof-Berlin-Pl\u00f6tzensee-Kriegsgr\u00e4berfeld-150x150.jpg","width":150,"height":150,"mime_type":"image\/jpeg","source_url":"http:\/\/www.denkfried.de\/wp\/wp-content\/uploads\/2011\/11\/Friedhof-Berlin-Pl\u00f6tzensee-Kriegsgr\u00e4berfeld-150x150.jpg"},"medium":{"file":"Friedhof-Berlin-Pl\u00f6tzensee-Kriegsgr\u00e4berfeld-300x198.jpg","width":300,"height":198,"mime_type":"image\/jpeg","source_url":"http:\/\/www.denkfried.de\/wp\/wp-content\/uploads\/2011\/11\/Friedhof-Berlin-Pl\u00f6tzensee-Kriegsgr\u00e4berfeld-300x198.jpg"},"post-thumbnail":{"file":"Friedhof-Berlin-Pl\u00f6tzensee-Kriegsgr\u00e4berfeld-720x198.jpg","width":720,"height":198,"mime_type":"image\/jpeg","source_url":"http:\/\/www.denkfried.de\/wp\/wp-content\/uploads\/2011\/11\/Friedhof-Berlin-Pl\u00f6tzensee-Kriegsgr\u00e4berfeld-720x198.jpg"},"full":{"file":"Friedhof-Berlin-Pl\u00f6tzensee-Kriegsgr\u00e4berfeld.jpg","width":720,"height":477,"mime_type":"image\/jpeg","source_url":"http:\/\/www.denkfried.de\/wp\/wp-content\/uploads\/2011\/11\/Friedhof-Berlin-Pl\u00f6tzensee-Kriegsgr\u00e4berfeld.jpg"}},"image_meta":{"aperture":0,"credit":"","camera":"","caption":"","created_timestamp":0,"copyright":"","focal_length":0,"iso":0,"shutter_speed":0,"title":""}},"post":15174,"source_url":"http:\/\/www.denkfried.de\/wp\/wp-content\/uploads\/2011\/11\/Friedhof-Berlin-Pl\u00f6tzensee-Kriegsgr\u00e4berfeld.jpg","_links":{"self":[{"href":"http:\/\/www.denkfried.de\/wp\/index.php?rest_route=\/wp\/v2\/media\/34657","targetHints":{"allow":["GET"]}}],"collection":[{"href":"http:\/\/www.denkfried.de\/wp\/index.php?rest_route=\/wp\/v2\/media"}],"about":[{"href":"http:\/\/www.denkfried.de\/wp\/index.php?rest_route=\/wp\/v2\/types\/attachment"}],"author":[{"embeddable":true,"href":"http:\/\/www.denkfried.de\/wp\/index.php?rest_route=\/wp\/v2\/users\/9"}],"replies":[{"embeddable":true,"href":"http:\/\/www.denkfried.de\/wp\/index.php?rest_route=%2Fwp%2Fv2%2Fcomments&post=34657"}],"wp:attached-to":[{"embeddable":true,"post_type":"page","id":15174,"href":"http:\/\/www.denkfried.de\/wp\/index.php?rest_route=\/wp\/v2\/pages\/15174"}],"curies":[{"name":"wp","href":"https:\/\/api.w.org\/{rel}","templated":true}]}}

http://www.denkfried.de/wp/wp-content/uploads/2011/11/Friedhof-Berlin-Plötzensee-Kriegsgräberfeld.jpg

Friedhof Berlin Plötzensee Kriegsgräberfeld

<p class="attachment"><a href='http://www.denkfried.de/wp/wp-content/uploads/2011/11/Friedhof-Berlin-Plötzensee-Kriegsgräberfeld.jpg'><img loading="lazy" decoding="async" width="300" height="198" src="http://www.denkfried.de/wp/wp-content/uploads/2011/11/Friedhof-Berlin-Plötzensee-Kriegsgräberfeld-300x198.jpg" class="attachment-medium size-medium" alt="" srcset="http://www.denkfried.de/wp/wp-content/uploads/2011/11/Friedhof-Berlin-Plötzensee-Kriegsgräberfeld-300x198.jpg 300w, http://www.denkfried.de/wp/wp-content/uploads/2011/11/Friedhof-Berlin-Plötzensee-Kriegsgräberfeld.jpg 720w" sizes="auto, (max-width: 300px) 100vw, 300px" /></a></p>

2011/11/Friedhof-Berlin-Plötzensee-Kriegsgräberfeld.jpg

Friedhof-Berlin-Plötzensee-Kriegsgräberfeld-150x150.jpg

http://www.denkfried.de/wp/wp-content/uploads/2011/11/Friedhof-Berlin-Plötzensee-Kriegsgräberfeld-150x150.jpg

Friedhof-Berlin-Plötzensee-Kriegsgräberfeld-300x198.jpg

http://www.denkfried.de/wp/wp-content/uploads/2011/11/Friedhof-Berlin-Plötzensee-Kriegsgräberfeld-300x198.jpg

Friedhof-Berlin-Plötzensee-Kriegsgräberfeld-720x198.jpg

http://www.denkfried.de/wp/wp-content/uploads/2011/11/Friedhof-Berlin-Plötzensee-Kriegsgräberfeld-720x198.jpg

Friedhof-Berlin-Plötzensee-Kriegsgräberfeld.jpg
