{"id":27481,"date":"2012-11-30T21:54:33","date_gmt":"2012-11-30T20:54:33","guid":{"rendered":"http:\/\/www.denkfried.de\/wp\/wp-content\/uploads\/2012\/11\/Kriegsgr\u00e4berst\u00e4tte-Stryj.jpg"},"modified":"2012-11-30T21:54:33","modified_gmt":"2012-11-30T20:54:33","slug":"kriegsgraberstatte-stryj","status":"inherit","type":"attachment","link":"http:\/\/www.denkfried.de\/wp\/?attachment_id=27481","title":{"rendered":"Kriegsgr\u00e4berst\u00e4tte Stryj"},"author":9,"featured_media":0,"comment_status":"closed","ping_status":"open","template":"","meta":[],"class_list":["post-27481","attachment","type-attachment","status-inherit","hentry"],"description":{"rendered":"<p class=\"attachment\"><a href='http:\/\/www.denkfried.de\/wp\/wp-content\/uploads\/2012\/11\/Kriegsgr\u00e4berst\u00e4tte-Stryj.jpg'><img loading=\"lazy\" decoding=\"async\" width=\"300\" height=\"161\" src=\"http:\/\/www.denkfried.de\/wp\/wp-content\/uploads\/2012\/11\/Kriegsgr\u00e4berst\u00e4tte-Stryj-300x161.jpg\" class=\"attachment-medium size-medium\" alt=\"\" srcset=\"http:\/\/www.denkfried.de\/wp\/wp-content\/uploads\/2012\/11\/Kriegsgr\u00e4berst\u00e4tte-Stryj-300x161.jpg 300w, http:\/\/www.denkfried.de\/wp\/wp-content\/uploads\/2012\/11\/Kriegsgr\u00e4berst\u00e4tte-Stryj.jpg 640w\" sizes=\"auto, (max-width: 300px) 100vw, 300px\" \/><\/a><\/p>\n"},"caption":{"rendered":""},"alt_text":"","media_type":"image","mime_type":"image\/jpeg","media_details":{"width":"640","height":"344","hwstring_small":"height='68' width='128'","file":"2012\/11\/Kriegsgr\u00e4berst\u00e4tte-Stryj.jpg","sizes":{"thumbnail":{"file":"Kriegsgr\u00e4berst\u00e4tte-Stryj-150x150.jpg","width":"150","height":"150","source_url":"http:\/\/www.denkfried.de\/wp\/wp-content\/uploads\/2012\/11\/Kriegsgr\u00e4berst\u00e4tte-Stryj-150x150.jpg"},"medium":{"file":"Kriegsgr\u00e4berst\u00e4tte-Stryj-300x161.jpg","width":"300","height":"161","source_url":"http:\/\/www.denkfried.de\/wp\/wp-content\/uploads\/2012\/11\/Kriegsgr\u00e4berst\u00e4tte-Stryj-300x161.jpg"},"post-thumbnail":{"file":"Kriegsgr\u00e4berst\u00e4tte-Stryj-640x198.jpg","width":"640","height":"198","source_url":"http:\/\/www.denkfried.de\/wp\/wp-content\/uploads\/2012\/11\/Kriegsgr\u00e4berst\u00e4tte-Stryj-640x198.jpg"},"full":{"file":"Kriegsgr\u00e4berst\u00e4tte-Stryj.jpg","width":640,"height":344,"mime_type":"image\/jpeg","source_url":"http:\/\/www.denkfried.de\/wp\/wp-content\/uploads\/2012\/11\/Kriegsgr\u00e4berst\u00e4tte-Stryj.jpg"}},"image_meta":{"aperture":"0","credit":"","camera":"","caption":"","created_timestamp":"0","copyright":"","focal_length":"0","iso":"0","shutter_speed":"0","title":""}},"post":27472,"source_url":"http:\/\/www.denkfried.de\/wp\/wp-content\/uploads\/2012\/11\/Kriegsgr\u00e4berst\u00e4tte-Stryj.jpg","_links":{"self":[{"href":"http:\/\/www.denkfried.de\/wp\/index.php?rest_route=\/wp\/v2\/media\/27481","targetHints":{"allow":["GET"]}}],"collection":[{"href":"http:\/\/www.denkfried.de\/wp\/index.php?rest_route=\/wp\/v2\/media"}],"about":[{"href":"http:\/\/www.denkfried.de\/wp\/index.php?rest_route=\/wp\/v2\/types\/attachment"}],"author":[{"embeddable":true,"href":"http:\/\/www.denkfried.de\/wp\/index.php?rest_route=\/wp\/v2\/users\/9"}],"replies":[{"embeddable":true,"href":"http:\/\/www.denkfried.de\/wp\/index.php?rest_route=%2Fwp%2Fv2%2Fcomments&post=27481"}],"wp:attached-to":[{"embeddable":true,"post_type":"page","id":27472,"href":"http:\/\/www.denkfried.de\/wp\/index.php?rest_route=\/wp\/v2\/pages\/27472"}],"curies":[{"name":"wp","href":"https:\/\/api.w.org\/{rel}","templated":true}]}}

http://www.denkfried.de/wp/wp-content/uploads/2012/11/Kriegsgräberstätte-Stryj.jpg

Kriegsgräberstätte Stryj

<p class="attachment"><a href='http://www.denkfried.de/wp/wp-content/uploads/2012/11/Kriegsgräberstätte-Stryj.jpg'><img loading="lazy" decoding="async" width="300" height="161" src="http://www.denkfried.de/wp/wp-content/uploads/2012/11/Kriegsgräberstätte-Stryj-300x161.jpg" class="attachment-medium size-medium" alt="" srcset="http://www.denkfried.de/wp/wp-content/uploads/2012/11/Kriegsgräberstätte-Stryj-300x161.jpg 300w, http://www.denkfried.de/wp/wp-content/uploads/2012/11/Kriegsgräberstätte-Stryj.jpg 640w" sizes="auto, (max-width: 300px) 100vw, 300px" /></a></p>

2012/11/Kriegsgräberstätte-Stryj.jpg

Kriegsgräberstätte-Stryj-150x150.jpg

http://www.denkfried.de/wp/wp-content/uploads/2012/11/Kriegsgräberstätte-Stryj-150x150.jpg

Kriegsgräberstätte-Stryj-300x161.jpg

http://www.denkfried.de/wp/wp-content/uploads/2012/11/Kriegsgräberstätte-Stryj-300x161.jpg

Kriegsgräberstätte-Stryj-640x198.jpg

http://www.denkfried.de/wp/wp-content/uploads/2012/11/Kriegsgräberstätte-Stryj-640x198.jpg

Kriegsgräberstätte-Stryj.jpg
